--
-- Host: localhost    Database: prod_expertij
-- ------------------------------------------------------


--
-- Table structure for table `abwebdevelopers_forms_fields`
--

CREATE TABLE `abwebdevelopers_forms_fields` (
  `id` int unsigned NOT NULL AUTO_INCREMENT,
  `form_id` int unsigned NOT NULL,
  `name` varchar(191) COLLATE utf8mb4_unicode_ci NOT NULL,
  `code` varchar(80) COLLATE utf8mb4_unicode_ci NOT NULL,
  `type` varchar(191) COLLATE utf8mb4_unicode_ci NOT NULL,
  `description` varchar(191) COLLATE utf8mb4_unicode_ci DEFAULT NULL,
  `sort_order` int unsigned NOT NULL DEFAULT '1',
  `required` tinyint(1) NOT NULL DEFAULT '0',
  `placeholder` varchar(191) COLLATE utf8mb4_unicode_ci DEFAULT NULL,
  `validation_rules` varchar(191) COLLATE utf8mb4_unicode_ci DEFAULT NULL,
  `validation_message` varchar(191) COLLATE utf8mb4_unicode_ci DEFAULT NULL,
  `row_class` varchar(191) COLLATE utf8mb4_unicode_ci DEFAULT NULL,
  `group_class` varchar(191) COLLATE utf8mb4_unicode_ci DEFAULT NULL,
  `label_class` varchar(191) COLLATE utf8mb4_unicode_ci DEFAULT NULL,
  `field_class` varchar(191) COLLATE utf8mb4_unicode_ci DEFAULT NULL,
  `created_at` timestamp NULL DEFAULT NULL,
  `updated_at` timestamp NULL DEFAULT NULL,
  `options` text COLLATE utf8mb4_unicode_ci,
  `show_description` tinyint(1) NOT NULL DEFAULT '0',
  `default` text COLLATE utf8mb4_unicode_ci,
  `html_attributes` text COLLATE utf8mb4_unicode_ci,
  `show_in_email_autoreply` tinyint(1) NOT NULL DEFAULT '1',
  `show_in_email_notification` tinyint(1) NOT NULL DEFAULT '1',
  PRIMARY KEY (`id`),
  KEY `abwebdevelopers_forms_fields_form_id_index` (`form_id`)
) ENGINE=InnoDB AUTO_INCREMENT=4 DEFAULT CHARSET=utf8mb4 COLLATE=utf8mb4_unicode_ci;

--
-- Dumping data for table `abwebdevelopers_forms_fields`
--

INSERT INTO `abwebdevelopers_forms_fields` VALUES (1,1,'Name','name','text','Full Name',1,0,NULL,NULL,NULL,NULL,NULL,NULL,NULL,'2023-03-27 09:17:14','2023-03-27 09:17:14',NULL,0,NULL,NULL,1,1),(2,1,'Email','email','email','Email Address',2,0,NULL,NULL,NULL,NULL,NULL,NULL,NULL,'2023-03-27 09:17:14','2023-03-27 09:17:14',NULL,0,NULL,NULL,1,1),(3,1,'Comment','comment','textarea','User\'s Comments',3,0,NULL,NULL,NULL,NULL,NULL,NULL,NULL,'2023-03-27 09:17:14','2023-03-27 09:17:14',NULL,0,NULL,NULL,1,1);

--
-- Table structure for table `abwebdevelopers_forms_forms`
--

CREATE TABLE `abwebdevelopers_forms_forms` (
  `id` int unsigned NOT NULL AUTO_INCREMENT,
  `title` varchar(191) COLLATE utf8mb4_unicode_ci DEFAULT NULL,
  `code` varchar(80) COLLATE utf8mb4_unicode_ci NOT NULL,
  `description` varchar(191) COLLATE utf8mb4_unicode_ci NOT NULL DEFAULT '',
  `enable_caching` tinyint(1) DEFAULT NULL,
  `cache_lifetime` int unsigned DEFAULT NULL,
  `on_success` varchar(191) COLLATE utf8mb4_unicode_ci DEFAULT NULL,
  `on_success_message` varchar(191) COLLATE utf8mb4_unicode_ci DEFAULT NULL,
  `on_success_redirect` varchar(191) COLLATE utf8mb4_unicode_ci DEFAULT NULL,
  `form_class` varchar(191) COLLATE utf8mb4_unicode_ci DEFAULT NULL,
  `field_class` varchar(191) COLLATE utf8mb4_unicode_ci DEFAULT NULL,
  `row_class` varchar(191) COLLATE utf8mb4_unicode_ci DEFAULT NULL,
  `group_class` varchar(191) COLLATE utf8mb4_unicode_ci DEFAULT NULL,
  `label_class` varchar(191) COLLATE utf8mb4_unicode_ci DEFAULT NULL,
  `submit_class` varchar(191) COLLATE utf8mb4_unicode_ci DEFAULT NULL,
  `submit_text` varchar(191) COLLATE utf8mb4_unicode_ci DEFAULT NULL,
  `enable_cancel` tinyint(1) DEFAULT NULL,
  `cancel_class` varchar(191) COLLATE utf8mb4_unicode_ci DEFAULT NULL,
  `cancel_text` varchar(191) COLLATE utf8mb4_unicode_ci DEFAULT NULL,
  `enable_recaptcha` tinyint(1) DEFAULT NULL,
  `enable_ip_restriction` tinyint(1) DEFAULT NULL,
  `max_requests_per_day` int DEFAULT NULL,
  `throttle_message` varchar(191) COLLATE utf8mb4_unicode_ci DEFAULT NULL,
  `saves_data` tinyint(1) DEFAULT NULL,
  `auto_reply` tinyint(1) DEFAULT NULL,
  `auto_reply_name_field_id` int unsigned DEFAULT NULL,
  `auto_reply_email_field_id` int unsigned DEFAULT NULL,
  `auto_reply_template` varchar(191) COLLATE utf8mb4_unicode_ci DEFAULT NULL,
  `send_notifications` tinyint(1) DEFAULT NULL,
  `notification_template` varchar(191) COLLATE utf8mb4_unicode_ci DEFAULT NULL,
  `notification_recipients` varchar(191) COLLATE utf8mb4_unicode_ci DEFAULT NULL,
  `created_at` timestamp NULL DEFAULT NULL,
  `updated_at` timestamp NULL DEFAULT NULL,
  `notif_replyto` tinyint(1) DEFAULT NULL,
  `notif_replyto_name_field_id` int unsigned DEFAULT NULL,
  `notif_replyto_email_field_id` int unsigned DEFAULT NULL,
  PRIMARY KEY (`id`),
  KEY `abwebdevelopers_forms_forms_auto_reply_name_field_id_index` (`auto_reply_name_field_id`),
  KEY `abwebdevelopers_forms_forms_auto_reply_email_field_id_index` (`auto_reply_email_field_id`)
) ENGINE=InnoDB AUTO_INCREMENT=2 DEFAULT CHARSET=utf8mb4 COLLATE=utf8mb4_unicode_ci;

--
-- Dumping data for table `abwebdevelopers_forms_forms`
--

INSERT INTO `abwebdevelopers_forms_forms` VALUES (1,'Contact Form','contact_form','Blah',NULL,NULL,NULL,NULL,NULL,NULL,NULL,NULL,NULL,NULL,NULL,NULL,NULL,NULL,NULL,NULL,NULL,NULL,NULL,NULL,1,1,2,NULL,NULL,NULL,NULL,'2023-03-27 09:17:14','2023-03-27 09:17:14',NULL,NULL,NULL);

--
-- Table structure for table `abwebdevelopers_forms_submissions`
--

CREATE TABLE `abwebdevelopers_forms_submissions` (
  `id` int unsigned NOT NULL AUTO_INCREMENT,
  `form_id` int unsigned NOT NULL,
  `ip` varchar(40) COLLATE utf8mb4_unicode_ci DEFAULT NULL,
  `url` varchar(191) COLLATE utf8mb4_unicode_ci NOT NULL,
  `data` text COLLATE utf8mb4_unicode_ci NOT NULL,
  `created_at` timestamp NULL DEFAULT NULL,
  `updated_at` timestamp NULL DEFAULT NULL,
  PRIMARY KEY (`id`),
  KEY `abwebdevelopers_forms_submissions_form_id_index` (`form_id`)
) ENGINE=InnoDB DEFAULT CHARSET=utf8mb4 COLLATE=utf8mb4_unicode_ci;

--
-- Dumping data for table `abwebdevelopers_forms_submissions`
--


--
-- Table structure for table `backend_access_log`
--

CREATE TABLE `backend_access_log` (
  `id` int unsigned NOT NULL AUTO_INCREMENT,
  `user_id` int unsigned NOT NULL,
  `ip_address` varchar(191) CHARACTER SET utf8mb4 COLLATE utf8mb4_unicode_ci DEFAULT NULL,
  `created_at` timestamp NULL DEFAULT NULL,
  `updated_at` timestamp NULL DEFAULT NULL,
  PRIMARY KEY (`id`)
) ENGINE=InnoDB AUTO_INCREMENT=116 DEFAULT CHARSET=utf8mb4 COLLATE=utf8mb4_unicode_ci;

--
-- Dumping data for table `backend_access_log`
--

INSERT INTO `backend_access_log` VALUES (1,1,'86.202.222.135','2021-11-10 14:28:10','2021-11-10 14:28:10'),(2,1,'86.202.222.135','2021-11-10 14:31:30','2021-11-10 14:31:30'),(3,1,'86.202.222.135','2021-11-10 14:35:48','2021-11-10 14:35:48'),(4,1,'86.202.222.135','2021-11-11 06:18:34','2021-11-11 06:18:34'),(5,1,'86.202.222.135','2021-11-11 06:19:59','2021-11-11 06:19:59'),(6,1,'86.202.222.135','2021-11-11 06:21:13','2021-11-11 06:21:13'),(7,1,'86.202.222.135','2021-11-11 06:37:24','2021-11-11 06:37:24'),(8,1,'86.202.222.135','2021-11-11 06:39:29','2021-11-11 06:39:29'),(9,1,'86.202.222.135','2021-11-11 06:45:09','2021-11-11 06:45:09'),(10,1,'86.202.222.135','2021-12-13 08:23:49','2021-12-13 08:23:49'),(11,3,'86.202.222.135','2021-12-13 09:21:20','2021-12-13 09:21:20'),(12,4,'86.202.222.135','2021-12-13 09:27:10','2021-12-13 09:27:10'),(13,4,'86.202.222.135','2021-12-13 14:37:37','2021-12-13 14:37:37'),(14,3,'86.202.222.135','2021-12-13 14:38:54','2021-12-13 14:38:54'),(15,1,'86.202.222.135','2021-12-14 06:31:13','2021-12-14 06:31:13'),(16,3,'86.202.222.135','2021-12-14 14:38:44','2021-12-14 14:38:44'),(17,1,'90.65.162.193','2021-12-16 08:00:09','2021-12-16 08:00:09'),(18,1,'90.65.162.193','2022-01-13 10:12:45','2022-01-13 10:12:45'),(19,1,'90.65.162.193','2022-01-16 08:59:00','2022-01-16 08:59:00'),(20,1,'90.65.162.193','2022-01-16 09:01:19','2022-01-16 09:01:19'),(21,1,'90.65.162.193','2022-01-16 09:39:52','2022-01-16 09:39:52'),(22,1,'90.65.162.193','2022-01-17 06:10:07','2022-01-17 06:10:07'),(23,1,'90.66.49.36','2022-05-01 16:23:54','2022-05-01 16:23:54'),(24,1,'90.66.49.36','2022-05-03 15:20:32','2022-05-03 15:20:32'),(25,1,'90.66.49.36','2022-05-09 05:09:15','2022-05-09 05:09:15'),(26,1,'90.66.49.36','2022-05-13 16:32:31','2022-05-13 16:32:31'),(27,1,'90.66.49.36','2022-05-13 16:41:23','2022-05-13 16:41:23'),(28,1,'90.66.49.36','2022-05-13 16:52:09','2022-05-13 16:52:09'),(29,1,'90.66.49.36','2022-05-13 17:02:40','2022-05-13 17:02:40'),(30,1,'90.66.49.36','2022-05-20 12:24:33','2022-05-20 12:24:33'),(31,1,'90.66.49.36','2022-05-22 07:55:39','2022-05-22 07:55:39'),(32,1,'90.66.49.36','2022-05-25 08:33:01','2022-05-25 08:33:01'),(33,1,'90.66.49.36','2022-05-26 07:49:22','2022-05-26 07:49:22'),(34,1,'90.66.49.36','2022-05-30 15:29:37','2022-05-30 15:29:37'),(35,1,'90.66.49.36','2022-06-10 05:06:30','2022-06-10 05:06:30'),(36,1,'90.66.49.36','2022-06-19 12:17:28','2022-06-19 12:17:28'),(37,1,'2a01:cb14:540:da00:6044:a006:1767:f819','2022-06-20 16:16:23','2022-06-20 16:16:23'),(38,1,'2a01:cb14:540:da00:6044:a006:1767:f819','2022-06-21 04:26:06','2022-06-21 04:26:06'),(39,1,'2a01:cb14:540:da00:6044:a006:1767:f819','2022-06-21 07:48:41','2022-06-21 07:48:41'),(40,5,'92.90.8.56','2022-06-21 08:16:59','2022-06-21 08:16:59'),(41,5,'92.90.8.56','2022-06-21 08:17:01','2022-06-21 08:17:01'),(42,5,'176.129.0.229','2022-07-08 12:51:14','2022-07-08 12:51:14'),(43,1,'2a01:cb14:540:da00:6044:a006:1767:f819','2022-07-08 12:53:56','2022-07-08 12:53:56'),(44,2,'2a01:cb14:540:da00:6044:a006:1767:f819','2022-07-08 13:00:56','2022-07-08 13:00:56'),(45,1,'2a01:cb14:540:da00:6044:a006:1767:f819','2022-07-20 07:40:54','2022-07-20 07:40:54'),(46,1,'2a01:cb14:540:da00:6044:a006:1767:f819','2022-07-21 04:57:04','2022-07-21 04:57:04'),(47,1,'2a01:cb14:540:da00:6044:a006:1767:f819','2022-07-29 11:58:02','2022-07-29 11:58:02'),(48,1,'2a01:cb14:540:da00:6044:a006:1767:f819','2022-08-01 04:59:29','2022-08-01 04:59:29'),(49,1,'2a01:cb14:540:da00:6044:a006:1767:f819','2022-08-02 08:05:38','2022-08-02 08:05:38'),(50,1,'2a01:cb14:540:da00:6044:a006:1767:f819','2022-08-02 15:33:08','2022-08-02 15:33:08'),(51,1,'86.202.12.85','2022-08-03 16:12:17','2022-08-03 16:12:17'),(52,1,'2a01:cb14:540:da00:6044:a006:1767:f819','2022-08-04 04:27:26','2022-08-04 04:27:26'),(53,1,'86.202.12.85','2022-08-22 11:09:11','2022-08-22 11:09:11'),(54,2,'88.139.75.11','2022-09-22 15:40:41','2022-09-22 15:40:41'),(55,2,'88.139.75.11','2022-09-22 16:01:22','2022-09-22 16:01:22'),(56,2,'88.139.75.11','2022-09-23 09:56:50','2022-09-23 09:56:50'),(57,2,'88.139.75.11','2022-09-23 14:49:10','2022-09-23 14:49:10'),(58,2,'88.139.75.11','2022-09-23 15:09:14','2022-09-23 15:09:14'),(59,2,'88.139.75.11','2022-09-23 15:33:05','2022-09-23 15:33:05'),(60,2,'88.139.75.11','2022-09-23 16:07:48','2022-09-23 16:07:48'),(61,2,'88.139.75.11','2022-09-26 09:24:44','2022-09-26 09:24:44'),(62,2,'88.139.75.11','2022-09-26 10:33:36','2022-09-26 10:33:36'),(63,2,'88.139.75.11','2022-09-26 10:38:13','2022-09-26 10:38:13'),(64,5,'92.90.8.56','2022-09-26 10:44:19','2022-09-26 10:44:19'),(65,5,'92.90.8.56','2022-09-26 12:07:53','2022-09-26 12:07:53'),(66,5,'92.90.8.56','2022-09-27 13:06:41','2022-09-27 13:06:41'),(67,5,'92.90.8.56','2022-09-27 13:26:01','2022-09-27 13:26:01'),(68,5,'92.90.8.56','2022-09-27 13:36:23','2022-09-27 13:36:23'),(69,5,'92.90.8.56','2022-09-27 13:55:06','2022-09-27 13:55:06'),(70,5,'92.90.8.56','2022-10-01 10:47:51','2022-10-01 10:47:51'),(71,1,'86.202.12.85','2022-10-01 13:27:22','2022-10-01 13:27:22'),(72,2,'88.139.75.11','2022-10-02 09:14:38','2022-10-02 09:14:38'),(73,2,'88.139.75.11','2022-10-02 09:59:34','2022-10-02 09:59:34'),(74,2,'88.139.75.11','2022-10-02 10:39:51','2022-10-02 10:39:51'),(75,2,'88.139.75.11','2022-10-02 18:57:07','2022-10-02 18:57:07'),(76,2,'88.139.75.11','2022-10-02 19:40:34','2022-10-02 19:40:34'),(77,1,'2a01:cb14:540:da00:6044:a006:1767:f819','2022-10-03 04:32:36','2022-10-03 04:32:36'),(78,2,'88.139.75.11','2022-10-03 05:31:57','2022-10-03 05:31:57'),(79,1,'2a01:cb14:540:da00:6044:a006:1767:f819','2022-10-03 12:06:31','2022-10-03 12:06:31'),(80,1,'2a01:cb14:540:da00:6044:a006:1767:f819','2022-10-03 13:02:12','2022-10-03 13:02:12'),(81,2,'88.139.75.11','2022-10-03 15:43:03','2022-10-03 15:43:03'),(82,2,'88.139.75.11','2022-10-04 16:07:44','2022-10-04 16:07:44'),(83,2,'2a01:cb09:e052:4dfa:f857:9f8c:d9a7:409e','2022-10-05 09:57:33','2022-10-05 09:57:33'),(84,2,'88.139.75.11','2022-10-09 10:10:08','2022-10-09 10:10:08'),(85,2,'88.139.75.11','2022-10-15 08:25:05','2022-10-15 08:25:05'),(86,2,'88.139.75.11','2022-10-16 05:49:16','2022-10-16 05:49:16'),(87,2,'88.139.75.11','2022-10-16 12:13:29','2022-10-16 12:13:29'),(88,1,'2a01:cb14:540:da00:6044:a006:1767:f819','2022-10-17 13:11:38','2022-10-17 13:11:38'),(89,2,'88.139.75.11','2022-11-23 12:45:53','2022-11-23 12:45:53'),(90,2,'88.139.75.11','2022-11-24 13:40:30','2022-11-24 13:40:30'),(91,2,'88.139.75.11','2022-11-25 06:46:11','2022-11-25 06:46:11'),(92,2,'88.139.75.11','2022-11-26 19:52:05','2022-11-26 19:52:05'),(93,2,'88.139.75.11','2022-11-27 06:01:27','2022-11-27 06:01:27'),(94,2,'88.139.75.11','2022-11-27 08:22:18','2022-11-27 08:22:18'),(95,2,'88.139.75.11','2022-11-27 11:12:24','2022-11-27 11:12:24'),(96,5,'2a01:e35:39f5:49b0:e829:5472:919b:e662','2022-12-09 10:21:41','2022-12-09 10:21:41'),(97,2,'88.139.75.11','2022-12-30 07:34:47','2022-12-30 07:34:47'),(98,2,'88.139.75.11','2022-12-30 08:44:15','2022-12-30 08:44:15'),(99,2,'88.139.75.11','2022-12-30 08:49:01','2022-12-30 08:49:01'),(100,2,'88.139.75.11','2023-01-09 12:52:29','2023-01-09 12:52:29'),(101,2,'88.139.75.11','2023-01-29 20:12:57','2023-01-29 20:12:57'),(102,2,'88.139.75.11','2023-01-30 09:21:46','2023-01-30 09:21:46'),(103,2,'88.139.75.11','2023-01-31 08:28:36','2023-01-31 08:28:36'),(104,2,'88.139.75.11','2023-02-10 08:24:47','2023-02-10 08:24:47'),(105,1,'2a01:cb14:540:da00:9fa9:88aa:b7a8:ab98','2023-02-17 09:22:02','2023-02-17 09:22:02'),(106,1,'90.65.148.65','2023-03-05 07:29:08','2023-03-05 07:29:08'),(107,1,'90.65.148.65','2023-03-06 07:07:07','2023-03-06 07:07:07'),(108,1,'90.65.148.65','2023-03-06 09:37:02','2023-03-06 09:37:02'),(109,1,'90.66.51.103','2023-06-15 05:15:46','2023-06-15 05:15:46'),(110,1,'90.66.51.103','2023-06-19 08:20:45','2023-06-19 08:20:45'),(111,1,'90.66.51.103','2023-06-20 14:06:08','2023-06-20 14:06:08'),(112,5,'83.159.84.155','2023-06-22 09:16:15','2023-06-22 09:16:15'),(113,1,'90.66.51.103','2023-06-22 10:30:21','2023-06-22 10:30:21'),(114,5,'83.159.84.155','2023-06-22 10:51:57','2023-06-22 10:51:57'),(115,1,'90.66.51.103','2023-06-27 15:06:06','2023-06-27 15:06:06');

--
-- Table structure for table `backend_user_groups`
--

CREATE TABLE `backend_user_groups` (
  `id` int unsigned NOT NULL AUTO_INCREMENT,
  `name` varchar(191) CHARACTER SET utf8mb4 COLLATE utf8mb4_unicode_ci NOT NULL,
  `created_at` timestamp NULL DEFAULT NULL,
  `updated_at` timestamp NULL DEFAULT NULL,
  `code` varchar(191) CHARACTER SET utf8mb4 COLLATE utf8mb4_unicode_ci DEFAULT NULL,
  `description` text CHARACTER SET utf8mb4 COLLATE utf8mb4_unicode_ci,
  `is_new_user_default` tinyint(1) NOT NULL DEFAULT '0',
  PRIMARY KEY (`id`),
  UNIQUE KEY `name_unique` (`name`),
  KEY `code_index` (`code`)
) ENGINE=InnoDB AUTO_INCREMENT=4 DEFAULT CHARSET=utf8mb4 COLLATE=utf8mb4_unicode_ci;

--
-- Dumping data for table `backend_user_groups`
--

INSERT INTO `backend_user_groups` VALUES (1,'Owners','2021-11-10 14:27:29','2021-11-10 14:27:29','owners','Default group for website owners.',0),(2,'Office','2021-11-11 08:06:08','2021-11-11 08:06:08','office','Administrators who are in charge of the association.',0),(3,'Decision Maker','2021-11-11 08:06:38','2021-11-11 08:06:38','decision-maker','Members of the association who have power of decision.',0);

--
-- Table structure for table `backend_user_preferences`
--

CREATE TABLE `backend_user_preferences` (
  `id` int unsigned NOT NULL AUTO_INCREMENT,
  `user_id` int unsigned NOT NULL,
  `namespace` varchar(100) CHARACTER SET utf8mb4 COLLATE utf8mb4_unicode_ci NOT NULL,
  `group` varchar(50) CHARACTER SET utf8mb4 COLLATE utf8mb4_unicode_ci NOT NULL,
  `item` varchar(150) CHARACTER SET utf8mb4 COLLATE utf8mb4_unicode_ci NOT NULL,
  `value` text CHARACTER SET utf8mb4 COLLATE utf8mb4_unicode_ci,
  PRIMARY KEY (`id`),
  KEY `user_item_index` (`user_id`,`namespace`,`group`,`item`)
) ENGINE=InnoDB AUTO_INCREMENT=6 DEFAULT CHARSET=utf8mb4 COLLATE=utf8mb4_unicode_ci;

--
-- Dumping data for table `backend_user_preferences`
--

INSERT INTO `backend_user_preferences` VALUES (1,5,'backend','reportwidgets','dashboard','{\"welcome\":{\"class\":\"Backend\\\\ReportWidgets\\\\Welcome\",\"sortOrder\":50,\"configuration\":{\"ocWidgetWidth\":7}},\"report_container_dashboard_3\":{\"class\":\"System\\\\ReportWidgets\\\\Status\",\"configuration\":{\"title\":\"\\u00c9tat du syst\\u00e8me\",\"ocWidgetWidth\":\"7\",\"ocWidgetNewRow\":null},\"sortOrder\":61},\"report_container_dashboard_4\":{\"class\":\"Cms\\\\ReportWidgets\\\\ActiveTheme\",\"configuration\":{\"title\":\"Site Web\",\"ocWidgetWidth\":\"5\",\"ocWidgetNewRow\":null},\"sortOrder\":62}}'),(2,2,'codalia_membership','members','lists','{\"visible\":[\"id\",\"_first_name\",\"_last_name\",\"_email\",\"status\"],\"order\":[\"id\",\"_first_name\",\"_last_name\",\"_email\",\"status\"],\"per_page\":\"20\"}'),(3,5,'codalia_membership','members','lists','{\"visible\":[\"id\",\"_first_name\",\"_last_name\",\"_email\",\"status\"],\"order\":[\"id\",\"_first_name\",\"_last_name\",\"_email\",\"status\"],\"per_page\":\"120\"}'),(4,1,'codalia_membership','members','lists','{\"visible\":[\"id\",\"_first_name\",\"_last_name\",\"_email\",\"status\"],\"order\":[\"id\",\"_first_name\",\"_last_name\",\"_email\",\"status\"],\"per_page\":\"120\"}'),(5,1,'backend','reportwidgets','dashboard','{\"welcome\":{\"class\":\"Backend\\\\ReportWidgets\\\\Welcome\",\"sortOrder\":50,\"configuration\":{\"title\":\"Bienvenue\",\"ocWidgetWidth\":7,\"ocWidgetNewRow\":null}},\"systemStatus\":{\"class\":\"System\\\\ReportWidgets\\\\Status\",\"sortOrder\":60,\"configuration\":{\"ocWidgetWidth\":7}},\"activeTheme\":{\"class\":\"Cms\\\\ReportWidgets\\\\ActiveTheme\",\"sortOrder\":70,\"configuration\":{\"ocWidgetWidth\":5}}}');

--
-- Table structure for table `backend_user_roles`
--

CREATE TABLE `backend_user_roles` (
  `id` int unsigned NOT NULL AUTO_INCREMENT,
  `name` varchar(191) CHARACTER SET utf8mb4 COLLATE utf8mb4_unicode_ci NOT NULL,
  `code` varchar(191) CHARACTER SET utf8mb4 COLLATE utf8mb4_unicode_ci DEFAULT NULL,
  `description` text CHARACTER SET utf8mb4 COLLATE utf8mb4_unicode_ci,
  `permissions` text CHARACTER SET utf8mb4 COLLATE utf8mb4_unicode_ci,
  `is_system` tinyint(1) NOT NULL DEFAULT '0',
  `created_at` timestamp NULL DEFAULT NULL,
  `updated_at` timestamp NULL DEFAULT NULL,
  PRIMARY KEY (`id`),
  UNIQUE KEY `role_unique` (`name`),
  KEY `role_code_index` (`code`)
) ENGINE=InnoDB AUTO_INCREMENT=5 DEFAULT CHARSET=utf8mb4 COLLATE=utf8mb4_unicode_ci;

--
-- Dumping data for table `backend_user_roles`
--

INSERT INTO `backend_user_roles` VALUES (1,'Publisher','publisher','Site editor with access to publishing tools.','',1,'2021-11-10 14:27:29','2021-11-10 14:27:29'),(2,'Developer','developer','Site administrator with access to developer tools.','',1,'2021-11-10 14:27:29','2021-11-10 14:27:29'),(3,'Secretary','secretary','Allows membership management plus some minor CMS tasks','{\"cms.manage_content\":\"1\",\"codalia.membership.manage_settings\":\"1\",\"codalia.membership.access_members\":\"1\",\"codalia.membership.access_categories\":\"1\",\"codalia.membership.access_delete\":\"1\",\"codalia.membership.access_check_in\":\"1\",\"codalia.membership.access_publish\":\"1\",\"backend.access_dashboard\":\"1\"}',0,'2021-11-11 07:32:50','2021-11-11 07:32:50'),(4,'Decision Maker','decision-maker','Allows only member access','{\"codalia.membership.access_members\":\"1\"}',0,'2021-11-11 07:34:07','2021-11-11 07:34:07');

--
-- Table structure for table `backend_user_throttle`
--

CREATE TABLE `backend_user_throttle` (
  `id` int unsigned NOT NULL AUTO_INCREMENT,
  `user_id` int unsigned DEFAULT NULL,
  `ip_address` varchar(191) CHARACTER SET utf8mb4 COLLATE utf8mb4_unicode_ci DEFAULT NULL,
  `attempts` int NOT NULL DEFAULT '0',
  `last_attempt_at` timestamp NULL DEFAULT NULL,
  `is_suspended` tinyint(1) NOT NULL DEFAULT '0',
  `suspended_at` timestamp NULL DEFAULT NULL,
  `is_banned` tinyint(1) NOT NULL DEFAULT '0',
  `banned_at` timestamp NULL DEFAULT NULL,
  PRIMARY KEY (`id`),
  KEY `backend_user_throttle_user_id_index` (`user_id`),
  KEY `backend_user_throttle_ip_address_index` (`ip_address`)
) ENGINE=InnoDB AUTO_INCREMENT=43 DEFAULT CHARSET=utf8mb4 COLLATE=utf8mb4_unicode_ci;

--
-- Dumping data for table `backend_user_throttle`
--

INSERT INTO `backend_user_throttle` VALUES (1,1,'86.202.222.135',0,NULL,0,NULL,0,NULL),(2,3,'86.202.222.135',0,NULL,0,NULL,0,NULL),(3,4,'86.202.222.135',0,NULL,0,NULL,0,NULL),(4,1,'90.65.162.193',0,NULL,0,NULL,0,NULL),(5,1,'90.66.49.36',0,NULL,0,NULL,0,NULL),(6,1,'2a01:cb14:540:da00:6044:a006:1767:f819',0,NULL,0,NULL,0,NULL),(7,5,'92.90.8.56',0,NULL,0,NULL,0,NULL),(8,5,'176.129.0.229',0,NULL,0,NULL,0,NULL),(9,2,NULL,0,NULL,0,NULL,0,NULL),(10,1,'86.202.12.85',0,NULL,0,NULL,0,NULL),(11,5,'2a01:e35:39f5:49b0:e829:5472:919b:e662',0,NULL,0,NULL,0,NULL),(12,5,'2a01:e35:39f5:49b0:99f6:d6a9:ed92:ff86',0,NULL,0,NULL,0,NULL),(13,5,'2a01:e35:39f5:49b0:5de2:cee9:e2ee:ac7c',0,NULL,0,NULL,0,NULL),(14,5,'2a01:e35:39f5:49b0:e561:cf14:49c5:bf40',0,NULL,0,NULL,0,NULL),(15,5,'2a01:e35:39f5:49b0:b8d5:fe4f:1679:2ea',0,NULL,0,NULL,0,NULL),(16,5,'2a01:e35:39f5:49b0:b48f:6d58:3432:b41',0,NULL,0,NULL,0,NULL),(17,5,'2a01:e35:39f5:49b0:2dec:9d46:6987:d96',0,NULL,0,NULL,0,NULL),(18,5,'2a01:e35:39f5:49b0:c496:eefa:c826:c449',0,NULL,0,NULL,0,NULL),(19,5,'2a01:e35:39f5:49b0:c896:7193:2c34:fbe1',0,NULL,0,NULL,0,NULL),(20,1,'2a01:cb14:540:da00:9fa9:88aa:b7a8:ab98',0,NULL,0,NULL,0,NULL),(21,5,'2a01:e35:39f5:49b0:3196:5a48:c192:6158',0,NULL,0,NULL,0,NULL),(22,5,'89.156.102.204',0,NULL,0,NULL,0,NULL),(23,5,'2a01:e35:39f5:49b0:1dc:6b26:4225:dd62',0,NULL,0,NULL,0,NULL),(24,1,'90.65.148.65',0,NULL,0,NULL,0,NULL),(25,5,'2a01:e35:39f5:49b0:2cb3:5e1:12b9:e500',0,NULL,0,NULL,0,NULL),(26,5,'2a01:e35:39f5:49b0:a025:ac2e:addc:8db3',0,NULL,0,NULL,0,NULL),(27,5,'2a01:e35:39f5:49b0:b9d7:ce1:b6d6:8daa',0,NULL,0,NULL,0,NULL),(28,5,'2a01:e35:39f5:49b0:314d:601e:9edb:4fb7',0,NULL,0,NULL,0,NULL),(29,5,'2a01:e35:39f5:49b0:e4f7:729a:9632:da11',0,NULL,0,NULL,0,NULL),(30,5,'2a01:e35:39f5:49b0:3d86:b5f3:973e:7bce',0,NULL,0,NULL,0,NULL),(31,5,'2a01:e35:39f5:49b0:55e6:2d34:8345:bddc',0,NULL,0,NULL,0,NULL),(32,5,'2a01:e35:39f5:49b0:8db2:1b12:1fe8:db4c',0,NULL,0,NULL,0,NULL),(33,5,'2a01:e35:39f5:49b0:1d1:96f4:2713:a1eb',0,NULL,0,NULL,0,NULL),(34,5,'2a01:e35:39f5:49b0:4ce:c9df:f6f5:3617',0,NULL,0,NULL,0,NULL),(35,5,'2a01:e35:39f5:49b0:a108:9030:d5bd:b0f',0,NULL,0,NULL,0,NULL),(36,5,'2a01:e35:39f5:49b0:d069:7e34:42b2:b815',0,NULL,0,NULL,0,NULL),(37,5,'2a01:e35:39f5:49b0:d939:b1bd:227f:a2e5',0,NULL,0,NULL,0,NULL),(38,5,'2a01:e35:39f5:49b0:781d:c84c:5c58:2225',0,NULL,0,NULL,0,NULL),(39,5,'2a01:e35:39f5:49b0:3d8b:9fc5:b00a:27f9',0,NULL,0,NULL,0,NULL),(40,1,'90.66.51.103',0,NULL,0,NULL,0,NULL),(41,5,'83.159.84.155',0,NULL,0,NULL,0,NULL),(42,5,'2a01:e35:39f5:4180:ddef:5c91:8499:9851',0,NULL,0,NULL,0,NULL);

--
-- Table structure for table `backend_users`
--

CREATE TABLE `backend_users` (
  `id` int unsigned NOT NULL AUTO_INCREMENT,
  `first_name` varchar(191) CHARACTER SET utf8mb4 COLLATE utf8mb4_unicode_ci DEFAULT NULL,
  `last_name` varchar(191) CHARACTER SET utf8mb4 COLLATE utf8mb4_unicode_ci DEFAULT NULL,
  `login` varchar(191) CHARACTER SET utf8mb4 COLLATE utf8mb4_unicode_ci NOT NULL,
  `email` varchar(191) CHARACTER SET utf8mb4 COLLATE utf8mb4_unicode_ci NOT NULL,
  `password` varchar(191) CHARACTER SET utf8mb4 COLLATE utf8mb4_unicode_ci NOT NULL,
  `activation_code` varchar(191) CHARACTER SET utf8mb4 COLLATE utf8mb4_unicode_ci DEFAULT NULL,
  `persist_code` varchar(191) CHARACTER SET utf8mb4 COLLATE utf8mb4_unicode_ci DEFAULT NULL,
  `reset_password_code` varchar(191) CHARACTER SET utf8mb4 COLLATE utf8mb4_unicode_ci DEFAULT NULL,
  `permissions` text CHARACTER SET utf8mb4 COLLATE utf8mb4_unicode_ci,
  `is_activated` tinyint(1) NOT NULL DEFAULT '0',
  `role_id` int unsigned DEFAULT NULL,
  `activated_at` timestamp NULL DEFAULT NULL,
  `last_login` timestamp NULL DEFAULT NULL,
  `created_at` timestamp NULL DEFAULT NULL,
  `updated_at` timestamp NULL DEFAULT NULL,
  `deleted_at` timestamp NULL DEFAULT NULL,
  `is_superuser` tinyint(1) NOT NULL DEFAULT '0',
  PRIMARY KEY (`id`),
  UNIQUE KEY `login_unique` (`login`),
  UNIQUE KEY `email_unique` (`email`),
  KEY `act_code_index` (`activation_code`),
  KEY `reset_code_index` (`reset_password_code`),
  KEY `admin_role_index` (`role_id`)
) ENGINE=InnoDB AUTO_INCREMENT=6 DEFAULT CHARSET=utf8mb4 COLLATE=utf8mb4_unicode_ci;

--
-- Dumping data for table `backend_users`
--

INSERT INTO `backend_users` VALUES (1,'Lucas','Sanner','admin','lucas.sanner@gmail.com','$2y$10$e.rIdjwuHX9EHpuwBYJPnOJU1ouglyLhZtOrbX.2df1QjnAR70GSK',NULL,NULL,NULL,'',1,2,NULL,'2023-06-27 15:06:06','2021-11-10 14:27:29','2023-06-27 15:20:01',NULL,1),(2,'Mariel','Expertij','mariel','codalia.dubya+benes@gmail.com','$2y$10$Xk0QEterke1hTHwxlMfZBOx3qPo7jbBEq/K/ukeTWVZ8o2UZey7ja',NULL,'$2y$10$zx.5onjFYtEY4Vlv3ZvKzuw1CvgkWADvkvIg7HIV/Jz2yXGj7dj2O',NULL,'',0,3,NULL,'2023-02-10 08:24:46','2021-11-11 08:08:08','2023-02-10 08:24:46',NULL,0),(3,'George','Costanza','costanza','codalia.dubya+costanza@gmail.com','$2y$10$DX1/lWwUM/iwvQNqHKn4H.PrDAIjYLcWnJTFx1mnAuIZ3rZvaJcnG',NULL,NULL,NULL,'',0,4,NULL,'2021-12-14 14:38:44','2021-11-11 08:10:09','2021-12-14 14:39:20',NULL,0),(4,'Jerry','Seinfeld','seinfeld','codalia.dubya+seinfeld@gmail.com','$2y$10$dYDdo4uE8k6QhFHEKzmSSeioIFqE7XXxOymYypnxYRZdDJKSm06b6',NULL,NULL,NULL,'',0,4,NULL,'2021-12-13 14:37:37','2021-11-11 08:11:21','2021-12-13 14:38:33',NULL,0),(5,'Ali','admin','ali','admin@radisnoir.com','$2y$10$nPad8q6VYS28BTi8./adBuicQfS1VkTWco.URdCyQ9NwanTqUYYcG',NULL,'$2y$10$OfbI/JLskNbRX3xX.mMbhOVWjTLkb4cTl.vYBMkRMYQTi8aPkG0Gq',NULL,'',0,2,NULL,'2023-06-22 10:51:57','2022-06-21 07:49:49','2023-06-22 10:51:57',NULL,1);

--
-- Table structure for table `backend_users_groups`
--

CREATE TABLE `backend_users_groups` (
  `user_id` int unsigned NOT NULL,
  `user_group_id` int unsigned NOT NULL,
  PRIMARY KEY (`user_id`,`user_group_id`)
) ENGINE=InnoDB DEFAULT CHARSET=utf8mb4 COLLATE=utf8mb4_unicode_ci;

--
-- Dumping data for table `backend_users_groups`
--

INSERT INTO `backend_users_groups` VALUES (1,1),(2,2),(3,3),(4,3),(5,1);

--
-- Table structure for table `cache`
--

CREATE TABLE `cache` (
  `key` varchar(191) CHARACTER SET utf8mb4 COLLATE utf8mb4_unicode_ci NOT NULL,
  `value` longtext CHARACTER SET utf8mb4 COLLATE utf8mb4_unicode_ci NOT NULL,
  `expiration` int NOT NULL,
  UNIQUE KEY `cache_key_unique` (`key`)
) ENGINE=InnoDB DEFAULT CHARSET=utf8mb4 COLLATE=utf8mb4_unicode_ci;

--
-- Dumping data for table `cache`
--


--
-- Table structure for table `cms_theme_data`
--

CREATE TABLE `cms_theme_data` (
  `id` int unsigned NOT NULL AUTO_INCREMENT,
  `theme` varchar(191) CHARACTER SET utf8mb4 COLLATE utf8mb4_unicode_ci DEFAULT NULL,
  `data` mediumtext CHARACTER SET utf8mb4 COLLATE utf8mb4_unicode_ci,
  `created_at` timestamp NULL DEFAULT NULL,
  `updated_at` timestamp NULL DEFAULT NULL,
  PRIMARY KEY (`id`),
  KEY `cms_theme_data_theme_index` (`theme`)
) ENGINE=InnoDB DEFAULT CHARSET=utf8mb4 COLLATE=utf8mb4_unicode_ci;

--
-- Dumping data for table `cms_theme_data`
--


--
-- Table structure for table `cms_theme_logs`
--

CREATE TABLE `cms_theme_logs` (
  `id` int unsigned NOT NULL AUTO_INCREMENT,
  `type` varchar(20) CHARACTER SET utf8mb4 COLLATE utf8mb4_unicode_ci NOT NULL,
  `theme` varchar(191) CHARACTER SET utf8mb4 COLLATE utf8mb4_unicode_ci DEFAULT NULL,
  `template` varchar(191) CHARACTER SET utf8mb4 COLLATE utf8mb4_unicode_ci DEFAULT NULL,
  `old_template` varchar(191) CHARACTER SET utf8mb4 COLLATE utf8mb4_unicode_ci DEFAULT NULL,
  `content` longtext CHARACTER SET utf8mb4 COLLATE utf8mb4_unicode_ci,
  `old_content` longtext CHARACTER SET utf8mb4 COLLATE utf8mb4_unicode_ci,
  `user_id` int DEFAULT NULL,
  `created_at` timestamp NULL DEFAULT NULL,
  `updated_at` timestamp NULL DEFAULT NULL,
  PRIMARY KEY (`id`),
  KEY `cms_theme_logs_type_index` (`type`),
  KEY `cms_theme_logs_theme_index` (`theme`),
  KEY `cms_theme_logs_user_id_index` (`user_id`)
) ENGINE=InnoDB DEFAULT CHARSET=utf8mb4 COLLATE=utf8mb4_unicode_ci;

--
-- Dumping data for table `cms_theme_logs`
--


--
-- Table structure for table `cms_theme_templates`
--

CREATE TABLE `cms_theme_templates` (
  `id` int unsigned NOT NULL AUTO_INCREMENT,
  `source` varchar(191) CHARACTER SET utf8mb4 COLLATE utf8mb4_unicode_ci NOT NULL,
  `path` varchar(191) CHARACTER SET utf8mb4 COLLATE utf8mb4_unicode_ci NOT NULL,
  `content` longtext CHARACTER SET utf8mb4 COLLATE utf8mb4_unicode_ci NOT NULL,
  `file_size` int unsigned NOT NULL,
  `updated_at` datetime DEFAULT NULL,
  `deleted_at` datetime DEFAULT NULL,
  PRIMARY KEY (`id`),
  KEY `cms_theme_templates_source_index` (`source`),
  KEY `cms_theme_templates_path_index` (`path`)
) ENGINE=InnoDB DEFAULT CHARSET=utf8mb4 COLLATE=utf8mb4_unicode_ci;

--
-- Dumping data for table `cms_theme_templates`
--


--
-- Table structure for table `codalia_membership_cat_documents`
--

CREATE TABLE `codalia_membership_cat_documents` (
  `document_id` int unsigned NOT NULL,
  `category_id` int unsigned NOT NULL,
  PRIMARY KEY (`document_id`,`category_id`)
) ENGINE=InnoDB DEFAULT CHARSET=utf8mb4 COLLATE=utf8mb4_unicode_ci;

--
-- Dumping data for table `codalia_membership_cat_documents`
--


--
-- Table structure for table `codalia_membership_cat_members`
--

CREATE TABLE `codalia_membership_cat_members` (
  `member_id` int unsigned NOT NULL,
  `category_id` int unsigned NOT NULL,
  PRIMARY KEY (`member_id`,`category_id`)
) ENGINE=InnoDB DEFAULT CHARSET=utf8mb4 COLLATE=utf8mb4_unicode_ci;

--
-- Dumping data for table `codalia_membership_cat_members`
--


--
-- Table structure for table `codalia_membership_categories`
--

CREATE TABLE `codalia_membership_categories` (
  `id` int unsigned NOT NULL AUTO_INCREMENT,
  `name` varchar(191) CHARACTER SET utf8mb4 COLLATE utf8mb4_unicode_ci DEFAULT NULL,
  `slug` varchar(191) CHARACTER SET utf8mb4 COLLATE utf8mb4_unicode_ci DEFAULT NULL,
  `code` varchar(191) CHARACTER SET utf8mb4 COLLATE utf8mb4_unicode_ci DEFAULT NULL,
  `description` text CHARACTER SET utf8mb4 COLLATE utf8mb4_unicode_ci,
  `parent_id` int unsigned DEFAULT NULL,
  `nest_left` int DEFAULT NULL,
  `nest_right` int DEFAULT NULL,
  `nest_depth` int DEFAULT NULL,
  `created_at` timestamp NULL DEFAULT NULL,
  `updated_at` timestamp NULL DEFAULT NULL,
  PRIMARY KEY (`id`),
  KEY `codalia_membership_categories_slug_index` (`slug`),
  KEY `codalia_membership_categories_parent_id_index` (`parent_id`)
) ENGINE=InnoDB DEFAULT CHARSET=utf8mb4 COLLATE=utf8mb4_unicode_ci;

--
-- Dumping data for table `codalia_membership_categories`
--


--
-- Table structure for table `codalia_membership_documents`
--

CREATE TABLE `codalia_membership_documents` (
  `id` int unsigned NOT NULL AUTO_INCREMENT,
  `title` varchar(191) CHARACTER SET utf8mb4 COLLATE utf8mb4_unicode_ci DEFAULT NULL,
  `description` text CHARACTER SET utf8mb4 COLLATE utf8mb4_unicode_ci,
  `status` char(15) CHARACTER SET utf8mb4 COLLATE utf8mb4_unicode_ci NOT NULL DEFAULT 'unpublished',
  `last_email_sending` timestamp NULL DEFAULT NULL,
  `licence_types` varchar(40) CHARACTER SET utf8mb4 COLLATE utf8mb4_unicode_ci DEFAULT NULL,
  `appeal_courts` varchar(150) CHARACTER SET utf8mb4 COLLATE utf8mb4_unicode_ci DEFAULT NULL,
  `courts` varchar(250) CHARACTER SET utf8mb4 COLLATE utf8mb4_unicode_ci DEFAULT NULL,
  `languages` text CHARACTER SET utf8mb4 COLLATE utf8mb4_unicode_ci,
  `created_by` int unsigned DEFAULT NULL,
  `updated_by` int unsigned DEFAULT NULL,
  `published_up` timestamp NULL DEFAULT NULL,
  `published_down` timestamp NULL DEFAULT NULL,
  `checked_out` int unsigned DEFAULT NULL,
  `checked_out_time` timestamp NULL DEFAULT NULL,
  `created_at` timestamp NULL DEFAULT NULL,
  `updated_at` timestamp NULL DEFAULT NULL,
  PRIMARY KEY (`id`),
  KEY `codalia_membership_documents_created_by_index` (`created_by`),
  KEY `codalia_membership_documents_checked_out_index` (`checked_out`)
) ENGINE=InnoDB AUTO_INCREMENT=2 DEFAULT CHARSET=utf8mb4 COLLATE=utf8mb4_unicode_ci;

--
-- Dumping data for table `codalia_membership_documents`
--

INSERT INTO `codalia_membership_documents` VALUES (1,'Confidenciality','','published',NULL,'expert,ceseda','17',NULL,'an,en',1,1,NULL,NULL,NULL,NULL,'2021-12-14 09:33:29','2021-12-14 12:38:36');

--
-- Table structure for table `codalia_membership_insurances`
--

CREATE TABLE `codalia_membership_insurances` (
  `id` int unsigned NOT NULL AUTO_INCREMENT,
  `member_id` int unsigned DEFAULT NULL,
  `status` char(20) CHARACTER SET utf8mb4 COLLATE utf8mb4_unicode_ci NOT NULL DEFAULT 'disabled',
  `code` char(3) CHARACTER SET utf8mb4 COLLATE utf8mb4_unicode_ci NOT NULL DEFAULT 'f0',
  `created_at` timestamp NULL DEFAULT NULL,
  `updated_at` timestamp NULL DEFAULT NULL,
  PRIMARY KEY (`id`),
  KEY `codalia_membership_insurances_member_id_index` (`member_id`)
) ENGINE=InnoDB AUTO_INCREMENT=214 DEFAULT CHARSET=utf8mb4 COLLATE=utf8mb4_unicode_ci;

--
-- Dumping data for table `codalia_membership_insurances`
--

INSERT INTO `codalia_membership_insurances` VALUES (1,1,'disabled','f0','2022-10-02 09:13:10','2023-06-19 08:28:20'),(2,2,'running','f7','2022-10-02 09:57:10','2023-06-19 09:12:42'),(3,3,'disabled','f0','2022-10-02 10:39:13','2023-06-19 09:21:56'),(4,4,'running','f7','2022-10-02 18:55:17','2023-06-19 09:25:46'),(5,5,'running','f1','2022-10-02 19:36:11','2023-06-19 10:54:17'),(6,6,'disabled','f0','2022-10-02 19:56:34','2023-06-19 11:00:38'),(7,7,'running','f7','2022-10-02 20:07:50','2023-06-19 11:03:48'),(8,8,'disabled','f0','2022-10-03 05:30:59','2023-03-06 09:38:24'),(9,9,'disabled','f8','2022-10-03 07:07:07','2023-03-06 09:38:24'),(10,10,'running','f1','2022-10-03 07:24:18','2023-06-19 11:08:54'),(11,11,'running','f7','2022-10-03 10:12:31','2023-06-19 11:11:40'),(12,12,'running','f7','2022-10-03 10:59:44','2023-06-19 11:15:23'),(13,13,'disabled','f0','2022-10-03 11:10:10','2023-06-19 11:17:36'),(14,14,'running','f7','2022-10-03 11:18:07','2023-06-19 11:23:35'),(15,15,'disabled','f0','2022-10-03 15:47:59','2023-06-19 11:26:38'),(16,16,'disabled','f0','2022-10-03 16:11:26','2023-06-19 13:36:24'),(17,17,'disabled','f0','2022-10-03 16:18:17','2023-06-19 13:38:13'),(18,18,'running','f7','2022-10-03 18:07:03','2023-06-19 13:40:38'),(19,19,'running','f7','2022-10-03 18:15:24','2023-06-19 13:42:08'),(20,20,'running','f7','2022-10-03 18:26:17','2023-06-19 13:44:12'),(21,21,'disabled','f0','2022-10-03 18:33:47','2023-06-19 13:45:53'),(22,22,'disabled','f0','2022-10-03 19:03:57','2023-06-19 13:49:26'),(23,23,'disabled','f0','2022-10-03 19:09:36','2023-03-06 09:38:24'),(24,24,'disabled','f0','2022-10-03 19:17:12','2023-03-06 09:38:24'),(25,25,'running','f7','2022-10-03 19:23:53','2023-06-19 14:04:21'),(26,26,'running','f9','2022-10-03 19:31:34','2023-06-19 14:07:12'),(27,27,'disabled','f0','2022-10-04 17:58:28','2023-06-19 14:09:02'),(28,28,'running','f1','2022-10-04 18:23:47','2023-06-19 13:57:53'),(29,29,'disabled','f0','2022-10-04 18:36:55','2023-06-19 14:10:41'),(30,30,'running','f7','2022-10-04 19:01:34','2023-06-19 14:12:19'),(31,31,'disabled','f0','2022-10-04 19:11:03','2023-06-19 14:13:47'),(32,32,'running','f7','2022-10-04 19:20:10','2023-06-19 14:15:52'),(33,33,'disabled','f0','2022-10-04 19:25:46','2023-06-19 14:17:33'),(34,34,'running','f7','2022-10-04 19:32:15','2023-06-19 14:19:43'),(35,35,'running','f7','2022-10-04 19:39:52','2023-06-19 14:21:07'),(36,36,'running','f7','2022-10-04 19:57:16','2023-06-19 14:22:19'),(37,37,'running','f8','2022-10-04 20:04:29','2023-06-19 14:25:05'),(38,38,'running','f3','2022-10-04 20:11:11','2023-06-19 14:27:35'),(39,39,'running','f1','2022-10-04 20:20:54','2023-06-19 14:29:42'),(40,40,'running','f1','2022-10-04 20:26:09','2023-06-19 14:30:53'),(41,41,'disabled','f0','2022-10-04 20:38:29','2023-03-06 09:38:24'),(42,42,'running','f8','2022-10-04 20:44:52','2023-06-19 14:32:35'),(43,43,'running','f9','2022-10-04 20:51:38','2023-06-19 14:34:04'),(44,44,'running','f1','2022-10-04 21:16:27','2023-06-19 14:37:57'),(45,45,'running','f4','2022-10-04 21:23:41','2023-06-20 14:09:23'),(46,46,'disabled','f0','2022-10-04 21:30:40','2023-06-20 14:10:49'),(47,47,'running','f7','2022-10-04 21:36:24','2023-06-20 14:13:07'),(48,48,'running','f7','2022-10-04 21:42:31','2023-06-20 14:15:50'),(49,49,'running','f7','2022-10-04 21:48:47','2023-06-20 14:18:16'),(50,50,'disabled','f0','2022-10-04 21:59:10','2023-06-20 14:20:55'),(51,51,'disabled','f0','2022-10-05 10:08:46','2023-06-19 14:36:31'),(52,52,'disabled','f0','2022-10-05 10:19:23','2023-06-20 14:22:59'),(53,53,'running','f9','2022-10-05 10:35:39','2023-06-20 14:26:02'),(54,54,'running','f8','2022-10-05 10:45:16','2023-06-20 14:27:58'),(55,55,'disabled','f0','2022-10-09 10:14:10','2023-06-20 14:30:40'),(56,56,'disabled','f0','2022-10-15 08:49:08','2023-06-20 15:00:55'),(57,57,'running','f9','2022-10-15 09:00:05','2023-06-20 14:32:38'),(58,58,'running','f7','2022-10-15 15:34:41','2023-06-20 15:03:39'),(59,59,'running','f7','2022-10-15 15:43:36','2023-06-20 15:05:32'),(60,60,'running','f1','2022-10-15 15:52:52','2023-06-20 15:06:55'),(61,61,'running','f1','2022-10-15 16:03:09','2023-06-20 15:08:50'),(62,62,'running','f1','2022-10-15 17:07:39','2023-06-20 15:10:37'),(63,63,'disabled','f0','2022-10-15 17:14:21','2023-06-20 15:18:40'),(64,64,'running','f7','2022-10-15 18:53:07','2023-06-20 15:20:06'),(65,65,'running','f1','2022-10-15 18:59:51','2023-06-20 14:24:26'),(66,66,'disabled','f0','2022-10-15 19:06:09','2023-06-20 15:21:49'),(67,67,'running','f7','2022-10-15 19:11:50','2023-06-20 15:23:23'),(68,68,'disabled','f0','2022-10-15 19:17:59','2023-06-20 15:26:07'),(69,69,'disabled','f0','2022-10-15 19:24:45','2023-06-20 15:27:35'),(70,70,'disabled','f0','2022-10-15 19:48:34','2023-03-06 09:38:24'),(71,71,'running','f1','2022-10-15 19:54:15','2023-06-20 15:33:44'),(72,72,'running','f8','2022-10-15 20:09:32','2023-06-22 09:36:31'),(73,73,'disabled','f0','2022-10-16 05:56:30','2023-06-22 09:41:51'),(74,74,'running','f8','2022-10-16 06:43:35','2023-06-22 09:44:33'),(75,75,'disabled','f0','2022-10-16 06:51:37','2023-03-06 09:38:24'),(76,76,'running','f7','2022-10-16 06:57:48','2023-06-22 09:46:24'),(77,77,'disabled','f0','2022-10-16 07:05:40','2023-06-22 09:51:31'),(78,78,'running','f7','2022-10-16 07:12:21','2023-06-22 10:03:12'),(79,79,'disabled','f0','2022-10-16 08:09:13','2023-06-22 10:04:11'),(80,80,'running','f9','2022-10-16 08:14:46','2023-06-22 10:05:26'),(81,81,'running','f7','2022-10-16 08:46:55','2023-06-27 07:42:56'),(82,82,'disabled','f0','2022-10-16 12:18:01','2023-06-22 10:06:32'),(83,83,'disabled','f0','2022-10-16 12:23:22','2023-06-22 10:10:50'),(84,84,'disabled','f0','2022-10-16 12:30:32','2023-06-22 10:11:46'),(85,85,'running','f7','2022-10-16 12:39:23','2023-06-22 10:14:03'),(86,86,'disabled','f0','2022-10-16 12:57:00','2023-06-22 10:17:24'),(87,87,'disabled','f0','2022-10-16 13:05:59','2023-06-22 10:18:42'),(88,88,'disabled','f0','2022-10-16 13:11:06','2023-06-22 10:20:02'),(89,89,'running','f7','2022-10-16 13:19:14','2023-06-22 10:21:13'),(90,90,'disabled','f0','2022-10-16 13:26:39','2023-06-23 09:57:21'),(91,91,'disabled','f0','2022-10-16 13:35:47','2023-03-06 09:38:24'),(92,92,'disabled','f0','2022-10-16 13:41:54','2023-06-22 10:22:32'),(93,93,'disabled','f0','2022-10-16 19:05:26','2023-06-22 10:23:32'),(94,94,'running','f7','2022-10-16 19:19:46','2023-06-22 10:24:55'),(95,95,'running','f7','2022-10-16 19:26:02','2023-06-22 10:27:15'),(96,96,'running','f9','2022-10-16 19:33:44','2023-06-22 10:28:13'),(97,97,'disabled','f0','2022-10-16 19:41:31','2023-03-06 09:38:24'),(98,98,'running','f7','2022-10-16 19:59:11','2023-06-22 10:29:54'),(99,99,'disabled','f0','2022-10-16 20:04:47','2023-06-22 10:30:44'),(100,100,'running','f8','2022-10-16 20:10:43','2023-06-22 10:31:43'),(101,101,'running','f7','2022-11-23 12:44:57','2023-06-22 10:32:39'),(102,102,'disabled','f0','2022-11-23 16:47:30','2023-06-22 10:33:33'),(103,103,'disabled','f0','2022-11-23 16:57:06','2023-06-22 10:38:07'),(104,104,'running','f7','2022-11-23 18:25:46','2023-06-22 10:38:56'),(105,105,'running','f4','2022-11-23 18:42:53','2023-06-22 10:39:58'),(106,106,'running','f1','2022-11-23 18:55:33','2023-06-22 10:40:48'),(107,107,'running','f7','2022-11-23 19:54:28','2023-06-22 10:43:28'),(108,108,'running','f7','2022-11-23 20:01:12','2023-06-22 10:41:44'),(109,109,'disabled','f0','2022-11-23 20:06:01','2023-06-22 10:42:39'),(110,110,'running','f1','2022-11-23 20:11:03','2023-06-22 10:44:28'),(111,111,'running','f7','2022-11-23 20:17:47','2023-06-22 10:46:30'),(112,112,'running','f7','2022-11-23 20:23:31','2023-06-22 10:53:35'),(113,113,'disabled','f0','2022-11-23 20:28:59','2023-06-23 09:36:19'),(114,114,'running','f1','2022-11-23 20:33:57','2023-06-23 09:37:22'),(115,115,'running','f4','2022-11-24 13:44:39','2023-06-23 09:38:26'),(116,116,'disabled','f0','2022-11-24 13:50:41','2023-06-23 09:39:42'),(117,117,'disabled','f0','2022-11-24 13:56:55','2023-06-23 09:40:25'),(118,118,'disabled','f0','2022-11-24 14:01:26','2023-06-23 09:41:54'),(119,119,'running','f8','2022-11-24 14:05:40','2023-06-23 09:41:11'),(120,120,'disabled','f0','2022-11-24 14:14:31','2023-03-06 09:38:24'),(121,121,'disabled','f1','2022-11-24 14:26:47','2023-06-23 09:43:53'),(122,122,'running','f9','2022-11-25 06:51:31','2023-06-23 09:44:52'),(123,123,'running','f1','2022-11-25 08:17:07','2023-06-23 09:45:38'),(124,124,'disabled','f0','2022-11-25 08:26:07','2023-06-23 09:51:04'),(125,125,'disabled','f0','2022-11-25 08:42:29','2023-06-23 09:50:04'),(126,126,'running','f7','2022-11-25 09:09:28','2023-06-23 09:46:26'),(127,127,'disabled','f0','2022-11-25 09:51:04','2023-06-23 09:52:26'),(128,128,'disabled','f0','2022-11-25 10:01:11','2023-06-23 09:53:13'),(129,129,'running','f9','2022-11-25 10:07:03','2023-06-23 09:54:16'),(130,130,'disabled','f0','2022-11-25 12:05:52','2023-06-23 09:54:57'),(131,131,'running','f1','2022-11-25 12:11:57','2023-06-23 09:55:46'),(132,132,'disabled','f0','2022-11-25 12:18:09','2023-06-23 09:56:36'),(133,133,'running','f7','2022-11-25 14:21:34','2023-06-23 09:58:12'),(134,134,'running','f1','2022-11-25 14:27:16','2023-06-23 09:59:03'),(135,135,'disabled','f0','2022-11-25 14:32:59','2023-06-23 09:59:50'),(136,136,'running','f7','2022-11-25 14:50:20','2023-06-23 10:00:30'),(137,137,'running','f8','2022-11-25 14:56:15','2023-06-23 10:04:39'),(138,138,'running','f8','2022-11-26 19:58:20','2023-06-23 10:05:18'),(139,139,'running','f7','2022-11-26 20:04:13','2023-06-23 10:07:07'),(140,140,'running','f7','2022-11-26 20:10:08','2023-06-23 10:11:45'),(141,141,'running','f7','2022-11-26 20:16:09','2023-06-23 10:11:03'),(142,142,'running','f7','2022-11-26 20:21:26','2023-06-23 10:12:36'),(143,143,'disabled','f0','2022-11-26 20:27:18','2023-06-23 10:14:32'),(144,144,'running','f7','2022-11-26 20:35:48','2023-06-23 10:16:24'),(145,145,'disabled','f0','2022-11-26 20:45:52','2023-06-23 10:18:08'),(146,146,'disabled','f0','2022-11-26 20:50:44','2023-06-23 10:17:30'),(147,147,'running','f7','2022-11-27 06:09:16','2023-06-23 10:18:46'),(148,148,'disabled','f0','2022-11-27 06:33:13','2023-06-23 10:19:17'),(149,149,'disabled','f0','2022-11-27 06:45:14','2022-11-27 06:46:41'),(150,150,'disabled','f0','2022-11-27 08:27:17','2023-06-26 18:08:34'),(151,151,'disabled','f0','2022-11-27 08:32:40','2023-06-26 18:09:35'),(152,152,'disabled','f0','2022-11-27 08:52:55','2023-06-26 18:10:30'),(153,153,'running','f7','2022-11-27 08:59:23','2023-06-26 18:11:26'),(154,154,'running','f8','2022-11-27 09:04:58','2023-06-26 18:14:45'),(155,155,'disabled','f0','2022-11-27 09:12:16','2023-06-26 18:16:58'),(156,156,'running','f7','2022-11-27 09:17:43','2023-06-26 18:18:55'),(157,157,'running','f9','2022-11-27 11:17:08','2023-06-26 18:19:49'),(158,158,'running','f7','2022-11-27 11:22:51','2023-06-26 18:21:11'),(159,159,'disabled','f0','2022-11-27 13:01:10','2023-06-26 18:21:49'),(160,160,'disabled','f0','2022-11-27 13:07:46','2023-06-26 18:22:36'),(161,161,'running','f8','2022-11-27 13:13:25','2023-06-26 18:24:01'),(162,162,'running','f7','2022-11-27 13:22:56','2023-06-26 18:24:42'),(163,163,'disabled','f0','2022-11-27 13:28:56','2023-06-26 18:25:24'),(164,164,'disabled','f0','2022-11-27 13:34:10','2023-06-26 18:25:53'),(165,165,'running','f7','2022-11-27 13:40:38','2023-06-26 18:26:27'),(166,166,'running','f4','2022-11-27 16:09:37','2023-06-26 18:27:19'),(167,167,'running','f9','2022-11-27 16:18:09','2023-06-26 18:28:20'),(168,168,'disabled','f9','2022-11-27 16:27:19','2023-03-06 09:38:24'),(169,169,'disabled','f0','2022-11-27 16:32:41','2023-06-26 18:29:32'),(170,170,'running','f7','2022-11-27 16:38:11','2023-06-26 18:30:47'),(171,171,'running','f7','2022-11-27 16:44:20','2023-06-26 18:33:44'),(172,172,'disabled','f0','2022-11-27 16:51:24','2023-06-26 18:34:29'),(173,173,'running','f7','2022-11-27 16:56:37','2023-06-26 18:35:05'),(174,174,'disabled','f0','2022-11-27 17:02:46','2023-06-26 18:35:45'),(175,175,'disabled','f0','2022-11-27 17:15:44','2023-06-22 10:47:26'),(176,176,'disabled','f0','2022-11-27 17:20:44','2023-06-26 18:36:20'),(177,177,'disabled','f8','2022-11-27 17:28:20','2023-06-27 15:19:33'),(178,178,'disabled','f7','2022-11-27 17:33:57','2023-06-27 07:37:58'),(179,179,'disabled','f0','2022-11-27 17:39:16','2023-06-27 07:38:36'),(180,180,'disabled','f0','2022-11-27 17:45:08','2023-03-06 09:38:24'),(181,181,'running','f7','2022-11-27 17:50:38','2023-06-27 07:39:47'),(182,182,'running','f7','2022-11-27 19:43:24','2023-06-27 07:40:28'),(183,183,'running','f8','2022-11-27 19:49:50','2023-06-27 08:11:32'),(184,184,'disabled','f0','2022-11-27 19:56:34','2023-03-06 09:38:24'),(185,185,'disabled','f8','2022-11-27 20:04:57','2023-06-27 07:41:34'),(186,186,'disabled','f0','2022-11-27 20:23:29','2023-06-27 07:43:47'),(187,187,'disabled','f0','2022-11-27 20:31:03','2023-06-27 07:45:09'),(188,188,'running','f7','2022-11-27 20:36:27','2023-06-27 07:45:47'),(189,189,'disabled','f0','2022-11-27 20:41:31','2023-06-27 07:46:28'),(190,190,'running','f7','2022-11-27 20:46:23','2023-06-27 07:47:07'),(191,191,'running','f7','2022-11-27 20:53:07','2023-06-27 07:47:51'),(192,192,'disabled','f0','2022-11-27 20:58:46','2023-06-27 07:48:57'),(193,193,'running','f7','2022-11-27 21:03:48','2023-06-27 07:49:28'),(194,194,'running','f7','2022-11-27 21:08:50','2023-06-27 07:50:00'),(195,195,'running','f7','2022-11-27 21:13:21','2023-06-27 07:51:48'),(196,196,'disabled','f0','2022-11-27 21:18:12','2023-06-27 07:52:23'),(197,197,'running','f7','2022-11-27 21:22:38','2023-06-27 07:52:52'),(198,198,'disabled','f0','2022-12-30 07:42:08','2023-06-19 13:47:32'),(199,199,'disabled','f0','2022-12-30 07:48:51','2023-06-19 13:55:38'),(200,200,'disabled','f0','2022-12-30 08:04:09','2023-06-19 14:39:07'),(201,201,'running','f7','2022-12-30 08:10:48','2023-06-20 15:24:48'),(202,202,'running','f7','2022-12-30 08:18:08','2023-06-22 10:26:14'),(203,203,'running','f7','2022-12-30 08:23:51','2023-06-22 10:45:39'),(204,204,'disabled','f0','2022-12-30 08:32:16','2023-06-26 18:23:18'),(205,205,'running','f7','2022-12-30 08:37:28','2023-06-27 07:48:29'),(206,206,'running','f7','2022-12-30 08:53:44','2023-06-22 10:29:04'),(207,207,'disabled','f0','2023-01-30 09:58:24','2023-06-20 15:12:37'),(208,208,'disabled','f0','2023-01-30 14:29:06','2023-01-30 14:29:06'),(209,209,'disabled','f0','2023-01-30 17:05:33','2023-03-06 09:38:24'),(210,210,'disabled','f0','2023-01-30 21:18:38','2023-06-22 09:59:18'),(211,211,'disabled','f0','2023-01-30 21:22:48','2023-06-23 09:47:34'),(212,212,'disabled','f0','2023-01-30 21:26:39','2023-06-23 09:51:40'),(213,213,'disabled','f0','2023-01-30 21:32:05','2023-03-06 09:38:24');

--
-- Table structure for table `codalia_membership_members`
--

CREATE TABLE `codalia_membership_members` (
  `id` int unsigned NOT NULL AUTO_INCREMENT,
  `profile_id` int unsigned DEFAULT NULL,
  `status` char(20) CHARACTER SET utf8mb4 COLLATE utf8mb4_unicode_ci NOT NULL DEFAULT 'pending',
  `member_list` tinyint(1) NOT NULL DEFAULT '1',
  `email_sendings` tinyint unsigned NOT NULL DEFAULT '0',
  `member_since` timestamp NULL DEFAULT NULL,
  `member_number` varchar(30) CHARACTER SET utf8mb4 COLLATE utf8mb4_unicode_ci DEFAULT NULL,
  `free_period` tinyint(1) DEFAULT NULL,
  `pro_status` char(20) CHARACTER SET utf8mb4 COLLATE utf8mb4_unicode_ci DEFAULT NULL,
  `pro_status_info` varchar(30) CHARACTER SET utf8mb4 COLLATE utf8mb4_unicode_ci DEFAULT NULL,
  `since` smallint unsigned DEFAULT NULL,
  `siret_number` char(14) CHARACTER SET utf8mb4 COLLATE utf8mb4_unicode_ci DEFAULT NULL,
  `naf_code` char(5) CHARACTER SET utf8mb4 COLLATE utf8mb4_unicode_ci DEFAULT NULL,
  `linguistic_training` text CHARACTER SET utf8mb4 COLLATE utf8mb4_unicode_ci,
  `extra_linguistic_training` text CHARACTER SET utf8mb4 COLLATE utf8mb4_unicode_ci,
  `professional_experience` text CHARACTER SET utf8mb4 COLLATE utf8mb4_unicode_ci,
  `observations` text CHARACTER SET utf8mb4 COLLATE utf8mb4_unicode_ci,
  `why_expertij` text CHARACTER SET utf8mb4 COLLATE utf8mb4_unicode_ci,
  `checked_out` int unsigned DEFAULT NULL,
  `checked_out_time` timestamp NULL DEFAULT NULL,
  `created_at` timestamp NULL DEFAULT NULL,
  `updated_at` timestamp NULL DEFAULT NULL,
  PRIMARY KEY (`id`),
  KEY `codalia_membership_members_profile_id_index` (`profile_id`),
  KEY `codalia_membership_members_checked_out_index` (`checked_out`)
) ENGINE=InnoDB AUTO_INCREMENT=214 DEFAULT CHARSET=utf8mb4 COLLATE=utf8mb4_unicode_ci;

--
-- Dumping data for table `codalia_membership_members`
--

INSERT INTO `codalia_membership_members` VALUES (1,1,'member',0,0,'2022-10-02 09:17:04','2016-6-E',0,'other','Autre',2022,'00000000000000','7430Z','A compléter','A compléter','A compléter','','',NULL,NULL,'2022-10-02 09:13:10','2023-06-19 08:28:20'),(2,2,'member',0,0,'2022-10-02 10:01:42','2022-214-E',0,'other','Autre',2022,'00000000000000','7430Z','A compléter','A compléter','A compléter','','',NULL,NULL,'2022-10-02 09:57:10','2023-06-19 09:12:43'),(3,3,'member',0,0,'2022-10-02 10:42:05','2020-121-E',0,'other','Autre',2022,'00000000000000','7430Z','A compléter','A compléter','A compléter','','',NULL,NULL,'2022-10-02 10:39:13','2023-06-19 09:21:56'),(4,4,'member',0,0,'2022-10-02 18:59:02','2018-69-E',0,'other','Autre',2022,'00000000000000','7430Z','A compléter','A compléter','A compléter','','',NULL,NULL,'2022-10-02 18:55:17','2023-06-19 09:25:46'),(5,5,'member',0,0,'2022-10-02 19:42:49','2021-187-C',0,'other','Autre',2022,'00000000000000','7430Z','A compléter','A compléter','A compléter','','',NULL,NULL,'2022-10-02 19:36:11','2023-06-19 10:54:18'),(6,6,'member',0,0,'2022-10-02 20:00:26','2021-171-E',0,'other','Autre',2022,'00000000000000','7430Z','A compléter','A compléter','A compléter','','',NULL,NULL,'2022-10-02 19:56:34','2023-06-19 11:00:38'),(7,7,'member',0,0,'2022-10-02 20:10:01','2018-59-E',0,'other','Autre',2022,'00000000000000','7430Z','A compléter','A compléter','A compléter','','',NULL,NULL,'2022-10-02 20:07:50','2023-06-19 11:03:48'),(8,8,'pending_renewal',0,0,'2022-10-03 05:34:03','2019-83-MA',0,NULL,NULL,NULL,NULL,NULL,NULL,NULL,NULL,NULL,NULL,NULL,NULL,'2022-10-03 05:30:59','2023-03-06 09:38:24'),(9,9,'pending_renewal',0,0,'2022-10-03 07:09:17','2017-42-E',0,'other','Autre',2022,'00000000000000','7430Z','A compléter','A compléter','A compléter','','',NULL,NULL,'2022-10-03 07:07:07','2023-03-06 09:38:24'),(10,10,'member',0,0,'2022-10-03 07:26:30','2021-134-E',0,'other','Autre',2022,'00000000000000','7430Z','A compléter','A compléter','A compléter','','',NULL,NULL,'2022-10-03 07:24:18','2023-06-19 11:08:55'),(11,11,'member',0,0,'2022-10-03 10:14:11','2016-27-E',0,'other','Autre',2022,'00000000000000','7430Z','A compléter','A compléter','A compléter','','',NULL,NULL,'2022-10-03 10:12:31','2023-06-19 11:11:40'),(12,12,'member',0,0,'2022-10-03 11:01:27','2021-138-E',0,'other','Autre',2022,'00000000000000','7430Z','A compléter','A compléter','A compléter','','',NULL,NULL,'2022-10-03 10:59:44','2023-06-19 11:15:23'),(13,13,'member',0,0,'2022-10-03 11:11:33','2020-118-E',0,'other','Autre',2022,'00000000000000','7430Z','A compléter','A compléter','A compléter','','',NULL,NULL,'2022-10-03 11:10:10','2023-06-19 11:17:36'),(14,14,'member',0,0,'2022-10-03 11:19:37','2021-152-E',0,'other','Autre',2022,'00000000000000','7430Z','A compléter','A compléter','A compléter','','',NULL,NULL,'2022-10-03 11:18:07','2023-06-19 11:23:35'),(15,15,'member',0,0,'2022-10-03 15:49:51','2021-159-E',0,'other','Autre',2022,'00000000000000','7430Z','A compléter','A compléter','A compléter','','',NULL,NULL,'2022-10-03 15:47:59','2023-06-19 11:26:39'),(16,16,'member',0,0,'2022-10-03 16:13:01','2021-182-E',0,'other','Autre',2022,'00000000000000','7430Z','A compléter','A compléter','A compléter','','',NULL,NULL,'2022-10-03 16:11:26','2023-06-19 13:36:24'),(17,17,'member',0,0,'2022-10-03 16:19:58','2019-94-E',0,'other','Autre',2022,'00000000000000','7430Z','A compléter','A compléter','A compléter','','',NULL,NULL,'2022-10-03 16:18:17','2023-06-19 13:38:13'),(18,18,'member',0,0,'2022-10-03 18:07:46','2022-213-E',0,'other','Autre',2022,'00000000000000','7430Z','A compléter','A compléter','A compléter','','',NULL,NULL,'2022-10-03 18:07:03','2023-06-19 13:40:38'),(19,19,'member',0,0,'2022-10-03 18:16:49','2021-151-E',0,'other','Autre',2022,'00000000000000','7430Z','A compléter','A compléter','A compléter','','',NULL,NULL,'2022-10-03 18:15:24','2023-06-19 13:42:08'),(20,20,'member',0,0,'2022-10-03 18:27:38','2021-142-E',0,'other','Autre',2022,'00000000000000','7430Z','A compléter','A compléter','A compléter','','',NULL,NULL,'2022-10-03 18:26:17','2023-06-19 13:44:13'),(21,21,'member',0,0,'2022-10-03 18:34:31','2021-175-E',0,'other','Autre',2022,'00000000000000','7430Z','A compléter','A compléter','A compléter','','',NULL,NULL,'2022-10-03 18:33:47','2023-06-19 13:45:53'),(22,22,'member',0,0,'2022-10-03 19:04:39','2021-141-E',0,'other','Autre',2022,'00000000000000','7430Z','A compléter','A compléter','A compléter','','',NULL,NULL,'2022-10-03 19:03:57','2023-06-19 13:49:26'),(23,23,'pending_renewal',0,0,'2022-10-03 19:10:18','2018-74-E',0,'other','Autre',2022,'00000000000000','7430Z','A compléter','A compléter','A compléter','','',NULL,NULL,'2022-10-03 19:09:36','2023-03-06 09:38:24'),(24,24,'pending_renewal',0,0,'2022-10-03 19:17:58','2021-149-C',0,'other','Autre',2022,'00000000000000','7430Z','A compléter','A compléter','A compléter','','',NULL,NULL,'2022-10-03 19:17:12','2023-03-06 09:38:24'),(25,25,'member',0,0,'2022-10-03 19:25:15','2021-147-C',0,'other','Autre',2022,'00000000000000','7430Z','A compléter','A compléter','A compléter','','',NULL,NULL,'2022-10-03 19:23:53','2023-06-19 14:04:21'),(26,26,'member',0,0,'2022-10-03 19:38:33','2021-129-E',0,'other','Autre',2022,'00000000000000','7430Z','A compléter','A compléter','A compléter','','',NULL,NULL,'2022-10-03 19:31:34','2023-06-19 14:07:12'),(27,27,'member',0,0,'2022-10-04 18:00:45','2018-56-E',0,'other','Autre',2022,'00000000000000','7430Z','A compléter','A compléter','A compléter','','',NULL,NULL,'2022-10-04 17:58:28','2023-06-19 14:09:03'),(28,28,'member',0,0,'2022-10-04 18:24:41','2021-172-E',0,'other','Autre',2022,'00000000000000','7430Z','A compléter','A compléter','A compléter','','',NULL,NULL,'2022-10-04 18:23:47','2023-06-19 13:57:54'),(29,29,'member',0,0,'2022-10-04 18:37:47','2018-72-E',0,'other','Autre',2022,'00000000000000','7430Z','A compléter','A compléter','A compléter','','',NULL,NULL,'2022-10-04 18:36:55','2023-06-19 14:10:41'),(30,30,'member',0,0,'2022-10-04 19:02:30','2019-89-E',0,'other','Autre',2022,'00000000000000','7430Z','A compléter','A compléter','A compléter','','',NULL,NULL,'2022-10-04 19:01:34','2023-06-19 14:12:20'),(31,31,'member',0,0,'2022-10-04 19:12:03','2022-189-E',0,'other','Autre',2022,'00000000000000','7430Z','A compléter','A compléter','A compléter','','',NULL,NULL,'2022-10-04 19:11:03','2023-06-19 14:13:47'),(32,32,'member',0,0,'2022-10-04 19:20:58','2020-77-E',0,'other','Autre',2022,'00000000000000','7430Z','A compléter','A compléter','A compléter','','',NULL,NULL,'2022-10-04 19:20:10','2023-06-19 14:15:52'),(33,33,'member',0,0,'2022-10-04 19:26:33','2022-203-E',0,'other','Autre',2022,'00000000000000','7430Z','A compléter','A compléter','A compléter','','',NULL,NULL,'2022-10-04 19:25:46','2023-06-19 14:17:33'),(34,34,'member',0,0,'2022-10-04 19:32:59','2017-30-E',0,'other','Autre',2022,'00000000000000','7430Z','A compléter','A compléter','A compléter','','',NULL,NULL,'2022-10-04 19:32:15','2023-06-19 14:19:44'),(35,35,'member',0,0,'2022-10-04 19:40:35','2016-13-E',0,'other','Autre',2022,'00000000000000','7430Z','A compléter','A compléter','A compléter','','',NULL,NULL,'2022-10-04 19:39:52','2023-06-19 14:21:07'),(36,36,'member',0,0,'2022-10-04 19:58:09','2017-15-E',0,'other','Autre',2022,'00000000000000','7430Z','A compléter','A compléter','A compléter','','',NULL,NULL,'2022-10-04 19:57:16','2023-06-19 14:22:20'),(37,37,'member',0,0,'2022-10-04 20:05:05','2020-117-E',0,'other','Autre',2022,'00000000000000','7430Z','A compléter','A compléter','A compléter','','',NULL,NULL,'2022-10-04 20:04:29','2023-06-19 14:25:05'),(38,38,'member',0,0,'2022-10-04 20:12:03','2021-178-E',0,'other','Autre',2022,'00000000000000','7430Z','A compléter','A compléter','A compléter','','',NULL,NULL,'2022-10-04 20:11:11','2023-06-19 14:27:35'),(39,39,'member',0,0,'2022-10-04 20:21:41','2018-73-E',0,'other','Autre',2022,'00000000000000','7430Z','A compléter','A compléter','A compléter','','',NULL,NULL,'2022-10-04 20:20:54','2023-06-19 14:29:43'),(40,40,'member',0,0,'2022-10-04 20:26:52','2021-139-E',0,'other','Autre',2022,'00000000000000','7430Z','A compléter','A compléter','A compléter','','',NULL,NULL,'2022-10-04 20:26:09','2023-06-19 14:30:53'),(41,41,'pending_renewal',0,0,'2022-10-04 20:39:12','2021-161-E',0,'other','Autre',2022,'00000000000000','7430Z','A compléter','A compléter','A compléter','','',NULL,NULL,'2022-10-04 20:38:29','2023-03-06 09:38:24'),(42,42,'member',0,0,'2022-10-04 20:45:35','2018-71-E',0,'other','Autre',2022,'00000000000000','7430Z','A compléter','A compléter','A compléter','','',NULL,NULL,'2022-10-04 20:44:52','2023-06-19 14:32:36'),(43,43,'member',0,0,'2022-10-04 20:52:18','2021-155-E',0,'other','Autre',2022,'00000000000000','7430Z','A compléter','A compléter','A compléter','','',NULL,NULL,'2022-10-04 20:51:38','2023-06-19 14:34:04'),(44,44,'member',0,0,'2022-10-04 21:17:04','2021-174-E',0,'other','Autre',2022,'00000000000000','7430Z','A compléter','A compléter','A compléter','','',NULL,NULL,'2022-10-04 21:16:27','2023-06-19 14:37:57'),(45,45,'member',0,0,'2022-10-04 21:24:19','2021-188-E',0,'other','Autre',2022,'00000000000000','7430Z','A compléter','A compléter','A compléter','','',NULL,NULL,'2022-10-04 21:23:41','2023-06-20 14:09:24'),(46,46,'member',0,0,'2022-10-04 21:31:25','2020-119-E',0,'other','Autre',2022,'00000000000000','7430Z','A compléter','A compléter','A compléter','','',NULL,NULL,'2022-10-04 21:30:40','2023-06-20 14:10:49'),(47,47,'member',0,0,'2022-10-04 21:37:02','2019-75-E',0,'other','Autre',2022,'00000000000000','7430Z','A compléter','A compléter','A compléter','','',NULL,NULL,'2022-10-04 21:36:24','2023-06-20 14:13:07'),(48,48,'member',0,0,'2022-10-04 21:43:14','2019-84-E',0,'other','Autre',2022,'00000000000000','7430Z','A compléter','A compléter','A compléter','','',NULL,NULL,'2022-10-04 21:42:31','2023-06-20 14:15:51'),(49,49,'member',0,0,'2022-10-04 21:51:09','2016-21-E',0,'other','Autre',2022,'00000000000000','7430Z','A compléter','A compléter','A compléter','','',NULL,NULL,'2022-10-04 21:48:47','2023-06-20 14:18:16'),(50,50,'member',0,0,'2022-10-04 22:00:15','2021-176-E',0,'other','Autre',2022,'00000000000000','7430Z','A compléter','A compléter','A compléter','','',NULL,NULL,'2022-10-04 21:59:10','2023-06-20 14:20:55'),(51,51,'member',0,0,'2022-10-05 10:09:47','2017-32-E',0,'other','Autre',2022,'00000000000000','7430Z','A compléter','A compléter','A compléter','','',NULL,NULL,'2022-10-05 10:08:46','2023-06-19 14:36:31'),(52,52,'member',0,0,'2022-10-05 10:22:00','2020-103-E',0,'other','Autre',2022,'00000000000000','7430Z','A compléter','A compléter','A compléter','','',NULL,NULL,'2022-10-05 10:19:23','2023-06-20 14:22:59'),(53,53,'member',0,0,'2022-10-05 10:36:50','2022-200-E',0,'other','Autre',2022,'00000000000000','7430Z','A compléter','A compléter','A compléter','','',NULL,NULL,'2022-10-05 10:35:39','2023-06-20 14:26:03'),(54,54,'member',0,0,'2022-10-05 10:47:22','2016-17-E',0,'other','Autre',2022,'00000000000000','7430Z','A compléter','A compléter','A compléter','','',NULL,NULL,'2022-10-05 10:45:16','2023-06-20 14:27:58'),(55,55,'member',0,0,'2023-01-29 20:34:37','2017-29-MA',0,NULL,NULL,NULL,NULL,NULL,NULL,NULL,NULL,NULL,NULL,NULL,NULL,'2022-10-09 10:14:10','2023-06-20 14:30:40'),(56,56,'member',0,0,'2022-10-15 08:53:20','2021-173-E',0,'other','Autre',2022,'00000000000000','7430Z','A compléter','A compléter','A compléter','','',NULL,NULL,'2022-10-15 08:49:08','2023-06-20 15:00:55'),(57,57,'member',0,0,'2022-10-15 09:00:55','2016-8-E',0,'other','Autre',2022,'00000000000000','7430Z','A compléter','A compléter','A compléter','','',NULL,NULL,'2022-10-15 09:00:05','2023-06-20 14:32:38'),(58,58,'member',0,0,'2022-10-15 15:35:28','2022-212-E',0,'other','Autre',2022,'00000000000000','7430Z','A compléter','A compléter','A compléter','','',NULL,NULL,'2022-10-15 15:34:41','2023-06-20 15:03:39'),(59,59,'member',0,0,'2022-10-15 15:44:47','2018-63-E',0,'company','',2022,'00000000000000','7430Z','A compléter','A compléter','A compléter','','',NULL,NULL,'2022-10-15 15:43:36','2023-06-20 15:05:33'),(60,60,'member',0,0,'2022-10-15 15:53:33','2019-11-E',0,'other','Autre',2022,'00000000000000','7430Z','A compléter','A compléter','A compléter','','',NULL,NULL,'2022-10-15 15:52:52','2023-06-20 15:06:56'),(61,61,'member',0,0,'2022-10-15 16:03:52','2017-37-E',0,'other','Autre',2022,'00000000000000','7430Z','A compléter','A compléter','A compléter','','',NULL,NULL,'2022-10-15 16:03:09','2023-06-20 15:08:50'),(62,62,'member',0,0,'2022-10-15 17:08:29','2018-61-E',0,'other','Autre',2022,'00000000000000','7430Z','A compléter','A compléter','A compléter','','',NULL,NULL,'2022-10-15 17:07:39','2023-06-20 15:10:37'),(63,63,'member',0,0,'2022-10-15 17:15:33','2017-48-E',0,'other','Autre',2022,'00000000000000','7430Z','A compléter','A compléter','A compléter','','',NULL,NULL,'2022-10-15 17:14:21','2023-06-20 15:18:40'),(64,64,'member',0,0,'2022-10-15 18:53:56','2020-113-E',0,'other','Autre',2022,'00000000000000','7430Z','A compléter','A compléter','A compléter','','',NULL,NULL,'2022-10-15 18:53:07','2023-06-20 15:20:07'),(65,65,'member',0,0,'2022-10-15 19:00:35','2022-217-E',0,'other','Autre',2022,'00000000000000','7430Z','A compléter','A compléter','A compléter','','',NULL,NULL,'2022-10-15 18:59:51','2023-06-20 14:24:26'),(66,66,'member',0,0,'2022-10-15 19:06:49','2017-34-E',0,'other','Autre',2022,'00000000000000','7430Z','A compléter','A compléter','A compléter','','',NULL,NULL,'2022-10-15 19:06:09','2023-06-20 15:21:49'),(67,67,'member',0,0,'2022-10-15 19:12:44','2021-164-E',0,'other','Autre',2022,'00000000000000','7430Z','A compléter','A compléter','A compléter','','',NULL,NULL,'2022-10-15 19:11:50','2023-06-20 15:23:23'),(68,68,'member',0,0,'2022-10-15 19:18:36','2021-154-E',0,'other','Autre',2022,'00000000000000','7430Z','A compléter','A compléter','A compléter','','',NULL,NULL,'2022-10-15 19:17:59','2023-06-20 15:26:07'),(69,69,'member',0,0,'2022-10-15 19:25:30','2017-47-E',0,'other','Autre',2022,'00000000000000','7430Z','A compléter','A compléter','A compléter','','',NULL,NULL,'2022-10-15 19:24:45','2023-06-20 15:27:35'),(70,70,'pending_renewal',0,0,'2022-10-15 19:49:35','2018-53-E',0,'other','Autre',2022,'00000000000000','7430Z','A compléter','A compléter','A compléter','','',NULL,NULL,'2022-10-15 19:48:34','2023-03-06 09:38:24'),(71,71,'member',0,0,'2022-10-15 19:55:09','2021-177-E',0,'other','Autre',2022,'00000000000000','7430Z','A compléter','A compléter','A compléter','','',NULL,NULL,'2022-10-15 19:54:15','2023-06-20 15:33:44'),(72,72,'member',0,0,'2022-10-15 20:10:13','2021-163-E',0,'other','Autre',2022,'00000000000000','7430Z','A compléter','A compléter','A compléter','','',NULL,NULL,'2022-10-15 20:09:32','2023-06-22 09:36:31'),(73,73,'member',0,0,'2022-10-16 05:57:25','2021-180-E',0,'other','Autre',2022,'00000000000000','7430Z','A compléter','A compléter','A compléter','','',NULL,NULL,'2022-10-16 05:56:30','2023-06-22 09:41:51'),(74,74,'member',0,0,'2022-10-16 06:44:38','2021-130-E',0,'other','Autre',2022,'00000000000000','7430Z','A compléter','A compléter','A compléter','','',NULL,NULL,'2022-10-16 06:43:35','2023-06-22 09:44:33'),(75,75,'pending_renewal',0,0,'2022-10-16 06:52:19','2018-50-E',0,'other','Autre',2022,'00000000000000','7430Z','A compléter','A compléter','A compléter','','',NULL,NULL,'2022-10-16 06:51:37','2023-03-06 09:38:24'),(76,76,'member',0,0,'2022-10-16 06:58:30','2021-145-E',0,'other','Autre',2022,'00000000000000','7430Z','A compléter','A compléter','A compléter','','',NULL,NULL,'2022-10-16 06:57:48','2023-06-22 09:46:24'),(77,77,'member',0,0,'2022-10-16 07:06:17','2021-132-E',0,'other','Autre',2022,'00000000000000','7430Z','A compléter','A compléter','A compléter','','',NULL,NULL,'2022-10-16 07:05:40','2023-06-22 09:51:31'),(78,78,'member',0,0,'2022-10-16 07:13:00','2021-135-E',0,'other','Autre',2022,'00000000000000','7430Z','A compléter','A compléter','A compléter','','',NULL,NULL,'2022-10-16 07:12:21','2023-06-22 10:03:13'),(79,79,'member',0,0,'2022-10-16 08:09:59','2022-190-E',0,'other','Autre',2022,'00000000000000','7430Z','A compléter','A compléter','A compléter','','',NULL,NULL,'2022-10-16 08:09:13','2023-06-22 10:04:11'),(80,80,'member',0,0,'2022-10-16 08:15:26','2016-25-E',0,'other','Autre',2022,'00000000000000','7430Z','A compléter','A compléter','A compléter','','',NULL,NULL,'2022-10-16 08:14:46','2023-06-22 10:05:27'),(81,81,'member',0,0,'2022-10-16 08:48:01','2016-5-E',0,'other','Autre',2022,'00000000000000','7430Z','A compléter','A compléter','A compléter','','',NULL,NULL,'2022-10-16 08:46:55','2023-06-27 07:42:57'),(82,82,'member',0,0,'2022-10-16 12:18:42','2016-9-E',0,'other','Autre',2022,'00000000000000','7430Z','A compléter','A compléter','A compléter','','',NULL,NULL,'2022-10-16 12:18:01','2023-06-22 10:06:32'),(83,83,'member',0,0,'2022-10-16 12:24:55','2021-140-C',0,'other','Autre',2022,'00000000000000','7430Z','A compléter','A compléter','A compléter','','',NULL,NULL,'2022-10-16 12:23:22','2023-06-22 10:10:50'),(84,84,'member',0,0,'2022-10-16 12:31:08','2019-98-E',0,'other','Autre',2022,'00000000000000','7430Z','A compléter','A compléter','A compléter','','',NULL,NULL,'2022-10-16 12:30:32','2023-06-22 10:11:46'),(85,85,'member',0,0,'2022-10-16 12:40:03','2020-112-E',0,'other','Autre',2022,'00000000000000','7430Z','A compléter','A compléter','A compléter','','',NULL,NULL,'2022-10-16 12:39:23','2023-06-22 10:14:03'),(86,86,'member',0,0,'2022-10-16 12:57:48','2021-166-E',0,'other','Autre',2022,'00000000000000','7430Z','A compléter','A compléter','A compléter','','',NULL,NULL,'2022-10-16 12:57:00','2023-06-22 10:17:24'),(87,87,'member',0,0,'2022-10-16 13:06:39','2018-67-E',0,'other','Autre',2022,'00000000000000','7430Z','A compléter','A compléter','A compléter','','',NULL,NULL,'2022-10-16 13:05:59','2023-06-22 10:18:42'),(88,88,'member',0,0,'2022-10-16 13:11:41','2019-92-E',0,'other','Autre',2022,'00000000000000','7430Z','A compléter','A compléter','A compléter','','',NULL,NULL,'2022-10-16 13:11:06','2023-06-22 10:20:02'),(89,89,'member',0,0,'2022-10-16 13:20:03','2021-153-E',0,'other','Autre',2022,'00000000000000','7430Z','A compléter','A compléter','A compléter','','',NULL,NULL,'2022-10-16 13:19:14','2023-06-22 10:21:13'),(90,90,'member',0,0,'2022-10-16 13:27:14','2021-183-E',0,'other','Autre',2022,'00000000000000','7430Z','A compléter','A compléter','A compléter','','',NULL,NULL,'2022-10-16 13:26:39','2023-06-23 09:57:21'),(91,91,'pending_renewal',0,0,'2022-10-16 13:36:35','2017-43-E',0,'other','Autre',2022,'00000000000000','7430Z','A compléter','A compléter','A compléter','','',NULL,NULL,'2022-10-16 13:35:47','2023-03-06 09:38:24'),(92,92,'member',0,0,'2022-10-16 13:42:34','2016-22-E',0,'other','Autre',2022,'00000000000000','7430Z','A compléter','A compléter','A compléter','','',NULL,NULL,'2022-10-16 13:41:54','2023-06-22 10:22:32'),(93,93,'member',0,0,'2022-10-16 19:06:00','2021-165-E',0,'other','Autre',2022,'00000000000000','7430Z','A compléter','A compléter','A compléter','','',NULL,NULL,'2022-10-16 19:05:26','2023-06-22 10:23:32'),(94,94,'member',0,0,'2022-10-16 19:20:22','2021-156-E',0,'other','Autre',2022,'00000000000000','7430Z','A compléter','A compléter','A compléter','','',NULL,NULL,'2022-10-16 19:19:46','2023-06-22 10:24:56'),(95,95,'member',0,0,'2022-10-16 19:26:42','2019-82-E',0,'other','Autre',2022,'00000000000000','7430Z','A compléter','A compléter','A compléter','','',NULL,NULL,'2022-10-16 19:26:02','2023-06-22 10:27:15'),(96,96,'member',0,0,'2022-10-16 19:34:16','2021-148-E',0,'other','Autre',2022,'00000000000000','7430Z','A compléter','A compléter','A compléter','','',NULL,NULL,'2022-10-16 19:33:44','2023-06-22 10:28:13'),(97,97,'pending_renewal',0,0,'2022-10-16 19:42:04','2017-31-E',0,'other','Autre',2022,'00000000000000','7430Z','A compléter','A compléter','A compléter','','',NULL,NULL,'2022-10-16 19:41:31','2023-03-06 09:38:24'),(98,98,'member',0,0,'2022-10-16 19:59:56','2018-62-E',0,'other','Autre',2022,'00000000000000','7430Z','A compléter','A compléter','A compléter','','',NULL,NULL,'2022-10-16 19:59:11','2023-06-22 10:29:55'),(99,99,'member',0,0,'2022-10-16 20:05:34','2022-216-E',0,'other','Autre',2022,'00000000000000','7430Z','A compléter','A compléter','A compléter','','',NULL,NULL,'2022-10-16 20:04:47','2023-06-22 10:30:44'),(100,100,'member',0,0,'2022-10-16 20:11:18','2021-158-E',0,'other','Autre',2022,'00000000000000','7430Z','A compléter','A compléter','A compléter','','',NULL,NULL,'2022-10-16 20:10:43','2023-06-22 10:31:44'),(101,101,'member',0,0,'2022-11-23 12:47:56','2022-194-E',0,'other','Autre',2022,'00000000000000','7430Z','A compléter','A compléter','A compléter','','',NULL,NULL,'2022-11-23 12:44:57','2023-06-22 10:32:39'),(102,102,'member',0,0,'2022-11-23 16:48:37','2019-78-E',0,'other','Autre',2022,'00000000000000','7430Z','A compléter','A compléter','A compléter','','',NULL,NULL,'2022-11-23 16:47:30','2023-06-22 10:33:33'),(103,103,'member',0,0,'2022-11-23 16:57:46','2021-146-E',0,'other','Autre',2022,'00000000000000','7430Z','A compléter','A compléter','A compléter','','',NULL,NULL,'2022-11-23 16:57:06','2023-06-22 10:38:07'),(104,104,'member',0,0,'2022-11-23 18:26:31','2019-100-E',0,'other','Autre',2022,'00000000000000','7430Z','A compléter','A compléter','A compléter','','',NULL,NULL,'2022-11-23 18:25:46','2023-06-22 10:38:56'),(105,105,'member',0,0,'2022-11-23 18:43:42','2021-170-C',0,'other','Autre',2022,'00000000000000','7430Z','A compléter','A compléter','A compléter','','',NULL,NULL,'2022-11-23 18:42:53','2023-06-22 10:39:58'),(106,106,'member',0,0,'2022-11-23 18:56:08','2016-26-E',0,'other','Autre',2022,'00000000000000','7430Z','A compléter','A compléter','A compléter','','',NULL,NULL,'2022-11-23 18:55:33','2023-06-22 10:40:49'),(107,107,'member',0,0,'2022-11-23 19:55:07','2019-14-E',0,'other','Autre',2022,'00000000000000','7430Z','A compléter','A compléter','A compléter','','',NULL,NULL,'2022-11-23 19:54:28','2023-06-22 10:43:29'),(108,108,'member',0,0,'2022-11-23 20:01:52','2020-125-E',0,'other','Autre',2022,'00000000000000','7430Z','A compléter','A compléter','A compléter','','',NULL,NULL,'2022-11-23 20:01:12','2023-06-22 10:41:44'),(109,109,'member',0,0,'2022-11-23 20:06:36','2018-40-E',0,'other','Autre',2022,'00000000000000','7430Z','A compléter','A compléter','A compléter','','',NULL,NULL,'2022-11-23 20:06:01','2023-06-22 10:42:39'),(110,110,'member',0,0,'2022-11-23 20:11:59','2021-131-E',0,'other','Autre',2022,'00000000000000','7430Z','A compléter','A compléter','A compléter','','',NULL,NULL,'2022-11-23 20:11:03','2023-06-22 10:44:29'),(111,111,'member',0,0,'2022-11-23 20:18:23','2021-157-E',0,'other','Autre',2022,'00000000000000','7430Z','A compléter','A compléter','A compléter','','',NULL,NULL,'2022-11-23 20:17:47','2023-06-22 10:46:30'),(112,112,'member',0,0,'2022-11-23 20:24:17','2022-197-E',0,'other','Autre',2022,'00000000000000','7430Z','A compléter','A compléter','A compléter','','',NULL,NULL,'2022-11-23 20:23:31','2023-06-22 10:53:36'),(113,113,'member',0,0,'2022-11-23 20:29:36','2018-70-E',0,'other','Autre',2022,'00000000000000','7430Z','A compléter','A compléter','A compléter','','',NULL,NULL,'2022-11-23 20:28:59','2023-06-23 09:36:19'),(114,114,'member',0,0,'2022-11-23 20:34:35','2017-35-E',0,'other','Autre',2022,'00000000000000','7430Z','A compléter','A compléter','A compléter','','',NULL,NULL,'2022-11-23 20:33:57','2023-06-23 09:37:22'),(115,115,'member',0,0,'2022-11-24 13:45:27','2016-1-E',0,'other','Autre',2022,'00000000000000','7430Z','A compléter','A compléter','A compléter','','',NULL,NULL,'2022-11-24 13:44:39','2023-06-23 09:38:26'),(116,116,'member',0,0,'2022-11-24 13:51:13','2022-209-E',0,'other','Autre',2022,'00000000000000','7430Z','A compléter','A compléter','A compléter','','',NULL,NULL,'2022-11-24 13:50:41','2023-06-23 09:39:42'),(117,117,'member',0,0,'2022-11-24 13:57:29','2022-211-E',0,'other','Autre',2022,'00000000000000','7430Z','A compléter','A compléter','A compléter','','',NULL,NULL,'2022-11-24 13:56:55','2023-06-23 09:40:25'),(118,118,'member',0,0,'2022-11-24 14:02:02','2022-195-E',0,'other','Autre',2022,'00000000000000','7430Z','A compléter','A compléter','A compléter','','',NULL,NULL,'2022-11-24 14:01:26','2023-06-23 09:41:54'),(119,119,'member',0,0,'2022-11-24 14:06:10','2017-28-E',0,'other','Autre',2022,'00000000000000','7430Z','A compléter','A compléter','A compléter','','',NULL,NULL,'2022-11-24 14:05:40','2023-06-23 09:41:11'),(120,120,'pending_renewal',0,0,'2022-11-24 14:15:00','2021-137-E',0,'other','Autre',2022,'00000000000000','7430Z','A compléter','A compléter','A compléter','','',NULL,NULL,'2022-11-24 14:14:31','2023-03-06 09:38:24'),(121,121,'member',0,0,'2022-11-24 14:27:24','2021-179-E',0,'other','Autre',2022,'00000000000000','7430Z','A compléter','A compléter','A compléter','','',NULL,NULL,'2022-11-24 14:26:47','2023-06-23 09:43:53'),(122,122,'member',0,0,'2022-11-25 06:52:14','2021-181-E',0,'other','Autre',2022,'00000000000000','7430Z','A compléter','A compléter','A compléter','','',NULL,NULL,'2022-11-25 06:51:31','2023-06-23 09:44:52'),(123,123,'member',0,0,'2022-11-25 08:20:11','2019-99-E',0,'other','Autre',2022,'00000000000000','7430Z','A compléter','A compléter','A compléter','','',NULL,NULL,'2022-11-25 08:17:07','2023-06-23 09:45:38'),(124,124,'member',0,0,'2022-11-25 08:27:33','2022-192-E',0,'other','Autre',2022,'00000000000000','7430Z','A compléter','A compléter','A compléter','','',NULL,NULL,'2022-11-25 08:26:07','2023-06-23 09:51:04'),(125,125,'member',0,0,'2022-11-25 08:43:11','2022-193-E',0,'other','Autre',2022,'00000000000000','7430Z','A compléter','A compléter','A compléter','','',NULL,NULL,'2022-11-25 08:42:29','2023-06-23 09:50:04'),(126,126,'member',0,0,'2022-11-25 09:10:10','2020-108-E',0,'other','Autre',2022,'00000000000000','7430Z','A compléter','A compléter','A compléter','','',NULL,NULL,'2022-11-25 09:09:28','2023-06-23 09:46:26'),(127,127,'member',0,0,'2022-11-25 09:51:48','2021-184-E',0,'other','Autre',2022,'00000000000000','7430Z','A compléter','A compléter','A compléter','','',NULL,NULL,'2022-11-25 09:51:04','2023-06-23 09:52:26'),(128,128,'member',0,0,'2022-11-25 10:02:06','2020-104-E',0,'other','Autre',2022,'00000000000000','7430Z','A compléter','A compléter','A compléter','','',NULL,NULL,'2022-11-25 10:01:11','2023-06-23 09:53:14'),(129,129,'member',0,0,'2022-11-25 10:07:39','2021-133-E',0,'other','Autre',2022,'00000000000000','7430Z','A compléter','A compléter','A compléter','','',NULL,NULL,'2022-11-25 10:07:03','2023-06-23 09:54:16'),(130,130,'member',0,0,'2022-11-25 12:06:28','2022-198-E',0,'other','Autre',2022,'00000000000000','7430Z','A compléter','A compléter','A compléter','','',NULL,NULL,'2022-11-25 12:05:52','2023-06-23 09:54:58'),(131,131,'member',0,0,'2022-11-25 12:12:39','2020-110-E',0,'other','Autre',2022,'00000000000000','7430Z','A compléter','A compléter','A compléter','','',NULL,NULL,'2022-11-25 12:11:57','2023-06-23 09:55:47'),(132,132,'member',0,0,'2022-11-25 12:18:44','2020-114-E',0,'other','Autre',2022,'00000000000000','7430Z','A compléter','A compléter','A compléter','','',NULL,NULL,'2022-11-25 12:18:09','2023-06-23 09:56:36'),(133,133,'member',0,0,'2022-11-25 14:22:09','2022-191-E',0,'other','Autre',2022,'00000000000000','7430Z','A compléter','A compléter','A compléter','','',NULL,NULL,'2022-11-25 14:21:34','2023-06-23 09:58:13'),(134,134,'member',0,0,'2022-11-25 14:27:56','2017-44-E',0,'other','Autre',2022,'00000000000000','7430Z','A compléter','A compléter','A compléter','','',NULL,NULL,'2022-11-25 14:27:16','2023-06-23 09:59:03'),(135,135,'member',0,0,'2022-11-25 14:33:36','2016-19-E',0,'other','Autre',2022,'00000000000000','7430Z','A compléter','A compléter','A compléter','','',NULL,NULL,'2022-11-25 14:32:59','2023-06-23 09:59:50'),(136,136,'member',0,0,'2022-11-25 14:50:56','2022-208-E',0,'other','Autre',2022,'00000000000000','7430Z','A compléter','A compléter','A compléter','','',NULL,NULL,'2022-11-25 14:50:20','2023-06-23 10:00:31'),(137,137,'member',0,0,'2022-11-25 14:56:45','2020-45-E',0,'other','Autre',2022,'00000000000000','7430Z','A compléter','A compléter','A compléter','','',NULL,NULL,'2022-11-25 14:56:15','2023-06-23 10:04:39'),(138,138,'member',0,0,'2022-11-26 19:58:58','2018-52-E',0,'other','Autre',2022,'00000000000000','7430Z','A compléter','A compléter','A compléter','','',NULL,NULL,'2022-11-26 19:58:20','2023-06-23 10:05:18'),(139,139,'member',0,0,'2022-11-26 20:05:12','2017-49-E',0,'other','Autre',2022,'00000000000000','7430Z','A compléter','A compléter','A compléter','','',NULL,NULL,'2022-11-26 20:04:13','2023-06-23 10:07:08'),(140,140,'member',0,0,'2022-11-26 20:10:46','2022-205-E',0,'other','Autre',2022,'00000000000000','7430Z','A compléter','A compléter','A compléter','','',NULL,NULL,'2022-11-26 20:10:08','2023-06-23 10:11:45'),(141,141,'member',0,0,'2022-11-26 20:16:45','2021-186-E',0,'other','Autre',2022,'00000000000000','7430Z','A compléter','A compléter','A compléter','','',NULL,NULL,'2022-11-26 20:16:09','2023-06-23 10:11:04'),(142,142,'member',0,0,'2022-11-26 20:22:02','2019-91-E',0,'other','Autre',2022,'00000000000000','7430Z','A compléter','A compléter','A compléter','','',NULL,NULL,'2022-11-26 20:21:26','2023-06-23 10:12:36'),(143,143,'member',0,0,'2022-11-26 20:27:52','2021-136-E',0,'other','Autre',2022,'00000000000000','7430Z','A compléter','A compléter','A compléter','','',NULL,NULL,'2022-11-26 20:27:18','2023-06-23 10:14:32'),(144,144,'member',0,0,'2022-11-26 20:36:28','2020-120-E',0,'other','Autre',2022,'00000000000000','7430Z','A compléter','A compléter','A compléter','','',NULL,NULL,'2022-11-26 20:35:48','2023-06-23 10:16:25'),(145,145,'member',0,0,'2022-11-26 20:46:35','2022-201-E',0,'other','Autre',2022,'00000000000000','7430Z','A compléter','A compléter','A compléter','','',NULL,NULL,'2022-11-26 20:45:52','2023-06-23 10:18:08'),(146,146,'member',0,0,'2022-11-26 20:51:24','2020-101-E',0,'other','Autre',2022,'00000000000000','7430Z','A compléter','A compléter','A compléter','','',NULL,NULL,'2022-11-26 20:50:44','2023-06-23 10:17:30'),(147,147,'member',0,0,'2022-11-27 06:10:03','2021-160-E',0,'other','Autre',2022,'00000000000000','7430Z','A compléter','A compléter','A compléter','','',NULL,NULL,'2022-11-27 06:09:16','2023-06-23 10:18:46'),(148,148,'member',0,0,'2022-11-27 06:34:09','2022-206-E',0,'other','Autre',2022,'00000000000000','7430Z','A compléter','A compléter','A compléter','','',NULL,NULL,'2022-11-27 06:33:13','2023-06-23 10:19:17'),(150,150,'member',0,0,'2022-11-27 08:28:06','2022-204-E',0,'other','Autre',2022,'00000000000000','7430Z','A compléter','A compléter','A compléter','','',NULL,NULL,'2022-11-27 08:27:17','2023-06-26 18:08:34'),(151,151,'member',0,0,'2022-11-27 08:33:22','2020-38-E',0,'other','Autre',2022,'00000000000000','7430Z','A compléter','A compléter','A compléter','','',NULL,NULL,'2022-11-27 08:32:40','2023-06-26 18:09:35'),(152,152,'member',0,0,'2022-11-27 08:53:41','2019-96-E',0,'other','Autre',2022,'00000000000000','7430Z','A compléter','A compléter','A compléter','','',NULL,NULL,'2022-11-27 08:52:55','2023-06-26 18:10:30'),(153,153,'member',0,0,'2022-11-27 09:00:03','2016-20-E',0,'other','Autre',2022,'00000000000000','7430Z','A compléter','A compléter','A compléter','','',NULL,NULL,'2022-11-27 08:59:23','2023-06-26 18:11:26'),(154,154,'member',0,0,'2022-11-27 09:05:50','2022-199-E',0,'other','Autre',2022,'00000000000000','7430Z','A compléter','A compléter','A compléter','','',NULL,NULL,'2022-11-27 09:04:58','2023-06-26 18:14:45'),(155,155,'member',0,0,'2022-11-27 09:12:57','2019-88-E',0,'other','Autre',2022,'00000000000000','7430Z','A compléter','A compléter','A compléter','','',NULL,NULL,'2022-11-27 09:12:16','2023-06-26 18:16:59'),(156,156,'member',0,0,'2022-11-27 09:18:31','2019-90-E',0,'other','Autre',2022,'00000000000000','7430Z','A compléter','A compléter','A compléter','','',NULL,NULL,'2022-11-27 09:17:43','2023-06-26 18:18:55'),(157,157,'member',0,0,'2022-11-27 11:17:47','2019-124-E',0,'other','Autre',2022,'00000000000000','7430Z','A compléter','A compléter','A compléter','','',NULL,NULL,'2022-11-27 11:17:08','2023-06-26 18:19:50'),(158,158,'member',0,0,'2022-11-27 11:23:32','2020-105-E',0,'other','Autre',2022,'00000000000000','7430Z','A compléter','A compléter','A compléter','','',NULL,NULL,'2022-11-27 11:22:51','2023-06-26 18:21:11'),(159,159,'member',0,0,'2022-11-27 13:01:56','2020-106-E',0,'other','Autre',2022,'00000000000000','7430Z','A compléter','A compléter','A compléter','','',NULL,NULL,'2022-11-27 13:01:10','2023-06-26 18:21:49'),(160,160,'member',0,0,'2022-11-27 13:08:17','2021-150-E',0,'other','Autre',2022,'00000000000000','7430Z','A compléter','A compléter','A compléter','','',NULL,NULL,'2022-11-27 13:07:46','2023-06-26 18:22:36'),(161,161,'member',0,0,'2022-11-27 13:14:09','2021-144-E',0,'other','Autre',2022,'00000000000000','7430Z','A compléter','A compléter','A compléter','','',NULL,NULL,'2022-11-27 13:13:25','2023-06-26 18:24:01'),(162,162,'member',0,0,'2022-11-27 13:23:33','2017-41-E',0,'other','Autre',2022,'00000000000000','7430Z','A compléter','A compléter','A compléter','','',NULL,NULL,'2022-11-27 13:22:56','2023-06-26 18:24:42'),(163,163,'member',0,0,'2022-11-27 13:29:32','2022-202-E',0,'other','Autre',2022,'00000000000000','7430Z','A compléter','A compléter','A compléter','','A compléter',NULL,NULL,'2022-11-27 13:28:56','2023-06-26 18:25:24'),(164,164,'member',0,0,'2022-11-27 13:34:44','2021-143-E',0,'other','Autre',2022,'00000000000000','7430Z','A compléter','A compléter','A compléter','','',NULL,NULL,'2022-11-27 13:34:10','2023-06-26 18:25:53'),(165,165,'member',0,0,'2022-11-27 13:41:07','2019-80-E',0,'other','Autre',2022,'00000000000000','7430Z','A compléter','A compléter','A compléter','','',NULL,NULL,'2022-11-27 13:40:38','2023-06-26 18:26:28'),(166,166,'member',0,0,'2022-11-27 16:10:27','2018-64-E',0,'other','Autre',2022,'00000000000000','7430Z','A compléter','A compléter','A compléter','','',NULL,NULL,'2022-11-27 16:09:37','2023-06-26 18:27:20'),(167,167,'member',0,0,'2022-11-27 16:18:54','2016-2-E',0,'other','Autre',2022,'00000000000000','7430Z','A compléter','A compléter','A compléter','','',NULL,NULL,'2022-11-27 16:18:09','2023-06-26 18:28:21'),(168,168,'pending_renewal',0,0,'2022-11-27 16:27:57','2018-57-E',0,'other','Autre',2022,'00000000000000','7430Z','A compléter','A compléter','A compléter','','',NULL,NULL,'2022-11-27 16:27:19','2023-03-06 09:38:24'),(169,169,'member',0,0,'2022-11-27 16:33:20','2018-55-E',0,'other','Autre',2022,'00000000000000','7430Z','A compléter','A compléter','A compléter','','',NULL,NULL,'2022-11-27 16:32:41','2023-06-26 18:29:32'),(170,170,'member',0,0,'2022-11-27 16:38:49','2019-85-E',0,'other','Autre',2022,'00000000000000','7430Z','A compléter','A compléter','A compléter','','',NULL,NULL,'2022-11-27 16:38:11','2023-06-26 18:30:47'),(171,171,'member',0,0,'2022-11-27 16:44:56','2018-51-E',0,'other','Autre',2022,'00000000000000','7430Z','A compléter','A compléter','A compléter','','',NULL,NULL,'2022-11-27 16:44:20','2023-06-26 18:33:45'),(172,172,'member',0,0,'2022-11-27 16:51:56','2017-46-E',0,'other','Autre',2022,'00000000000000','7430Z','A compléter','A compléter','A compléter','','',NULL,NULL,'2022-11-27 16:51:24','2023-06-26 18:34:30'),(173,173,'member',0,0,'2022-11-27 16:57:13','2019-16-E',0,'other','Autre',2022,'00000000000000','7430Z','A compléter','A compléter','A compléter','','',NULL,NULL,'2022-11-27 16:56:37','2023-06-26 18:35:06'),(174,174,'member',0,0,'2022-11-27 17:03:23','2018-66-E',0,'other','Autre',2022,'00000000000000','7430Z','A compléter','A compléter','A compléter','','',NULL,NULL,'2022-11-27 17:02:46','2023-06-26 18:35:45'),(175,175,'member',0,0,'2022-11-27 17:16:29','2020-122-E',0,'other','Autre',2022,'00000000000000','7430Z','A compléter','A compléter','A compléter','','',NULL,NULL,'2022-11-27 17:15:44','2023-06-22 10:47:26'),(176,176,'member',0,0,'2022-11-27 17:21:35','2017-39-E',0,'other','Autre',2022,'00000000000000','7430Z','A compléter','A compléter','A compléter','','',NULL,NULL,'2022-11-27 17:20:44','2023-06-26 18:36:20'),(177,177,'member',0,0,'2022-11-27 17:29:00','2021-169-E',0,'other','Autre',2022,'00000000000000','7430Z','A compléter','A compléter','A compléter','','',NULL,NULL,'2022-11-27 17:28:20','2023-06-27 15:19:33'),(178,178,'member',0,0,'2022-11-27 17:34:29','2017-33-E',0,'other','Autre',2022,'00000000000000','7430Z','A compléter','A compléter','A compléter','','',NULL,NULL,'2022-11-27 17:33:57','2023-06-27 07:37:58'),(179,179,'member',0,0,'2022-11-27 17:39:52','2020-111-E',0,'other','Autre',2022,'00000000000000','7430Z','A compléter','A compléter','A compléter','','',NULL,NULL,'2022-11-27 17:39:16','2023-06-27 07:38:37'),(180,180,'pending_renewal',0,0,'2022-11-27 17:45:47','2022-196-E',0,'other','Autre',2022,'00000000000000','7430Z','A compléter','A compléter','A compléter','','',NULL,NULL,'2022-11-27 17:45:08','2023-03-06 09:38:24'),(181,181,'member',0,0,'2022-11-27 17:51:09','2020-7-E',0,'other','Autre',2022,'00000000000000','7430Z','A compléter','A compléter','A compléter','','',NULL,NULL,'2022-11-27 17:50:38','2023-06-27 07:39:47'),(182,182,'member',0,0,'2022-11-27 19:44:04','2019-97-E',0,'other','Autre',2022,'00000000000000','7430Z','A compléter','A compléter','A compléter','','',NULL,NULL,'2022-11-27 19:43:24','2023-06-27 07:40:29'),(183,183,'member',0,0,'2022-11-27 19:50:24','2016-3-E',0,'other','Autre',2022,'00000000000000','7430Z','A compléter','A compléter','A compléter','','',NULL,NULL,'2022-11-27 19:49:50','2023-06-27 08:11:32'),(184,184,'pending_renewal',0,0,'2022-11-27 19:57:16','2021-162-E',0,'other','Autre',2022,'00000000000000','7430Z','A compléter','A compléter','A compléter','','',NULL,NULL,'2022-11-27 19:56:34','2023-03-06 09:38:24'),(185,185,'member',0,0,'2022-11-27 20:06:05','2021-185-E',0,'other','Autre',2022,'00000000000000','7430Z','A compléter','A compléter','A compléter','','',NULL,NULL,'2022-11-27 20:04:57','2023-06-27 07:41:34'),(186,186,'member',0,0,'2022-11-27 20:25:30','2019-95-E',0,'other','Autre',2022,'00000000000000','7430Z','A compléter','A compléter','A compléter','','',NULL,NULL,'2022-11-27 20:23:29','2023-06-27 07:43:48'),(187,187,'member',0,0,'2022-11-27 20:31:47','2021-167-E',0,'other','Autre',2022,'00000000000000','7430Z','A compléter','A compléter','A compléter','','',NULL,NULL,'2022-11-27 20:31:03','2023-06-27 07:45:09'),(188,188,'member',0,0,'2022-11-27 20:37:12','2016-10-E',0,'other','Autre',2022,'00000000000000','7430Z','A compléter','A compléter','A compléter','','',NULL,NULL,'2022-11-27 20:36:27','2023-06-27 07:45:47'),(189,189,'member',0,0,'2022-11-27 20:41:57','2019-81-E',0,'other','Autre',2022,'00000000000000','7430Z','A compléter','A compléter','A compléter','','',NULL,NULL,'2022-11-27 20:41:31','2023-06-27 07:46:28'),(190,190,'member',0,0,'2022-11-27 20:46:56','2019-86-E',0,'other','Autre',2022,'00000000000000','7430Z','A compléter','A compléter','A compléter','','',NULL,NULL,'2022-11-27 20:46:23','2023-06-27 07:47:08'),(191,191,'member',0,0,'2022-11-27 20:53:38','2021-168-E',0,'other','Autre',2022,'00000000000000','7430Z','A compléter','A compléter','A compléter','','',NULL,NULL,'2022-11-27 20:53:07','2023-06-27 07:47:51'),(192,192,'member',0,0,'2022-11-27 20:59:21','2016-24-E',0,'other','Autre',2022,'00000000000000','7430Z','A compléter','A compléter','A compléter','','',NULL,NULL,'2022-11-27 20:58:46','2023-06-27 07:48:57'),(193,193,'member',0,0,'2022-11-27 21:04:35','2016-12-E',0,'other','Autre',2022,'00000000000000','7430Z','A compléter','A compléter','A compléter','','',NULL,NULL,'2022-11-27 21:03:48','2023-06-27 07:49:28'),(194,194,'member',0,0,'2022-11-27 21:09:22','2020-107-E',0,'other','Autre',2022,'00000000000000','7430Z','A compléter','A compléter','A compléter','','',NULL,NULL,'2022-11-27 21:08:50','2023-06-27 07:50:00'),(195,195,'member',0,0,'2022-11-27 21:13:57','2018-65-E',0,'other','Autre',2022,'00000000000000','7430Z','A compléter','A compléter','A compléter','','',NULL,NULL,'2022-11-27 21:13:21','2023-06-27 07:51:49'),(196,196,'member',0,0,'2022-11-27 21:18:47','2022-210-E',0,'other','Autre',2022,'00000000000000','7430Z','A compléter','A compléter','A compléter','','',NULL,NULL,'2022-11-27 21:18:12','2023-06-27 07:52:23'),(197,197,'member',0,0,'2022-11-27 21:23:09','2020-109-E',0,'other','Autre',2022,'00000000000000','7430Z','A compléter','A compléter','A compléter','','',NULL,NULL,'2022-11-27 21:22:38','2023-06-27 07:52:53'),(198,198,'member',0,0,'2022-12-30 07:44:13','2022-225-E',0,'other','Autre',2022,'00000000000000','7430Z','A compléter','A compléter','A compléter','','',NULL,NULL,'2022-12-30 07:42:08','2023-06-19 13:47:32'),(199,199,'member',0,0,'2022-12-30 07:50:12','2022-218-MA',0,NULL,NULL,NULL,NULL,NULL,NULL,NULL,NULL,NULL,NULL,NULL,NULL,'2022-12-30 07:48:51','2023-06-19 13:55:38'),(200,200,'member',0,0,'2022-12-30 08:05:38','2022-224-E',0,'other','Autre',2022,'00000000000000','7430Z','A compléter','A compléter','A compléter','','',NULL,NULL,'2022-12-30 08:04:09','2023-06-19 14:39:07'),(201,201,'member',0,0,'2022-12-30 08:11:37','2022-222-E',0,'other','Autre',2022,'00000000000000','7430Z','A compléter','A compléter','A compléter','','',NULL,NULL,'2022-12-30 08:10:48','2023-06-20 15:24:49'),(202,202,'member',0,0,'2022-12-30 08:18:43','2022-219-E',0,'other','Autre',2022,'00000000000000','7430Z','A compléter','A compléter','A compléter','','',NULL,NULL,'2022-12-30 08:18:08','2023-06-22 10:26:14'),(203,203,'member',0,0,'2022-12-30 08:24:34','2022-220-E',0,'other','Autre',2022,'00000000000000','7430Z','A compléter','A compléter','A compléter','','',NULL,NULL,'2022-12-30 08:23:51','2023-06-22 10:45:40'),(204,204,'member',0,0,'2022-12-30 08:32:50','2022-223-E',0,'other','Autre',2022,'00000000000000','7430Z','A compléter','A compléter','A compléter','','',NULL,NULL,'2022-12-30 08:32:16','2023-06-26 18:23:18'),(205,205,'member',0,0,'2022-12-30 08:38:02','2022-221-E',0,'other','Autre',2022,'00000000000000','7430Z','A compléter','A compléter','A compléter','','',NULL,NULL,'2022-12-30 08:37:28','2023-06-27 07:48:29'),(206,206,'member',0,0,'2022-12-30 08:55:53','2022-207-E',0,'other','Autre',2022,'00000000000000','7430Z','A compléter','A compléter','A compléter','','',NULL,NULL,'2022-12-30 08:53:44','2023-06-22 10:29:04'),(207,207,'member',0,0,'2023-01-30 21:13:00','2016-4-MA',0,NULL,NULL,NULL,NULL,NULL,NULL,NULL,NULL,NULL,NULL,NULL,NULL,'2023-01-30 09:58:24','2023-06-20 15:12:37'),(209,209,'pending_renewal',0,0,'2023-01-30 17:07:32',NULL,0,'liberal_profession','',2006,'00000000000000','7430Z','XXX','XXX','XXX','XXX','XXX',NULL,NULL,'2023-01-30 17:05:33','2023-03-06 09:38:24'),(210,210,'member',0,0,'2023-01-30 21:19:32','2019-126-MA',0,NULL,NULL,NULL,NULL,NULL,NULL,NULL,NULL,NULL,NULL,NULL,NULL,'2023-01-30 21:18:38','2023-06-22 09:59:18'),(211,211,'member',0,0,'2023-01-30 21:23:37','2019-127-MA',0,NULL,NULL,NULL,NULL,NULL,NULL,NULL,NULL,NULL,NULL,NULL,NULL,'2023-01-30 21:22:48','2023-06-23 09:47:34'),(212,212,'member',0,0,'2023-01-30 21:27:28','2020-128-MA',0,NULL,NULL,NULL,NULL,NULL,NULL,NULL,NULL,NULL,NULL,NULL,NULL,'2023-01-30 21:26:39','2023-06-23 09:51:41'),(213,213,'pending_renewal',0,0,'2023-01-30 21:33:35','2022-215-MA',0,NULL,NULL,NULL,NULL,NULL,NULL,NULL,NULL,NULL,NULL,NULL,NULL,'2023-01-30 21:32:05','2023-03-06 09:38:24');

--
-- Table structure for table `codalia_membership_payments`
--

CREATE TABLE `codalia_membership_payments` (
  `id` int unsigned NOT NULL AUTO_INCREMENT,
  `member_id` int unsigned DEFAULT NULL,
  `status` char(15) CHARACTER SET utf8mb4 COLLATE utf8mb4_unicode_ci NOT NULL DEFAULT 'pending',
  `mode` char(15) CHARACTER SET utf8mb4 COLLATE utf8mb4_unicode_ci NOT NULL,
  `item` char(25) CHARACTER SET utf8mb4 COLLATE utf8mb4_unicode_ci NOT NULL,
  `amount` decimal(5,2) unsigned DEFAULT NULL,
  `currency` char(5) CHARACTER SET utf8mb4 COLLATE utf8mb4_unicode_ci NOT NULL,
  `message` text CHARACTER SET utf8mb4 COLLATE utf8mb4_unicode_ci,
  `data` text CHARACTER SET utf8mb4 COLLATE utf8mb4_unicode_ci,
  `transaction_id` varchar(255) CHARACTER SET utf8mb4 COLLATE utf8mb4_unicode_ci DEFAULT NULL,
  `last` tinyint(1) DEFAULT NULL,
  `created_at` timestamp NULL DEFAULT NULL,
  `updated_at` timestamp NULL DEFAULT NULL,
  PRIMARY KEY (`id`),
  KEY `codalia_membership_payments_member_id_index` (`member_id`)
) ENGINE=InnoDB AUTO_INCREMENT=495 DEFAULT CHARSET=utf8mb4 COLLATE=utf8mb4_unicode_ci;

--
-- Dumping data for table `codalia_membership_payments`
--

INSERT INTO `codalia_membership_payments` VALUES (1,1,'completed','cheque','subscription',70.00,'EUR',NULL,NULL,'OFFL633956d9d40dc',0,'2022-10-02 09:16:09','2023-06-19 08:27:35'),(2,2,'completed','cheque','subscription',70.00,'EUR',NULL,NULL,'OFFL6339615357668',0,'2022-10-02 10:00:51','2023-06-19 08:32:56'),(3,2,'completed','cheque','insurance-f1',36.00,'EUR',NULL,NULL,'OFFL633961dab0bb9',0,'2022-10-02 10:03:06','2023-06-19 09:12:23'),(4,3,'completed','cheque','subscription',70.00,'EUR',NULL,NULL,'OFFL63396ad54c5d1',0,'2022-10-02 10:41:25','2023-06-19 09:21:15'),(5,4,'completed','cheque','subscription',70.00,'EUR',NULL,NULL,'OFFL6339df47cb6b9',0,'2022-10-02 18:58:15','2023-06-19 09:24:55'),(6,5,'completed','cheque','subscription',70.00,'EUR',NULL,NULL,'OFFL6339e97d762e9',0,'2022-10-02 19:41:49','2023-06-19 10:53:54'),(7,6,'completed','cheque','subscription',70.00,'EUR',NULL,NULL,'OFFL6339edb4287a8',0,'2022-10-02 19:59:48','2023-06-19 10:59:41'),(8,7,'completed','cheque','subscription',70.00,'EUR',NULL,NULL,'OFFL6339eff2b4826',0,'2022-10-02 20:09:22','2023-06-19 11:02:56'),(9,7,'completed','cheque','insurance-f7',90.00,'EUR',NULL,NULL,'OFFL6339f078de306',0,'2022-10-02 20:11:36','2023-06-19 11:02:56'),(10,8,'completed','cheque','subscription',30.00,'EUR',NULL,NULL,'OFFL633a7416451c2',0,'2022-10-03 05:33:10','2022-10-03 05:34:02'),(11,9,'completed','cheque','subscription',70.00,'EUR',NULL,NULL,'OFFL633a8a73805b5',0,'2022-10-03 07:08:35','2022-10-03 07:09:16'),(12,9,'completed','cheque','insurance-f8',120.00,'EUR',NULL,NULL,'OFFL633a8ae011180',0,'2022-10-03 07:10:24','2022-10-03 07:11:05'),(13,10,'completed','cheque','subscription',70.00,'EUR',NULL,NULL,'OFFL633a8e881888f',0,'2022-10-03 07:26:00','2023-06-19 11:08:35'),(14,10,'completed','cheque','insurance-f1',36.00,'EUR',NULL,NULL,'OFFL633a8edae324f',0,'2022-10-03 07:27:22','2023-06-19 11:08:35'),(15,11,'completed','cheque','subscription',70.00,'EUR',NULL,NULL,'OFFL633ab5cc8b338',0,'2022-10-03 10:13:32','2023-06-19 11:11:05'),(16,11,'completed','cheque','insurance-f7',90.00,'EUR',NULL,NULL,'OFFL633ab6471a5d0',0,'2022-10-03 10:15:35','2023-06-19 11:11:05'),(17,12,'completed','cheque','subscription',70.00,'EUR',NULL,NULL,'OFFL633ac0ec3c51b',0,'2022-10-03 11:01:00','2023-06-19 11:15:09'),(18,12,'completed','cheque','insurance-f7',90.00,'EUR',NULL,NULL,'OFFL633ac1467dab9',0,'2022-10-03 11:02:30','2023-06-19 11:15:09'),(19,13,'completed','cheque','subscription',70.00,'EUR',NULL,NULL,'OFFL633ac3477abc7',0,'2022-10-03 11:11:03','2023-06-19 11:17:14'),(20,14,'completed','cheque','subscription',70.00,'EUR',NULL,NULL,'OFFL633ac5287f465',0,'2022-10-03 11:19:04','2023-06-19 11:23:09'),(21,15,'completed','cheque','subscription',70.00,'EUR',NULL,NULL,'OFFL633b04841749b',0,'2022-10-03 15:49:24','2023-06-19 11:26:01'),(22,16,'completed','cheque','subscription',70.00,'EUR',NULL,NULL,'OFFL633b09f3891e7',0,'2022-10-03 16:12:35','2023-06-19 13:35:52'),(23,17,'completed','cheque','subscription',70.00,'EUR',NULL,NULL,'OFFL633b0b90e1a2c',0,'2022-10-03 16:19:28','2023-06-19 13:37:38'),(24,18,'completed','cheque','subscription',70.00,'EUR',NULL,NULL,'OFFL633b24e3d5753',0,'2022-10-03 18:07:31','2023-06-19 13:40:20'),(25,18,'completed','cheque','insurance-f7',90.00,'EUR',NULL,NULL,'OFFL633b2510454cd',0,'2022-10-03 18:08:16','2023-06-19 13:40:20'),(26,19,'completed','cheque','subscription',70.00,'EUR',NULL,NULL,'OFFL633b2700738ec',0,'2022-10-03 18:16:32','2023-06-19 13:41:46'),(27,20,'completed','cheque','subscription',70.00,'EUR',NULL,NULL,'OFFL633b298dd3820',0,'2022-10-03 18:27:25','2023-06-19 13:43:51'),(28,20,'completed','cheque','insurance-f7',90.00,'EUR',NULL,NULL,'OFFL633b29cf4291b',0,'2022-10-03 18:28:31','2023-06-19 13:43:51'),(29,21,'completed','cheque','subscription',70.00,'EUR',NULL,NULL,'OFFL633b2b2b9d603',0,'2022-10-03 18:34:19','2023-06-19 13:45:40'),(30,22,'completed','cheque','subscription',70.00,'EUR',NULL,NULL,'OFFL633b323b992bc',0,'2022-10-03 19:04:27','2023-06-19 13:49:06'),(31,23,'completed','cheque','subscription',70.00,'EUR',NULL,NULL,'OFFL633b338aee45a',0,'2022-10-03 19:10:02','2022-10-03 19:10:18'),(32,24,'completed','cheque','subscription',70.00,'EUR',NULL,NULL,'OFFL633b35555ad06',0,'2022-10-03 19:17:41','2022-10-03 19:17:58'),(33,25,'completed','cheque','subscription',70.00,'EUR',NULL,NULL,'OFFL633b370f7226a',0,'2022-10-03 19:25:03','2023-06-19 14:03:44'),(34,25,'completed','cheque','insurance-f7',90.00,'EUR',NULL,NULL,'OFFL633b374311404',0,'2022-10-03 19:25:55','2023-06-19 14:03:44'),(35,26,'completed','cheque','subscription',70.00,'EUR',NULL,NULL,'OFFL633b38b1eb902',0,'2022-10-03 19:32:01','2023-06-19 14:06:58'),(36,26,'completed','cheque','insurance-f8',120.00,'EUR',NULL,NULL,'OFFL633b3a55c7135',0,'2022-10-03 19:39:01','2023-06-19 14:06:58'),(37,27,'completed','cheque','subscription',70.00,'EUR',NULL,NULL,'OFFL633c74991dd2d',0,'2022-10-04 17:59:53','2023-06-19 14:08:43'),(38,28,'completed','cheque','subscription',70.00,'EUR',NULL,NULL,'OFFL633c7a56a52db',0,'2022-10-04 18:24:22','2023-06-19 13:57:08'),(39,28,'completed','cheque','insurance-f7',90.00,'EUR',NULL,NULL,'OFFL633c7aa499a8b',0,'2022-10-04 18:25:40','2023-06-19 13:57:08'),(40,29,'completed','cheque','subscription',70.00,'EUR',NULL,NULL,'OFFL633c7d691bc5e',0,'2022-10-04 18:37:29','2023-06-19 14:10:26'),(41,30,'completed','cheque','subscription',70.00,'EUR',NULL,NULL,'OFFL633c8338e869c',0,'2022-10-04 19:02:16','2023-06-19 14:12:01'),(42,30,'completed','cheque','insurance-f7',90.00,'EUR',NULL,NULL,'OFFL633c837934a37',0,'2022-10-04 19:03:21','2023-06-19 14:12:01'),(43,31,'completed','cheque','subscription',70.00,'EUR',NULL,NULL,'OFFL633c8578d2f11',0,'2022-10-04 19:11:52','2023-06-19 14:13:31'),(44,32,'completed','cheque','subscription',70.00,'EUR',NULL,NULL,'OFFL633c878951cdc',0,'2022-10-04 19:20:41','2023-06-19 14:15:18'),(45,33,'completed','cheque','subscription',70.00,'EUR',NULL,NULL,'OFFL633c88dc79b77',0,'2022-10-04 19:26:20','2023-06-19 14:17:17'),(46,34,'completed','cheque','subscription',70.00,'EUR',NULL,NULL,'OFFL633c8a5ba2e8c',0,'2022-10-04 19:32:43','2023-06-19 14:19:30'),(47,34,'completed','cheque','insurance-f7',90.00,'EUR',NULL,NULL,'OFFL633c8a8389a14',0,'2022-10-04 19:33:23','2023-06-19 14:19:30'),(48,35,'completed','cheque','subscription',70.00,'EUR',NULL,NULL,'OFFL633c8c2545bcf',0,'2022-10-04 19:40:21','2023-06-19 14:20:50'),(49,35,'completed','cheque','insurance-f7',90.00,'EUR',NULL,NULL,'OFFL633c8c4ba24f5',0,'2022-10-04 19:40:59','2023-06-19 14:20:50'),(50,36,'completed','cheque','subscription',70.00,'EUR',NULL,NULL,'OFFL633c90445fa6c',0,'2022-10-04 19:57:56','2023-06-19 14:22:03'),(51,36,'completed','cheque','insurance-f7',90.00,'EUR',NULL,NULL,'OFFL633c90a4c18f3',0,'2022-10-04 19:59:32','2023-06-19 14:22:03'),(52,37,'completed','cheque','subscription',70.00,'EUR',NULL,NULL,'OFFL633c91e504204',0,'2022-10-04 20:04:53','2023-06-19 14:24:49'),(53,37,'completed','cheque','insurance-f8',120.00,'EUR',NULL,NULL,'OFFL633c92166ff84',0,'2022-10-04 20:05:42','2023-06-19 14:24:49'),(54,38,'completed','cheque','subscription',70.00,'EUR',NULL,NULL,'OFFL633c93825d285',0,'2022-10-04 20:11:46','2023-06-19 14:27:19'),(55,38,'completed','cheque','insurance-f7',90.00,'EUR',NULL,NULL,'OFFL633c93b8b5985',0,'2022-10-04 20:12:40','2023-06-19 14:27:19'),(56,39,'completed','cheque','subscription',70.00,'EUR',NULL,NULL,'OFFL633c95c95249a',0,'2022-10-04 20:21:29','2023-06-19 14:29:14'),(57,40,'completed','cheque','subscription',70.00,'EUR',NULL,NULL,'OFFL633c96fbbbbc1',0,'2022-10-04 20:26:35','2023-06-19 14:30:43'),(58,41,'completed','cheque','subscription',70.00,'EUR',NULL,NULL,'OFFL633c99e4cb43a',0,'2022-10-04 20:39:00','2022-10-04 20:39:12'),(59,42,'completed','cheque','subscription',70.00,'EUR',NULL,NULL,'OFFL633c9b617170b',0,'2022-10-04 20:45:21','2023-06-19 14:32:17'),(60,43,'completed','cheque','subscription',70.00,'EUR',NULL,NULL,'OFFL633c9cf635b89',0,'2022-10-04 20:52:06','2023-06-19 14:33:43'),(61,43,'completed','cheque','insurance-f7',90.00,'EUR',NULL,NULL,'OFFL633c9d22e2dea',0,'2022-10-04 20:52:50','2023-06-19 14:33:43'),(62,44,'completed','cheque','subscription',70.00,'EUR',NULL,NULL,'OFFL633ca2c5089b9',0,'2022-10-04 21:16:53','2023-06-19 14:37:39'),(63,45,'completed','cheque','subscription',70.00,'EUR',NULL,NULL,'OFFL633ca477bfe52',0,'2022-10-04 21:24:07','2023-06-20 14:09:07'),(64,45,'completed','cheque','insurance-f7',90.00,'EUR',NULL,NULL,'OFFL633ca4ad6576f',0,'2022-10-04 21:25:01','2023-06-20 14:09:07'),(65,46,'completed','cheque','subscription',70.00,'EUR',NULL,NULL,'OFFL633ca6211498e',0,'2022-10-04 21:31:13','2023-06-20 14:10:34'),(66,47,'completed','cheque','subscription',70.00,'EUR',NULL,NULL,'OFFL633ca77349c59',0,'2022-10-04 21:36:51','2023-06-20 14:12:37'),(67,47,'completed','cheque','insurance-f7',90.00,'EUR',NULL,NULL,'OFFL633ca797930f4',0,'2022-10-04 21:37:27','2023-06-20 14:12:37'),(68,48,'completed','cheque','subscription',70.00,'EUR',NULL,NULL,'OFFL633ca8e6dc546',0,'2022-10-04 21:43:02','2023-06-20 14:15:33'),(69,49,'completed','cheque','subscription',70.00,'EUR',NULL,NULL,'OFFL633caa8cebd21',0,'2022-10-04 21:50:04','2023-06-20 14:18:00'),(70,50,'completed','cheque','subscription',70.00,'EUR',NULL,NULL,'OFFL633cace3cd92a',0,'2022-10-04 22:00:03','2023-06-20 14:20:47'),(71,51,'completed','cheque','subscription',70.00,'EUR',NULL,NULL,'OFFL633d57dba9a73',0,'2022-10-05 10:09:31','2023-06-19 14:36:21'),(72,52,'completed','cheque','subscription',70.00,'EUR',NULL,NULL,'OFFL633d5ab3d56c2',0,'2022-10-05 10:21:39','2023-06-20 14:22:43'),(73,53,'completed','cheque','subscription',70.00,'EUR',NULL,NULL,'OFFL633d5e30bcd3c',0,'2022-10-05 10:36:32','2023-06-20 14:25:41'),(74,54,'completed','cheque','subscription',70.00,'EUR',NULL,NULL,'OFFL633d60a56a77e',0,'2022-10-05 10:47:01','2023-06-20 14:27:40'),(75,54,'completed','cheque','insurance-f8',120.00,'EUR',NULL,NULL,'OFFL633d60f58b201',0,'2022-10-05 10:48:21','2023-06-20 14:27:40'),(76,56,'completed','cheque','subscription',70.00,'EUR',NULL,NULL,'OFFL634a74d73569e',0,'2022-10-15 08:52:39','2023-06-20 15:00:42'),(77,57,'completed','cheque','subscription',70.00,'EUR',NULL,NULL,'OFFL634a76b45b23d',0,'2022-10-15 09:00:36','2023-06-20 14:32:20'),(78,57,'completed','cheque','insurance-f9',190.00,'EUR',NULL,NULL,'OFFL634a76ea5a1ab',0,'2022-10-15 09:01:30','2023-06-20 14:32:20'),(79,58,'completed','cheque','subscription',70.00,'EUR',NULL,NULL,'OFFL634ad33178f33',0,'2022-10-15 15:35:13','2023-06-20 15:03:11'),(80,59,'completed','cheque','subscription',70.00,'EUR',NULL,NULL,'OFFL634ad561560a6',0,'2022-10-15 15:44:33','2023-06-20 15:05:09'),(81,59,'completed','cheque','insurance-f7',90.00,'EUR',NULL,NULL,'OFFL634ad58b32822',0,'2022-10-15 15:45:15','2023-06-20 15:05:09'),(82,60,'completed','cheque','subscription',70.00,'EUR',NULL,NULL,'OFFL634ad76f764e5',0,'2022-10-15 15:53:19','2023-06-20 15:06:38'),(83,60,'completed','cheque','insurance-f1',36.00,'EUR',NULL,NULL,'OFFL634ad7e749ecb',0,'2022-10-15 15:55:19','2023-06-20 15:06:38'),(84,61,'completed','cheque','subscription',70.00,'EUR',NULL,NULL,'OFFL634ad9db46214',0,'2022-10-15 16:03:39','2023-06-20 15:08:33'),(85,61,'completed','cheque','insurance-f7',90.00,'EUR',NULL,NULL,'OFFL634ada1181bcc',0,'2022-10-15 16:04:33','2023-06-20 15:08:33'),(86,62,'completed','cheque','subscription',70.00,'EUR',NULL,NULL,'OFFL634ae9019e939',0,'2022-10-15 17:08:17','2023-06-20 15:10:13'),(87,63,'completed','cheque','subscription',70.00,'EUR',NULL,NULL,'OFFL634aeaa4c0d07',0,'2022-10-15 17:15:16','2023-06-20 15:18:13'),(88,64,'completed','cheque','subscription',70.00,'EUR',NULL,NULL,'OFFL634b01b9f40a6',0,'2022-10-15 18:53:46','2023-06-20 15:19:47'),(89,64,'completed','cheque','insurance-f7',90.00,'EUR',NULL,NULL,'OFFL634b01ebf11cd',0,'2022-10-15 18:54:35','2023-06-20 15:19:47'),(90,65,'completed','cheque','subscription',70.00,'EUR',NULL,NULL,'OFFL634b0340371ad',0,'2022-10-15 19:00:16','2023-06-20 14:24:15'),(91,65,'completed','cheque','insurance-f1',36.00,'EUR',NULL,NULL,'OFFL634b03739ef9a',0,'2022-10-15 19:01:07','2023-06-20 14:24:15'),(92,66,'completed','cheque','subscription',70.00,'EUR',NULL,NULL,'OFFL634b04ba39027',0,'2022-10-15 19:06:34','2023-06-20 15:21:36'),(93,67,'completed','cheque','subscription',70.00,'EUR',NULL,NULL,'OFFL634b061e506d4',0,'2022-10-15 19:12:30','2023-06-20 15:23:07'),(94,67,'completed','cheque','insurance-f7',90.00,'EUR',NULL,NULL,'OFFL634b064e48d66',0,'2022-10-15 19:13:18','2023-06-20 15:23:07'),(95,68,'completed','cheque','subscription',70.00,'EUR',NULL,NULL,'OFFL634b077f9c2a0',0,'2022-10-15 19:18:23','2023-06-20 15:25:52'),(96,69,'completed','cheque','subscription',70.00,'EUR',NULL,NULL,'OFFL634b0919eb39c',0,'2022-10-15 19:25:13','2023-06-20 15:27:07'),(97,70,'completed','cheque','subscription',70.00,'EUR',NULL,NULL,'OFFL634b0ebdba758',0,'2022-10-15 19:49:17','2022-10-15 19:49:35'),(98,71,'completed','cheque','subscription',70.00,'EUR',NULL,NULL,'OFFL634b100fcf8cf',0,'2022-10-15 19:54:55','2023-06-20 15:33:17'),(99,71,'completed','cheque','insurance-f7',90.00,'EUR',NULL,NULL,'OFFL634b105fc802b',0,'2022-10-15 19:56:15','2023-06-20 15:33:17'),(100,72,'completed','cheque','subscription',70.00,'EUR',NULL,NULL,'OFFL634b1396c8852',0,'2022-10-15 20:09:58','2023-06-22 09:33:12'),(101,72,'completed','cheque','insurance-f8',120.00,'EUR',NULL,NULL,'OFFL634b13c6b997c',0,'2022-10-15 20:10:46','2023-06-22 09:33:12'),(102,73,'completed','cheque','subscription',70.00,'EUR',NULL,NULL,'OFFL634b9d2db2142',0,'2022-10-16 05:57:01','2023-06-22 09:41:13'),(103,74,'completed','cheque','subscription',70.00,'EUR',NULL,NULL,'OFFL634ba847290ed',0,'2022-10-16 06:44:23','2023-06-22 09:43:41'),(104,74,'completed','cheque','insurance-f8',120.00,'EUR',NULL,NULL,'OFFL634ba87df0852',0,'2022-10-16 06:45:17','2023-06-22 09:43:41'),(105,75,'completed','cheque','subscription',70.00,'EUR',NULL,NULL,'OFFL634baa16c40df',0,'2022-10-16 06:52:06','2022-10-16 06:52:19'),(106,76,'completed','cheque','subscription',70.00,'EUR',NULL,NULL,'OFFL634bab89a9ebb',0,'2022-10-16 06:58:17','2023-06-22 09:45:32'),(107,76,'completed','cheque','insurance-f8',120.00,'EUR',NULL,NULL,'OFFL634babd883cbf',0,'2022-10-16 06:59:36','2023-06-22 09:45:32'),(108,77,'completed','cheque','subscription',70.00,'EUR',NULL,NULL,'OFFL634bad59e9c34',0,'2022-10-16 07:06:01','2023-06-22 09:50:54'),(109,78,'completed','cheque','subscription',70.00,'EUR',NULL,NULL,'OFFL634baeef2e4ef',0,'2022-10-16 07:12:47','2023-06-22 10:03:01'),(110,78,'completed','cheque','insurance-f7',90.00,'EUR',NULL,NULL,'OFFL634baf1892c99',0,'2022-10-16 07:13:28','2023-06-22 10:03:01'),(111,79,'completed','cheque','subscription',70.00,'EUR',NULL,NULL,'OFFL634bbc4801541',0,'2022-10-16 08:09:44','2023-06-22 10:03:55'),(112,80,'completed','cheque','subscription',70.00,'EUR',NULL,NULL,'OFFL634bbd930b509',0,'2022-10-16 08:15:15','2023-06-22 10:05:00'),(113,80,'completed','cheque','insurance-f9',190.00,'EUR',NULL,NULL,'OFFL634bbdafd5e97',0,'2022-10-16 08:15:43','2023-06-22 10:05:00'),(114,81,'completed','cheque','subscription',70.00,'EUR',NULL,NULL,'OFFL634bc531920da',0,'2022-10-16 08:47:45','2023-06-27 07:42:51'),(115,81,'completed','cheque','insurance-f7',90.00,'EUR',NULL,NULL,'OFFL634bc5821c93c',0,'2022-10-16 08:49:06','2023-06-27 07:42:51'),(116,82,'completed','cheque','subscription',70.00,'EUR',NULL,NULL,'OFFL634bf69875433',0,'2022-10-16 12:18:32','2023-06-22 10:06:10'),(117,83,'completed','cheque','subscription',70.00,'EUR',NULL,NULL,'OFFL634bf80aa19a9',0,'2022-10-16 12:24:42','2023-06-22 10:09:49'),(118,84,'completed','cheque','subscription',70.00,'EUR',NULL,NULL,'OFFL634bf981e7619',0,'2022-10-16 12:30:57','2023-06-22 10:11:33'),(119,85,'completed','cheque','subscription',70.00,'EUR',NULL,NULL,'OFFL634bfb9644067',0,'2022-10-16 12:39:50','2023-06-22 10:13:09'),(120,85,'completed','cheque','insurance-f7',90.00,'EUR',NULL,NULL,'OFFL634bfbbfc0b07',0,'2022-10-16 12:40:31','2023-06-22 10:13:09'),(121,86,'completed','cheque','subscription',70.00,'EUR',NULL,NULL,'OFFL634bffc1b24b3',0,'2022-10-16 12:57:37','2023-06-22 10:17:15'),(122,87,'completed','cheque','subscription',70.00,'EUR',NULL,NULL,'OFFL634c01d307e01',0,'2022-10-16 13:06:27','2023-06-22 10:18:15'),(123,88,'completed','cheque','subscription',70.00,'EUR',NULL,NULL,'OFFL634c0302e6782',0,'2022-10-16 13:11:30','2023-06-22 10:19:19'),(124,89,'completed','cheque','subscription',70.00,'EUR',NULL,NULL,'OFFL634c04f79985f',0,'2022-10-16 13:19:51','2023-06-22 10:20:45'),(125,89,'completed','cheque','insurance-f7',90.00,'EUR',NULL,NULL,'OFFL634c0517ed7b0',0,'2022-10-16 13:20:23','2023-06-22 10:20:45'),(126,90,'completed','cheque','subscription',70.00,'EUR',NULL,NULL,'OFFL634c06a7ecc70',0,'2022-10-16 13:27:03','2023-06-23 09:57:02'),(127,91,'completed','cheque','subscription',70.00,'EUR',NULL,NULL,'OFFL634c08d970c17',0,'2022-10-16 13:36:25','2022-10-16 13:36:35'),(128,92,'completed','cheque','subscription',70.00,'EUR',NULL,NULL,'OFFL634c0a3e1e8c3',0,'2022-10-16 13:42:22','2023-06-22 10:22:15'),(129,93,'completed','cheque','subscription',70.00,'EUR',NULL,NULL,'OFFL634c560ba1979',0,'2022-10-16 19:05:47','2023-06-22 10:23:13'),(130,94,'completed','cheque','subscription',70.00,'EUR',NULL,NULL,'OFFL634c59690cbe7',0,'2022-10-16 19:20:09','2023-06-22 10:24:30'),(131,94,'completed','cheque','insurance-f7',90.00,'EUR',NULL,NULL,'OFFL634c5995e270d',0,'2022-10-16 19:20:53','2023-06-22 10:24:30'),(132,95,'completed','cheque','subscription',70.00,'EUR',NULL,NULL,'OFFL634c5ae4dacad',0,'2022-10-16 19:26:28','2023-06-22 10:27:02'),(133,95,'completed','cheque','insurance-f9',190.00,'EUR',NULL,NULL,'OFFL634c5b05e62b9',0,'2022-10-16 19:27:01','2023-06-22 10:27:02'),(134,96,'completed','cheque','subscription',70.00,'EUR',NULL,NULL,'OFFL634c5cb04c76a',0,'2022-10-16 19:34:08','2023-06-22 10:28:01'),(135,96,'completed','cheque','insurance-f7',90.00,'EUR',NULL,NULL,'OFFL634c5cd0381d9',0,'2022-10-16 19:34:40','2023-06-22 10:28:01'),(136,97,'completed','cheque','subscription',70.00,'EUR',NULL,NULL,'OFFL634c5e8182e48',0,'2022-10-16 19:41:53','2022-10-16 19:42:04'),(137,98,'completed','cheque','subscription',70.00,'EUR',NULL,NULL,'OFFL634c62b248e7e',0,'2022-10-16 19:59:46','2023-06-22 10:29:46'),(138,98,'completed','cheque','insurance-f7',90.00,'EUR',NULL,NULL,'OFFL634c62cd74ef8',0,'2022-10-16 20:00:13','2023-06-22 10:29:46'),(139,99,'completed','cheque','subscription',70.00,'EUR',NULL,NULL,'OFFL634c640448158',0,'2022-10-16 20:05:24','2023-06-22 10:30:32'),(140,100,'completed','cheque','subscription',70.00,'EUR',NULL,NULL,'OFFL634c655b1d532',0,'2022-10-16 20:11:07','2023-06-22 10:31:26'),(141,100,'completed','cheque','insurance-f8',120.00,'EUR',NULL,NULL,'OFFL634c65837de99',0,'2022-10-16 20:11:47','2023-06-22 10:31:26'),(142,101,'completed','cheque','subscription',70.00,'EUR',NULL,NULL,'OFFL637e1657de749',0,'2022-11-23 12:47:19','2023-06-22 10:32:31'),(143,101,'completed','cheque','insurance-f7',90.00,'EUR',NULL,NULL,'OFFL637e16bbdfa5b',0,'2022-11-23 12:48:59','2023-06-22 10:32:31'),(144,102,'completed','cheque','subscription',70.00,'EUR',NULL,NULL,'OFFL637e4ed2c9539',0,'2022-11-23 16:48:18','2023-06-22 10:33:24'),(145,103,'completed','cheque','subscription',70.00,'EUR',NULL,NULL,'OFFL637e50fe94e68',0,'2022-11-23 16:57:34','2023-06-22 10:37:54'),(146,104,'completed','cheque','subscription',70.00,'EUR',NULL,NULL,'OFFL637e65c96fe4b',0,'2022-11-23 18:26:17','2023-06-22 10:38:43'),(147,104,'completed','cheque','insurance-f7',90.00,'EUR',NULL,NULL,'OFFL637e65f2a79b1',0,'2022-11-23 18:26:58','2023-06-22 10:38:43'),(148,105,'completed','cheque','subscription',70.00,'EUR',NULL,NULL,'OFFL637e69d051fd2',0,'2022-11-23 18:43:28','2023-06-22 10:39:49'),(149,105,'completed','cheque','insurance-f3',80.00,'EUR',NULL,NULL,'OFFL637e6a04523c6',0,'2022-11-23 18:44:20','2023-06-22 10:39:49'),(150,106,'completed','cheque','subscription',70.00,'EUR',NULL,NULL,'OFFL637e6cbd56def',0,'2022-11-23 18:55:57','2023-06-22 10:40:40'),(151,107,'completed','cheque','subscription',70.00,'EUR',NULL,NULL,'OFFL637e7a8d92a1e',0,'2022-11-23 19:54:53','2023-06-22 10:43:20'),(152,107,'completed','cheque','insurance-f7',90.00,'EUR',NULL,NULL,'OFFL637e7ab5d73b3',0,'2022-11-23 19:55:33','2023-06-22 10:43:20'),(153,108,'completed','cheque','subscription',70.00,'EUR',NULL,NULL,'OFFL637e7c2393d4d',0,'2022-11-23 20:01:39','2023-06-22 10:41:36'),(154,109,'completed','cheque','subscription',70.00,'EUR',NULL,NULL,'OFFL637e7d4029feb',0,'2022-11-23 20:06:24','2023-06-22 10:42:31'),(155,110,'completed','cheque','subscription',70.00,'EUR',NULL,NULL,'OFFL637e7e7f4dcd2',0,'2022-11-23 20:11:43','2023-06-22 10:44:15'),(156,111,'completed','cheque','subscription',70.00,'EUR',NULL,NULL,'OFFL637e8003d6b35',0,'2022-11-23 20:18:11','2023-06-22 10:46:21'),(157,111,'completed','cheque','insurance-f7',90.00,'EUR',NULL,NULL,'OFFL637e8029ecbab',0,'2022-11-23 20:18:49','2023-06-22 10:46:21'),(158,112,'completed','cheque','subscription',70.00,'EUR',NULL,NULL,'OFFL637e8161d4d6a',0,'2022-11-23 20:24:01','2023-06-22 10:52:49'),(159,113,'completed','cheque','subscription',70.00,'EUR',NULL,NULL,'OFFL637e82a51ce89',0,'2022-11-23 20:29:25','2023-06-23 09:35:56'),(160,114,'completed','cheque','subscription',70.00,'EUR',NULL,NULL,'OFFL637e83ce0b917',0,'2022-11-23 20:34:22','2023-06-23 09:37:11'),(161,114,'completed','cheque','insurance-f1',36.00,'EUR',NULL,NULL,'OFFL637e83f2628b6',0,'2022-11-23 20:34:58','2023-06-23 09:37:11'),(162,115,'completed','cheque','subscription',70.00,'EUR',NULL,NULL,'OFFL637f756ba167e',0,'2022-11-24 13:45:15','2023-06-23 09:38:13'),(163,115,'completed','cheque','insurance-f7',90.00,'EUR',NULL,NULL,'OFFL637f759b1d513',0,'2022-11-24 13:46:03','2023-06-23 09:38:13'),(164,116,'completed','cheque','subscription',70.00,'EUR',NULL,NULL,'OFFL637f76c62e928',0,'2022-11-24 13:51:02','2023-06-23 09:39:34'),(165,117,'completed','cheque','subscription',70.00,'EUR',NULL,NULL,'OFFL637f784023733',0,'2022-11-24 13:57:20','2023-06-23 09:40:17'),(166,118,'completed','cheque','subscription',70.00,'EUR',NULL,NULL,'OFFL637f794f6448b',0,'2022-11-24 14:01:51','2023-06-23 09:41:43'),(167,119,'completed','cheque','subscription',70.00,'EUR',NULL,NULL,'OFFL637f7a494c794',0,'2022-11-24 14:06:01','2023-06-23 09:41:00'),(168,119,'completed','cheque','insurance-f8',120.00,'EUR',NULL,NULL,'OFFL637f7a78813f3',0,'2022-11-24 14:06:48','2023-06-23 09:41:00'),(169,120,'completed','cheque','subscription',70.00,'EUR',NULL,NULL,'OFFL637f7c5c395d2',0,'2022-11-24 14:14:52','2022-11-24 14:15:00'),(170,121,'completed','cheque','subscription',70.00,'EUR',NULL,NULL,'OFFL637f7f40adb66',0,'2022-11-24 14:27:12','2023-06-23 09:43:44'),(171,121,'completed','cheque','insurance-f1',36.00,'EUR',NULL,NULL,'OFFL637f7fc20cf4e',0,'2022-11-24 14:29:22','2023-06-23 09:43:44'),(172,122,'completed','cheque','subscription',70.00,'EUR',NULL,NULL,'OFFL63806614e5066',0,'2022-11-25 06:52:04','2023-06-23 09:44:40'),(173,122,'completed','cheque','insurance-f9',190.00,'EUR',NULL,NULL,'OFFL6380663711d5c',0,'2022-11-25 06:52:39','2023-06-23 09:44:40'),(174,123,'completed','cheque','subscription',70.00,'EUR',NULL,NULL,'OFFL63807aa682d6c',0,'2022-11-25 08:19:50','2023-06-23 09:45:26'),(175,124,'completed','cheque','subscription',70.00,'EUR',NULL,NULL,'OFFL63807c61952af',0,'2022-11-25 08:27:13','2023-06-23 09:50:55'),(176,125,'completed','cheque','subscription',70.00,'EUR',NULL,NULL,'OFFL6380800e13d18',0,'2022-11-25 08:42:54','2023-06-23 09:49:53'),(177,126,'completed','cheque','subscription',70.00,'EUR',NULL,NULL,'OFFL63808663e2e0e',0,'2022-11-25 09:09:55','2023-06-23 09:46:16'),(178,126,'completed','cheque','insurance-f7',90.00,'EUR',NULL,NULL,'OFFL6380868717ed8',0,'2022-11-25 09:10:31','2023-06-23 09:46:16'),(179,127,'completed','cheque','subscription',70.00,'EUR',NULL,NULL,'OFFL638090255a045',0,'2022-11-25 09:51:33','2023-06-23 09:52:16'),(180,128,'completed','cheque','subscription',70.00,'EUR',NULL,NULL,'OFFL6380929280ede',0,'2022-11-25 10:01:54','2023-06-23 09:53:06'),(181,129,'completed','cheque','subscription',70.00,'EUR',NULL,NULL,'OFFL638093e22e2a6',0,'2022-11-25 10:07:30','2023-06-23 09:54:03'),(182,130,'completed','cheque','subscription',70.00,'EUR',NULL,NULL,'OFFL6380afb969ec8',0,'2022-11-25 12:06:17','2023-06-23 09:54:47'),(183,131,'completed','cheque','subscription',70.00,'EUR',NULL,NULL,'OFFL6380b12301b16',0,'2022-11-25 12:12:19','2023-06-23 09:55:37'),(184,132,'completed','cheque','subscription',70.00,'EUR',NULL,NULL,'OFFL6380b298d103d',0,'2022-11-25 12:18:32','2023-06-23 09:56:29'),(185,133,'completed','cheque','subscription',70.00,'EUR',NULL,NULL,'OFFL6380cf8924e54',0,'2022-11-25 14:22:01','2023-06-23 09:57:50'),(186,133,'completed','cheque','insurance-f8',120.00,'EUR',NULL,NULL,'OFFL6380cfaa6d729',0,'2022-11-25 14:22:34','2023-06-23 09:57:50'),(187,134,'completed','cheque','subscription',70.00,'EUR',NULL,NULL,'OFFL6380d0e2b59e3',0,'2022-11-25 14:27:46','2023-06-23 09:58:50'),(188,135,'completed','cheque','subscription',70.00,'EUR',NULL,NULL,'OFFL6380d23756c1d',0,'2022-11-25 14:33:27','2023-06-23 09:59:42'),(189,136,'completed','cheque','subscription',70.00,'EUR',NULL,NULL,'OFFL6380d64632f6a',0,'2022-11-25 14:50:46','2023-06-23 10:00:24'),(190,136,'completed','cheque','insurance-f7',90.00,'EUR',NULL,NULL,'OFFL6380d6630eeac',0,'2022-11-25 14:51:15','2023-06-23 10:00:24'),(191,137,'completed','cheque','subscription',70.00,'EUR',NULL,NULL,'OFFL6380d7a39d939',0,'2022-11-25 14:56:35','2023-06-23 10:04:23'),(192,137,'completed','cheque','insurance-f8',120.00,'EUR',NULL,NULL,'OFFL6380d7c21cd6c',0,'2022-11-25 14:57:06','2023-06-23 10:04:23'),(193,138,'completed','cheque','subscription',70.00,'EUR',NULL,NULL,'OFFL63826ff835142',0,'2022-11-26 19:58:48','2023-06-23 10:05:11'),(194,138,'completed','cheque','insurance-f7',90.00,'EUR',NULL,NULL,'OFFL638270180a9fa',0,'2022-11-26 19:59:20','2023-06-23 10:05:11'),(195,139,'completed','cheque','subscription',70.00,'EUR',NULL,NULL,'OFFL6382716ca68af',0,'2022-11-26 20:05:00','2023-06-23 10:06:54'),(196,140,'completed','cheque','subscription',70.00,'EUR',NULL,NULL,'OFFL638272bbe7db5',0,'2022-11-26 20:10:35','2023-06-23 10:11:37'),(197,140,'completed','cheque','insurance-f7',90.00,'EUR',NULL,NULL,'OFFL638272e026cba',0,'2022-11-26 20:11:12','2023-06-23 10:11:37'),(198,141,'completed','cheque','subscription',70.00,'EUR',NULL,NULL,'OFFL6382741f06347',0,'2022-11-26 20:16:31','2023-06-23 10:10:53'),(199,142,'completed','cheque','subscription',70.00,'EUR',NULL,NULL,'OFFL6382756070a4b',0,'2022-11-26 20:21:52','2023-06-23 10:12:29'),(200,143,'completed','cheque','subscription',70.00,'EUR',NULL,NULL,'OFFL638276bc124fe',0,'2022-11-26 20:27:40','2023-06-23 10:13:58'),(201,144,'completed','cheque','subscription',70.00,'EUR',NULL,NULL,'OFFL638278c0c255c',0,'2022-11-26 20:36:16','2023-06-23 10:16:07'),(202,144,'completed','cheque','insurance-f7',90.00,'EUR',NULL,NULL,'OFFL638278ebbe9f6',0,'2022-11-26 20:36:59','2023-06-23 10:16:07'),(203,145,'completed','cheque','subscription',70.00,'EUR',NULL,NULL,'OFFL63827b213fbc5',0,'2022-11-26 20:46:25','2023-06-23 10:17:59'),(204,146,'completed','cheque','subscription',70.00,'EUR',NULL,NULL,'OFFL63827c3d889ab',0,'2022-11-26 20:51:09','2023-06-23 10:17:23'),(205,147,'completed','cheque','subscription',70.00,'EUR',NULL,NULL,'OFFL6382ff2d2c968',0,'2022-11-27 06:09:49','2023-06-23 10:18:38'),(206,148,'completed','cheque','subscription',70.00,'EUR',NULL,NULL,'OFFL638304d211ce5',0,'2022-11-27 06:33:54','2023-06-23 10:19:11'),(207,149,'completed','cheque','subscription',30.00,'EUR',NULL,NULL,'OFFL638307c295536',1,'2022-11-27 06:46:26','2022-11-27 06:46:41'),(208,150,'completed','cheque','subscription',70.00,'EUR',NULL,NULL,'OFFL63831f8c5c304',0,'2022-11-27 08:27:56','2023-06-26 18:08:24'),(209,151,'completed','cheque','subscription',70.00,'EUR',NULL,NULL,'OFFL638320c7c7c67',0,'2022-11-27 08:33:11','2023-06-26 18:09:17'),(210,152,'completed','cheque','subscription',70.00,'EUR',NULL,NULL,'OFFL6383258acf88f',0,'2022-11-27 08:53:30','2023-06-26 18:10:21'),(211,153,'completed','cheque','subscription',70.00,'EUR',NULL,NULL,'OFFL638327046ebf4',0,'2022-11-27 08:59:48','2023-06-26 18:11:14'),(212,153,'completed','cheque','insurance-f7',90.00,'EUR',NULL,NULL,'OFFL6383272f3084d',0,'2022-11-27 09:00:31','2023-06-26 18:11:14'),(213,154,'completed','cheque','subscription',70.00,'EUR',NULL,NULL,'OFFL6383285cdae43',0,'2022-11-27 09:05:32','2023-06-26 18:14:37'),(214,154,'completed','cheque','insurance-f8',120.00,'EUR',NULL,NULL,'OFFL6383288b28d7a',0,'2022-11-27 09:06:19','2023-06-26 18:14:37'),(215,155,'completed','cheque','subscription',70.00,'EUR',NULL,NULL,'OFFL63832a0e3e327',0,'2022-11-27 09:12:46','2023-06-26 18:16:49'),(216,156,'completed','cheque','subscription',70.00,'EUR',NULL,NULL,'OFFL63832b577223d',0,'2022-11-27 09:18:15','2023-06-26 18:18:49'),(217,156,'completed','cheque','insurance-f7',90.00,'EUR',NULL,NULL,'OFFL63832b7e51222',0,'2022-11-27 09:18:54','2023-06-26 18:18:49'),(218,157,'completed','cheque','subscription',70.00,'EUR',NULL,NULL,'OFFL6383474e4a04e',0,'2022-11-27 11:17:34','2023-06-26 18:19:41'),(219,157,'completed','cheque','insurance-f9',190.00,'EUR',NULL,NULL,'OFFL6383476f5129c',0,'2022-11-27 11:18:07','2023-06-26 18:19:41'),(220,158,'completed','cheque','subscription',70.00,'EUR',NULL,NULL,'OFFL638348a748235',0,'2022-11-27 11:23:19','2023-06-26 18:21:01'),(221,158,'completed','cheque','insurance-f1',36.00,'EUR',NULL,NULL,'OFFL638348d5c9615',0,'2022-11-27 11:24:05','2023-06-26 18:21:01'),(222,159,'completed','cheque','subscription',70.00,'EUR',NULL,NULL,'OFFL63835fb9360a2',0,'2022-11-27 13:01:45','2023-06-26 18:21:43'),(223,160,'completed','cheque','subscription',70.00,'EUR',NULL,NULL,'OFFL638361377991a',0,'2022-11-27 13:08:07','2023-06-26 18:22:29'),(224,161,'completed','cheque','subscription',70.00,'EUR',NULL,NULL,'OFFL638362952eec5',0,'2022-11-27 13:13:57','2023-06-26 18:23:55'),(225,162,'completed','cheque','subscription',70.00,'EUR',NULL,NULL,'OFFL638364c8b73fe',0,'2022-11-27 13:23:20','2023-06-26 18:24:36'),(226,162,'completed','cheque','insurance-f7',90.00,'EUR',NULL,NULL,'OFFL638364fabf27a',0,'2022-11-27 13:24:10','2023-06-26 18:24:36'),(227,163,'completed','cheque','subscription',70.00,'EUR',NULL,NULL,'OFFL6383663303cb8',0,'2022-11-27 13:29:23','2023-06-26 18:25:18'),(228,164,'completed','cheque','subscription',70.00,'EUR',NULL,NULL,'OFFL63836768c68ef',0,'2022-11-27 13:34:32','2023-06-26 18:25:49'),(229,165,'completed','cheque','subscription',70.00,'EUR',NULL,NULL,'OFFL638368ea97166',0,'2022-11-27 13:40:58','2023-06-26 18:26:22'),(230,165,'completed','cheque','insurance-f7',90.00,'EUR',NULL,NULL,'OFFL6383690c5c8e5',0,'2022-11-27 13:41:32','2023-06-26 18:26:22'),(231,166,'completed','cheque','subscription',70.00,'EUR',NULL,NULL,'OFFL63838be7183d9',0,'2022-11-27 16:10:15','2023-06-26 18:27:09'),(232,166,'completed','cheque','insurance-f4',54.00,'EUR',NULL,NULL,'OFFL63838c15bf5a9',0,'2022-11-27 16:11:01','2023-06-26 18:27:09'),(233,167,'completed','cheque','subscription',70.00,'EUR',NULL,NULL,'OFFL63838ddf01d38',0,'2022-11-27 16:18:39','2023-06-26 18:28:15'),(234,167,'completed','cheque','insurance-f9',190.00,'EUR',NULL,NULL,'OFFL63838e10e3809',0,'2022-11-27 16:19:28','2023-06-26 18:28:15'),(235,168,'completed','cheque','subscription',70.00,'EUR',NULL,NULL,'OFFL638390021d537',0,'2022-11-27 16:27:46','2022-11-27 16:27:57'),(236,168,'completed','cheque','insurance-f9',190.00,'EUR',NULL,NULL,'OFFL638390240d808',0,'2022-11-27 16:28:20','2022-11-27 16:28:36'),(237,169,'completed','cheque','subscription',70.00,'EUR',NULL,NULL,'OFFL63839142a333b',0,'2022-11-27 16:33:06','2023-06-26 18:29:27'),(238,170,'completed','cheque','subscription',70.00,'EUR',NULL,NULL,'OFFL6383928d780ab',0,'2022-11-27 16:38:37','2023-06-26 18:30:42'),(239,171,'completed','cheque','subscription',70.00,'EUR',NULL,NULL,'OFFL638393fd259db',0,'2022-11-27 16:44:45','2023-06-26 18:33:39'),(240,171,'completed','cheque','insurance-f7',90.00,'EUR',NULL,NULL,'OFFL6383942435ce3',0,'2022-11-27 16:45:24','2023-06-26 18:33:39'),(241,172,'completed','cheque','subscription',70.00,'EUR',NULL,NULL,'OFFL638395a13bd7f',0,'2022-11-27 16:51:45','2023-06-26 18:34:25'),(242,173,'completed','cheque','subscription',70.00,'EUR',NULL,NULL,'OFFL638396dbd5dfe',0,'2022-11-27 16:56:59','2023-06-26 18:34:58'),(243,173,'completed','cheque','insurance-f7',90.00,'EUR',NULL,NULL,'OFFL6383970148b73',0,'2022-11-27 16:57:37','2023-06-26 18:34:58'),(244,174,'completed','cheque','subscription',70.00,'EUR',NULL,NULL,'OFFL6383984e92eb6',0,'2022-11-27 17:03:10','2023-06-26 18:35:37'),(245,175,'completed','cheque','subscription',70.00,'EUR',NULL,NULL,'OFFL63839b64b9ca6',0,'2022-11-27 17:16:20','2023-06-22 10:47:12'),(246,176,'completed','cheque','subscription',70.00,'EUR',NULL,NULL,'OFFL63839c90ddb86',0,'2022-11-27 17:21:20','2023-06-26 18:36:16'),(247,177,'completed','cheque','subscription',70.00,'EUR',NULL,NULL,'OFFL63839e4da7d70',0,'2022-11-27 17:28:45','2023-06-27 15:19:10'),(248,177,'completed','cheque','insurance-f8',120.00,'EUR',NULL,NULL,'OFFL63839e73a28f3',0,'2022-11-27 17:29:23','2023-06-27 15:19:10'),(249,178,'completed','cheque','subscription',70.00,'EUR',NULL,NULL,'OFFL63839f9b9b885',0,'2022-11-27 17:34:19','2023-06-27 07:37:51'),(250,178,'completed','cheque','insurance-f7',90.00,'EUR',NULL,NULL,'OFFL63839fbb1a741',0,'2022-11-27 17:34:51','2023-06-27 07:37:51'),(251,179,'completed','cheque','subscription',70.00,'EUR',NULL,NULL,'OFFL6383a0dec080a',0,'2022-11-27 17:39:42','2023-06-27 07:38:30'),(252,180,'completed','cheque','subscription',70.00,'EUR',NULL,NULL,'OFFL6383a23e72bb5',0,'2022-11-27 17:45:34','2022-11-27 17:45:47'),(253,181,'completed','cheque','subscription',70.00,'EUR',NULL,NULL,'OFFL6383a383c1fa1',0,'2022-11-27 17:50:59','2023-06-27 07:39:41'),(254,181,'completed','cheque','insurance-f7',90.00,'EUR',NULL,NULL,'OFFL6383a3a53856d',0,'2022-11-27 17:51:33','2023-06-27 07:39:41'),(255,182,'completed','cheque','subscription',70.00,'EUR',NULL,NULL,'OFFL6383bdf6c4588',0,'2022-11-27 19:43:50','2023-06-27 07:40:22'),(256,182,'completed','cheque','insurance-f7',90.00,'EUR',NULL,NULL,'OFFL6383be1924444',0,'2022-11-27 19:44:25','2023-06-27 07:40:22'),(257,183,'completed','cheque','subscription',70.00,'EUR',NULL,NULL,'OFFL6383bf7408ef6',0,'2022-11-27 19:50:12','2023-06-27 08:10:59'),(258,183,'completed','cheque','insurance-f8',120.00,'EUR',NULL,NULL,'OFFL6383bf95d52e5',0,'2022-11-27 19:50:45','2023-06-27 08:10:59'),(259,184,'completed','cheque','subscription',70.00,'EUR',NULL,NULL,'OFFL6383c10843c70',0,'2022-11-27 19:56:56','2022-11-27 19:57:16'),(260,185,'completed','cheque','subscription',70.00,'EUR',NULL,NULL,'OFFL6383c320ea3d2',0,'2022-11-27 20:05:52','2023-06-27 07:41:29'),(261,185,'completed','cheque','insurance-f8',120.00,'EUR',NULL,NULL,'OFFL6383c354ce26b',0,'2022-11-27 20:06:44','2023-06-27 07:41:29'),(262,186,'completed','cheque','subscription',70.00,'EUR',NULL,NULL,'OFFL6383c7a9a1174',0,'2022-11-27 20:25:13','2023-06-27 07:43:41'),(263,187,'completed','cheque','subscription',70.00,'EUR',NULL,NULL,'OFFL6383c9261697d',0,'2022-11-27 20:31:34','2023-06-27 07:45:04'),(264,188,'completed','cheque','subscription',70.00,'EUR',NULL,NULL,'OFFL6383ca65a825f',0,'2022-11-27 20:36:53','2023-06-27 07:45:42'),(265,188,'completed','cheque','insurance-f7',90.00,'EUR',NULL,NULL,'OFFL6383ca918e38b',0,'2022-11-27 20:37:37','2023-06-27 07:45:42'),(266,189,'completed','cheque','subscription',70.00,'EUR',NULL,NULL,'OFFL6383cb8d13558',0,'2022-11-27 20:41:49','2023-06-27 07:46:19'),(267,190,'completed','cheque','subscription',70.00,'EUR',NULL,NULL,'OFFL6383ccb7c1941',0,'2022-11-27 20:46:47','2023-06-27 07:47:02'),(268,190,'completed','cheque','insurance-f7',90.00,'EUR',NULL,NULL,'OFFL6383ccd167d73',0,'2022-11-27 20:47:13','2023-06-27 07:47:02'),(269,191,'completed','cheque','subscription',70.00,'EUR',NULL,NULL,'OFFL6383ce490a163',0,'2022-11-27 20:53:29','2023-06-27 07:47:41'),(270,191,'completed','cheque','insurance-f7',90.00,'EUR',NULL,NULL,'OFFL6383ce7d761d4',0,'2022-11-27 20:54:21','2023-06-27 07:47:41'),(271,192,'completed','cheque','subscription',70.00,'EUR',NULL,NULL,'OFFL6383cf9dd74ce',0,'2022-11-27 20:59:09','2023-06-27 07:48:52'),(272,193,'completed','cheque','subscription',70.00,'EUR',NULL,NULL,'OFFL6383d0d2cfa92',0,'2022-11-27 21:04:18','2023-06-27 07:49:24'),(273,193,'completed','cheque','insurance-f7',90.00,'EUR',NULL,NULL,'OFFL6383d0f429d90',0,'2022-11-27 21:04:52','2023-06-27 07:49:24'),(274,194,'completed','cheque','subscription',70.00,'EUR',NULL,NULL,'OFFL6383d1f93e3f6',0,'2022-11-27 21:09:13','2023-06-27 07:49:56'),(275,195,'completed','cheque','subscription',70.00,'EUR',NULL,NULL,'OFFL6383d3071302e',0,'2022-11-27 21:13:43','2023-06-27 07:51:39'),(276,195,'completed','cheque','insurance-f7',90.00,'EUR',NULL,NULL,'OFFL6383d3246ac3a',0,'2022-11-27 21:14:12','2023-06-27 07:51:39'),(277,196,'completed','cheque','subscription',70.00,'EUR',NULL,NULL,'OFFL6383d42bdec60',0,'2022-11-27 21:18:35','2023-06-27 07:52:18'),(278,197,'completed','cheque','subscription',70.00,'EUR',NULL,NULL,'OFFL6383d5339ed57',0,'2022-11-27 21:22:59','2023-06-27 07:52:48'),(279,197,'completed','cheque','insurance-f7',90.00,'EUR',NULL,NULL,'OFFL6383d54dc9044',0,'2022-11-27 21:23:25','2023-06-27 07:52:48'),(280,198,'completed','cheque','subscription',70.00,'EUR',NULL,NULL,'OFFL63ae96ba151b1',0,'2022-12-30 07:43:54','2023-06-19 13:47:14'),(281,199,'completed','cheque','subscription',30.00,'EUR',NULL,NULL,'OFFL63ae9824de11e',0,'2022-12-30 07:49:56','2023-06-19 13:55:14'),(282,200,'completed','cheque','subscription',70.00,'EUR',NULL,NULL,'OFFL63ae9bc48c7c0',0,'2022-12-30 08:05:24','2023-06-19 14:38:55'),(283,201,'completed','cheque','subscription',70.00,'EUR',NULL,NULL,'OFFL63ae9d2f321a6',0,'2022-12-30 08:11:27','2023-06-20 15:24:30'),(284,201,'completed','cheque','insurance-f7',90.00,'EUR',NULL,NULL,'OFFL63ae9d56059da',0,'2022-12-30 08:12:06','2023-06-20 15:24:30'),(285,202,'completed','cheque','subscription',70.00,'EUR',NULL,NULL,'OFFL63ae9ed9a53ec',0,'2022-12-30 08:18:33','2023-06-22 10:25:47'),(286,202,'completed','cheque','insurance-f1',36.00,'EUR',NULL,NULL,'OFFL63ae9efcaa0bf',0,'2022-12-30 08:19:08','2023-06-22 10:25:47'),(287,203,'completed','cheque','subscription',70.00,'EUR',NULL,NULL,'OFFL63aea033423c0',0,'2022-12-30 08:24:19','2023-06-22 10:45:26'),(288,204,'completed','cheque','subscription',70.00,'EUR',NULL,NULL,'OFFL63aea228e679b',0,'2022-12-30 08:32:40','2023-06-26 18:23:13'),(289,205,'completed','cheque','subscription',70.00,'EUR',NULL,NULL,'OFFL63aea35eeddaf',0,'2022-12-30 08:37:50','2023-06-27 07:48:23'),(290,206,'completed','cheque','subscription',70.00,'EUR',NULL,NULL,'OFFL63aea785c6b3b',0,'2022-12-30 08:55:33','2023-06-22 10:28:55'),(291,55,'completed','cheque','subscription',30.00,'EUR',NULL,NULL,'OFFL63d6d80f93d2c',0,'2023-01-29 20:33:19','2023-06-20 14:30:17'),(292,209,'completed','cheque','subscription',70.00,'EUR',NULL,NULL,'OFFL63d7f923eb460',0,'2023-01-30 17:06:43','2023-01-30 17:07:31'),(293,207,'completed','cheque','subscription',30.00,'EUR',NULL,NULL,'OFFL63d832c7343c2',0,'2023-01-30 21:12:39','2023-06-20 15:12:29'),(294,210,'completed','cheque','subscription',30.00,'EUR',NULL,NULL,'OFFL63d834555d447',0,'2023-01-30 21:19:17','2023-06-22 09:59:08'),(295,211,'completed','cheque','subscription',30.00,'EUR',NULL,NULL,'OFFL63d8354ecefd0',0,'2023-01-30 21:23:26','2023-06-23 09:47:14'),(296,212,'completed','cheque','subscription',30.00,'EUR',NULL,NULL,'OFFL63d83633d995e',0,'2023-01-30 21:27:15','2023-06-23 09:51:33'),(297,213,'completed','cheque','subscription',30.00,'EUR',NULL,NULL,'OFFL63d837a26b866',0,'2023-01-30 21:33:22','2023-01-30 21:33:34'),(298,1,'completed','cheque','subscription',70.00,'EUR',NULL,NULL,'OFFL64901177bef72',1,'2023-06-19 08:27:35','2023-06-19 08:28:20'),(299,2,'completed','cheque','subscription',70.00,'EUR',NULL,NULL,'OFFL649012b84917c',1,'2023-06-19 08:32:56','2023-06-19 08:33:22'),(300,2,'completed','cheque','insurance-f7',90.00,'EUR',NULL,NULL,'OFFL64901bf764033',1,'2023-06-19 09:12:23','2023-06-19 09:12:42'),(301,3,'completed','cheque','subscription',70.00,'EUR',NULL,NULL,'OFFL64901e0b0ffb2',1,'2023-06-19 09:21:15','2023-06-19 09:21:56'),(302,4,'completed','cheque','subscription-insurance-f7',160.00,'EUR',NULL,NULL,'OFFL64901ee791f4c',1,'2023-06-19 09:24:55','2023-06-19 09:25:46'),(303,5,'completed','cheque','subscription-insurance-f1',106.00,'EUR',NULL,NULL,'OFFL649033c2c4c6a',1,'2023-06-19 10:53:54','2023-06-19 10:54:17'),(304,6,'completed','cheque','subscription',70.00,'EUR',NULL,NULL,'OFFL6490351d5e5f5',1,'2023-06-19 10:59:41','2023-06-19 11:00:38'),(305,7,'completed','cheque','subscription-insurance-f7',160.00,'EUR',NULL,NULL,'OFFL649035e00df69',1,'2023-06-19 11:02:56','2023-06-19 11:03:48'),(306,10,'completed','cheque','subscription-insurance-f1',106.00,'EUR',NULL,NULL,'OFFL649037333c818',1,'2023-06-19 11:08:35','2023-06-19 11:08:54'),(307,11,'completed','cheque','subscription-insurance-f7',160.00,'EUR',NULL,NULL,'OFFL649037c925b0c',1,'2023-06-19 11:11:05','2023-06-19 11:11:40'),(308,12,'completed','cheque','subscription-insurance-f7',160.00,'EUR',NULL,NULL,'OFFL649038bd75b4d',1,'2023-06-19 11:15:09','2023-06-19 11:15:23'),(309,13,'completed','cheque','subscription',70.00,'EUR',NULL,NULL,'OFFL6490393a26fe6',1,'2023-06-19 11:17:14','2023-06-19 11:17:36'),(310,14,'completed','cheque','subscription-insurance-f7',160.00,'EUR',NULL,NULL,'OFFL64903a9db732f',1,'2023-06-19 11:23:09','2023-06-19 11:23:35'),(311,15,'completed','cheque','subscription',70.00,'EUR',NULL,NULL,'OFFL64903b49b51df',1,'2023-06-19 11:26:01','2023-06-19 11:26:38'),(312,16,'completed','cheque','subscription',70.00,'EUR',NULL,NULL,'OFFL649059b807560',1,'2023-06-19 13:35:52','2023-06-19 13:36:24'),(313,17,'completed','cheque','subscription',70.00,'EUR',NULL,NULL,'OFFL64905a22b14ff',1,'2023-06-19 13:37:38','2023-06-19 13:38:13'),(314,18,'completed','cheque','subscription-insurance-f7',160.00,'EUR',NULL,NULL,'OFFL64905ac484861',1,'2023-06-19 13:40:20','2023-06-19 13:40:38'),(315,19,'completed','cheque','subscription-insurance-f7',160.00,'EUR',NULL,NULL,'OFFL64905b1a490c1',1,'2023-06-19 13:41:46','2023-06-19 13:42:08'),(316,20,'completed','cheque','subscription-insurance-f7',160.00,'EUR',NULL,NULL,'OFFL64905b9756664',1,'2023-06-19 13:43:51','2023-06-19 13:44:12'),(317,21,'completed','cheque','subscription',70.00,'EUR',NULL,NULL,'OFFL64905c041a506',1,'2023-06-19 13:45:40','2023-06-19 13:45:53'),(318,198,'completed','cheque','subscription',70.00,'EUR',NULL,NULL,'OFFL64905c62120f0',1,'2023-06-19 13:47:14','2023-06-19 13:47:32'),(319,22,'completed','cheque','subscription',70.00,'EUR',NULL,NULL,'OFFL64905cd2e8e39',1,'2023-06-19 13:49:06','2023-06-19 13:49:26'),(320,199,'completed','cheque','subscription',30.00,'EUR',NULL,NULL,'OFFL64905e4200bdc',1,'2023-06-19 13:55:14','2023-06-19 13:55:38'),(321,28,'completed','cheque','subscription-insurance-f1',106.00,'EUR',NULL,NULL,'OFFL64905eb4b0e9d',1,'2023-06-19 13:57:08','2023-06-19 13:57:53'),(322,25,'completed','cheque','subscription-insurance-f7',160.00,'EUR',NULL,NULL,'OFFL64906040dfc1c',1,'2023-06-19 14:03:44','2023-06-19 14:04:21'),(323,26,'completed','cheque','subscription-insurance-f9',260.00,'EUR',NULL,NULL,'OFFL6490610279fd5',1,'2023-06-19 14:06:58','2023-06-19 14:07:12'),(324,27,'completed','cheque','subscription',70.00,'EUR',NULL,NULL,'OFFL6490616b2d9cd',1,'2023-06-19 14:08:43','2023-06-19 14:09:02'),(325,29,'completed','cheque','subscription',70.00,'EUR',NULL,NULL,'OFFL649061d207b27',1,'2023-06-19 14:10:26','2023-06-19 14:10:41'),(326,30,'completed','cheque','subscription-insurance-f7',160.00,'EUR',NULL,NULL,'OFFL64906231b70f7',1,'2023-06-19 14:12:01','2023-06-19 14:12:19'),(327,31,'completed','cheque','subscription',70.00,'EUR',NULL,NULL,'OFFL6490628b23ddc',1,'2023-06-19 14:13:31','2023-06-19 14:13:47'),(328,32,'completed','cheque','subscription-insurance-f7',160.00,'EUR',NULL,NULL,'OFFL649062f66e8e8',1,'2023-06-19 14:15:18','2023-06-19 14:15:52'),(329,33,'completed','cheque','subscription',70.00,'EUR',NULL,NULL,'OFFL6490636d31782',1,'2023-06-19 14:17:17','2023-06-19 14:17:33'),(330,34,'completed','cheque','subscription-insurance-f7',160.00,'EUR',NULL,NULL,'OFFL649063f24358e',1,'2023-06-19 14:19:30','2023-06-19 14:19:43'),(331,35,'completed','cheque','subscription-insurance-f7',160.00,'EUR',NULL,NULL,'OFFL64906442d7ad3',1,'2023-06-19 14:20:50','2023-06-19 14:21:07'),(332,36,'completed','cheque','subscription-insurance-f7',160.00,'EUR',NULL,NULL,'OFFL6490648bd634a',1,'2023-06-19 14:22:03','2023-06-19 14:22:19'),(333,37,'completed','cheque','subscription-insurance-f8',190.00,'EUR',NULL,NULL,'OFFL6490653122089',1,'2023-06-19 14:24:49','2023-06-19 14:25:05'),(334,38,'completed','cheque','subscription-insurance-f3',150.00,'EUR',NULL,NULL,'OFFL649065c789c99',1,'2023-06-19 14:27:19','2023-06-19 14:27:35'),(335,39,'completed','cheque','subscription-insurance-f1',106.00,'EUR',NULL,NULL,'OFFL6490663a7ec9b',1,'2023-06-19 14:29:14','2023-06-19 14:29:42'),(336,40,'completed','cheque','subscription-insurance-f1',106.00,'EUR',NULL,NULL,'OFFL649066934ffa0',1,'2023-06-19 14:30:43','2023-06-19 14:30:53'),(337,42,'completed','cheque','subscription-insurance-f8',190.00,'EUR',NULL,NULL,'OFFL649066f1eaff3',1,'2023-06-19 14:32:17','2023-06-19 14:32:35'),(338,43,'completed','cheque','subscription-insurance-f9',260.00,'EUR',NULL,NULL,'OFFL64906747ce61a',1,'2023-06-19 14:33:43','2023-06-19 14:34:04'),(339,51,'completed','cheque','subscription',70.00,'EUR',NULL,NULL,'OFFL649067e55a5cb',1,'2023-06-19 14:36:21','2023-06-19 14:36:31'),(340,44,'completed','cheque','subscription-insurance-f1',106.00,'EUR',NULL,NULL,'OFFL64906833d73b6',1,'2023-06-19 14:37:39','2023-06-19 14:37:57'),(341,200,'completed','cheque','subscription',70.00,'EUR',NULL,NULL,'OFFL6490687fdd0ed',1,'2023-06-19 14:38:55','2023-06-19 14:39:07'),(342,45,'completed','cheque','subscription-insurance-f4',124.00,'EUR',NULL,NULL,'OFFL6491b30354e5f',1,'2023-06-20 14:09:07','2023-06-20 14:09:23'),(343,46,'completed','cheque','subscription',70.00,'EUR',NULL,NULL,'OFFL6491b35aac754',1,'2023-06-20 14:10:34','2023-06-20 14:10:49'),(344,47,'completed','cheque','subscription-insurance-f7',160.00,'EUR',NULL,NULL,'OFFL6491b3d5c2bf8',1,'2023-06-20 14:12:37','2023-06-20 14:13:07'),(345,48,'completed','cheque','subscription-insurance-f7',160.00,'EUR',NULL,NULL,'OFFL6491b485ea552',1,'2023-06-20 14:15:33','2023-06-20 14:15:50'),(346,49,'completed','cheque','subscription-insurance-f7',160.00,'EUR',NULL,NULL,'OFFL6491b51852a13',1,'2023-06-20 14:18:00','2023-06-20 14:18:16'),(347,50,'completed','cheque','subscription',70.00,'EUR',NULL,NULL,'OFFL6491b5bf3769f',1,'2023-06-20 14:20:47','2023-06-20 14:20:55'),(348,52,'completed','cheque','subscription',70.00,'EUR',NULL,NULL,'OFFL6491b63333a7d',1,'2023-06-20 14:22:43','2023-06-20 14:22:59'),(349,65,'completed','cheque','subscription-insurance-f1',106.00,'EUR',NULL,NULL,'OFFL6491b68f20795',1,'2023-06-20 14:24:15','2023-06-20 14:24:26'),(350,53,'completed','cheque','subscription-insurance-f9',260.00,'EUR',NULL,NULL,'OFFL6491b6e5c055c',1,'2023-06-20 14:25:41','2023-06-20 14:26:02'),(351,54,'completed','cheque','subscription-insurance-f8',190.00,'EUR',NULL,NULL,'OFFL6491b75c937aa',1,'2023-06-20 14:27:40','2023-06-20 14:27:58'),(352,55,'completed','cheque','subscription',30.00,'EUR',NULL,NULL,'OFFL6491b7f9d67b1',1,'2023-06-20 14:30:17','2023-06-20 14:30:40'),(353,57,'completed','cheque','subscription-insurance-f9',260.00,'EUR',NULL,NULL,'OFFL6491b873f1981',1,'2023-06-20 14:32:19','2023-06-20 14:32:38'),(354,56,'completed','cheque','subscription',70.00,'EUR',NULL,NULL,'OFFL6491bf1a1617d',1,'2023-06-20 15:00:42','2023-06-20 15:00:55'),(355,58,'completed','cheque','subscription-insurance-f7',160.00,'EUR',NULL,NULL,'OFFL6491bfaf03723',1,'2023-06-20 15:03:11','2023-06-20 15:03:39'),(356,59,'completed','cheque','subscription-insurance-f7',160.00,'EUR',NULL,NULL,'OFFL6491c02577867',1,'2023-06-20 15:05:09','2023-06-20 15:05:32'),(357,60,'completed','cheque','subscription-insurance-f1',106.00,'EUR',NULL,NULL,'OFFL6491c07e19e6e',1,'2023-06-20 15:06:38','2023-06-20 15:06:55'),(358,61,'completed','cheque','subscription-insurance-f1',106.00,'EUR',NULL,NULL,'OFFL6491c0f16ea7f',1,'2023-06-20 15:08:33','2023-06-20 15:08:49'),(359,62,'completed','cheque','subscription-insurance-f1',106.00,'EUR',NULL,NULL,'OFFL6491c155e31a4',1,'2023-06-20 15:10:13','2023-06-20 15:10:37'),(360,207,'completed','cheque','subscription',30.00,'EUR',NULL,NULL,'OFFL6491c1dd27364',1,'2023-06-20 15:12:29','2023-06-20 15:12:37'),(361,63,'completed','cheque','subscription',70.00,'EUR',NULL,NULL,'OFFL6491c3359f342',1,'2023-06-20 15:18:13','2023-06-20 15:18:40'),(362,64,'completed','cheque','subscription-insurance-f7',160.00,'EUR',NULL,NULL,'OFFL6491c3931dfad',1,'2023-06-20 15:19:47','2023-06-20 15:20:06'),(363,66,'completed','cheque','subscription',70.00,'EUR',NULL,NULL,'OFFL6491c4007da01',1,'2023-06-20 15:21:36','2023-06-20 15:21:48'),(364,67,'completed','cheque','subscription-insurance-f7',160.00,'EUR',NULL,NULL,'OFFL6491c45b84d1c',1,'2023-06-20 15:23:07','2023-06-20 15:23:23'),(365,201,'completed','cheque','subscription-insurance-f7',160.00,'EUR',NULL,NULL,'OFFL6491c4ae19111',1,'2023-06-20 15:24:30','2023-06-20 15:24:48'),(366,68,'completed','cheque','subscription',70.00,'EUR',NULL,NULL,'OFFL6491c50065447',1,'2023-06-20 15:25:52','2023-06-20 15:26:07'),(367,69,'completed','cheque','subscription',70.00,'EUR',NULL,NULL,'OFFL6491c54b774d3',1,'2023-06-20 15:27:07','2023-06-20 15:27:35'),(368,71,'completed','cheque','subscription-insurance-f1',106.00,'EUR',NULL,NULL,'OFFL6491c6bd3ed0f',1,'2023-06-20 15:33:17','2023-06-20 15:33:43'),(369,72,'completed','cheque','subscription-insurance-f8',190.00,'EUR',NULL,NULL,'OFFL64941558e2bee',1,'2023-06-22 09:33:12','2023-06-22 09:36:31'),(370,73,'completed','cheque','subscription',70.00,'EUR',NULL,NULL,'OFFL64941739a5d45',1,'2023-06-22 09:41:13','2023-06-22 09:41:51'),(371,74,'completed','cheque','subscription-insurance-f8',190.00,'EUR',NULL,NULL,'OFFL649417cddbb08',1,'2023-06-22 09:43:41','2023-06-22 09:44:33'),(372,76,'completed','cheque','subscription-insurance-f7',160.00,'EUR',NULL,NULL,'OFFL6494183c523fc',1,'2023-06-22 09:45:32','2023-06-22 09:46:24'),(373,77,'completed','cheque','subscription',70.00,'EUR',NULL,NULL,'OFFL6494197e722b4',1,'2023-06-22 09:50:54','2023-06-22 09:51:31'),(374,210,'completed','cheque','subscription',30.00,'EUR',NULL,NULL,'OFFL64941b6c551ba',1,'2023-06-22 09:59:08','2023-06-22 09:59:18'),(375,78,'completed','cheque','subscription-insurance-f7',160.00,'EUR',NULL,NULL,'OFFL64941c55183ef',1,'2023-06-22 10:03:01','2023-06-22 10:03:12'),(376,79,'completed','cheque','subscription',70.00,'EUR',NULL,NULL,'OFFL64941c8b8c54a',1,'2023-06-22 10:03:55','2023-06-22 10:04:11'),(377,80,'completed','cheque','subscription-insurance-f9',260.00,'EUR',NULL,NULL,'OFFL64941ccc879d2',1,'2023-06-22 10:05:00','2023-06-22 10:05:26'),(378,82,'completed','cheque','subscription',70.00,'EUR',NULL,NULL,'OFFL64941d126cb9f',1,'2023-06-22 10:06:10','2023-06-22 10:06:32'),(379,83,'completed','cheque','subscription',70.00,'EUR',NULL,NULL,'OFFL64941ded557f1',1,'2023-06-22 10:09:49','2023-06-22 10:10:49'),(380,84,'completed','cheque','subscription',70.00,'EUR',NULL,NULL,'OFFL64941e5569c65',1,'2023-06-22 10:11:33','2023-06-22 10:11:46'),(381,85,'completed','cheque','subscription-insurance-f7',160.00,'EUR',NULL,NULL,'OFFL64941eb50721e',1,'2023-06-22 10:13:09','2023-06-22 10:14:03'),(382,86,'completed','cheque','subscription',70.00,'EUR',NULL,NULL,'OFFL64941fab2bd8d',1,'2023-06-22 10:17:15','2023-06-22 10:17:23'),(383,87,'completed','cheque','subscription',70.00,'EUR',NULL,NULL,'OFFL64941fe72e703',1,'2023-06-22 10:18:15','2023-06-22 10:18:42'),(384,88,'completed','cheque','subscription',70.00,'EUR',NULL,NULL,'OFFL6494202776a99',1,'2023-06-22 10:19:19','2023-06-22 10:20:02'),(385,89,'completed','cheque','subscription-insurance-f7',160.00,'EUR',NULL,NULL,'OFFL6494207d4e98d',1,'2023-06-22 10:20:45','2023-06-22 10:21:13'),(386,92,'completed','cheque','subscription',70.00,'EUR',NULL,NULL,'OFFL649420d74a510',1,'2023-06-22 10:22:15','2023-06-22 10:22:32'),(387,93,'completed','cheque','subscription',70.00,'EUR',NULL,NULL,'OFFL64942111ed3fa',1,'2023-06-22 10:23:13','2023-06-22 10:23:32'),(388,94,'completed','cheque','subscription-insurance-f7',160.00,'EUR',NULL,NULL,'OFFL6494215e78d74',1,'2023-06-22 10:24:30','2023-06-22 10:24:55'),(389,202,'completed','cheque','subscription-insurance-f7',160.00,'EUR',NULL,NULL,'OFFL649421ab84c8d',1,'2023-06-22 10:25:47','2023-06-22 10:26:14'),(390,95,'completed','cheque','subscription-insurance-f7',160.00,'EUR',NULL,NULL,'OFFL649421f6bc7db',1,'2023-06-22 10:27:02','2023-06-22 10:27:15'),(391,96,'completed','cheque','subscription-insurance-f9',260.00,'EUR',NULL,NULL,'OFFL6494223176bbb',1,'2023-06-22 10:28:01','2023-06-22 10:28:13'),(392,206,'completed','cheque','subscription-insurance-f7',160.00,'EUR',NULL,NULL,'OFFL6494226720804',1,'2023-06-22 10:28:55','2023-06-22 10:29:04'),(393,98,'completed','cheque','subscription-insurance-f7',160.00,'EUR',NULL,NULL,'OFFL6494229a380ed',1,'2023-06-22 10:29:46','2023-06-22 10:29:54'),(394,99,'completed','cheque','subscription',70.00,'EUR',NULL,NULL,'OFFL649422c862979',1,'2023-06-22 10:30:32','2023-06-22 10:30:44'),(395,100,'completed','cheque','subscription-insurance-f8',190.00,'EUR',NULL,NULL,'OFFL649422fed412e',1,'2023-06-22 10:31:26','2023-06-22 10:31:43'),(396,101,'completed','cheque','subscription-insurance-f7',160.00,'EUR',NULL,NULL,'OFFL6494233f52c6f',1,'2023-06-22 10:32:31','2023-06-22 10:32:39'),(397,102,'completed','cheque','subscription',70.00,'EUR',NULL,NULL,'OFFL649423748b5fb',1,'2023-06-22 10:33:24','2023-06-22 10:33:33'),(398,103,'completed','cheque','subscription',70.00,'EUR',NULL,NULL,'OFFL6494248263c70',1,'2023-06-22 10:37:54','2023-06-22 10:38:07'),(399,104,'completed','cheque','subscription-insurance-f7',160.00,'EUR',NULL,NULL,'OFFL649424b3244d3',1,'2023-06-22 10:38:43','2023-06-22 10:38:56'),(400,105,'completed','cheque','subscription-insurance-f4',124.00,'EUR',NULL,NULL,'OFFL649424f597207',1,'2023-06-22 10:39:49','2023-06-22 10:39:58'),(401,106,'completed','cheque','subscription-insurance-f1',106.00,'EUR',NULL,NULL,'OFFL64942528947c4',1,'2023-06-22 10:40:40','2023-06-22 10:40:48'),(402,108,'completed','cheque','subscription-insurance-f7',160.00,'EUR',NULL,NULL,'OFFL649425602389e',1,'2023-06-22 10:41:36','2023-06-22 10:41:43'),(403,109,'completed','cheque','subscription',70.00,'EUR',NULL,NULL,'OFFL649425971ab17',1,'2023-06-22 10:42:31','2023-06-22 10:42:39'),(404,107,'completed','cheque','subscription-insurance-f7',160.00,'EUR',NULL,NULL,'OFFL649425c8b1488',1,'2023-06-22 10:43:20','2023-06-22 10:43:28'),(405,110,'completed','cheque','subscription-insurance-f1',106.00,'EUR',NULL,NULL,'OFFL649425ff6f0a1',1,'2023-06-22 10:44:15','2023-06-22 10:44:28'),(406,203,'completed','cheque','subscription-insurance-f7',160.00,'EUR',NULL,NULL,'OFFL649426467276e',1,'2023-06-22 10:45:26','2023-06-22 10:45:39'),(407,111,'completed','cheque','subscription-insurance-f7',160.00,'EUR',NULL,NULL,'OFFL6494267daa1bb',1,'2023-06-22 10:46:21','2023-06-22 10:46:30'),(408,175,'completed','cheque','subscription',70.00,'EUR',NULL,NULL,'OFFL649426b08b2f1',1,'2023-06-22 10:47:12','2023-06-22 10:47:26'),(409,112,'completed','cheque','subscription-insurance-f7',160.00,'EUR',NULL,NULL,'OFFL6494280180172',1,'2023-06-22 10:52:49','2023-06-22 10:53:35'),(410,113,'completed','cheque','subscription',70.00,'EUR',NULL,NULL,'OFFL6495677c610b1',1,'2023-06-23 09:35:56','2023-06-23 09:36:19'),(411,114,'completed','cheque','subscription-insurance-f1',106.00,'EUR',NULL,NULL,'OFFL649567c786689',1,'2023-06-23 09:37:11','2023-06-23 09:37:21'),(412,115,'completed','cheque','subscription-insurance-f4',124.00,'EUR',NULL,NULL,'OFFL649568055b3a3',1,'2023-06-23 09:38:13','2023-06-23 09:38:26'),(413,116,'completed','cheque','subscription',70.00,'EUR',NULL,NULL,'OFFL649568560582b',1,'2023-06-23 09:39:34','2023-06-23 09:39:42'),(414,117,'completed','cheque','subscription',70.00,'EUR',NULL,NULL,'OFFL6495688186680',1,'2023-06-23 09:40:17','2023-06-23 09:40:25'),(415,119,'completed','cheque','subscription-insurance-f8',190.00,'EUR',NULL,NULL,'OFFL649568acaeefb',1,'2023-06-23 09:41:00','2023-06-23 09:41:11'),(416,118,'completed','cheque','subscription',70.00,'EUR',NULL,NULL,'OFFL649568d71b102',1,'2023-06-23 09:41:43','2023-06-23 09:41:54'),(417,121,'completed','cheque','subscription',70.00,'EUR',NULL,NULL,'OFFL6495695035092',1,'2023-06-23 09:43:44','2023-06-23 09:43:53'),(418,122,'completed','cheque','subscription-insurance-f9',260.00,'EUR',NULL,NULL,'OFFL6495698872ebc',1,'2023-06-23 09:44:40','2023-06-23 09:44:52'),(419,123,'completed','cheque','subscription-insurance-f1',106.00,'EUR',NULL,NULL,'OFFL649569b6645fe',1,'2023-06-23 09:45:26','2023-06-23 09:45:38'),(420,126,'completed','cheque','subscription-insurance-f7',160.00,'EUR',NULL,NULL,'OFFL649569e8bb596',1,'2023-06-23 09:46:16','2023-06-23 09:46:26'),(421,211,'completed','cheque','subscription',30.00,'EUR',NULL,NULL,'OFFL64956a220389a',1,'2023-06-23 09:47:14','2023-06-23 09:47:34'),(422,125,'completed','cheque','subscription',70.00,'EUR',NULL,NULL,'OFFL64956ac15d218',1,'2023-06-23 09:49:53','2023-06-23 09:50:04'),(423,124,'completed','cheque','subscription',70.00,'EUR',NULL,NULL,'OFFL64956aff6701a',1,'2023-06-23 09:50:55','2023-06-23 09:51:04'),(424,212,'completed','cheque','subscription',30.00,'EUR',NULL,NULL,'OFFL64956b259bf1c',1,'2023-06-23 09:51:33','2023-06-23 09:51:40'),(425,127,'completed','cheque','subscription',70.00,'EUR',NULL,NULL,'OFFL64956b506d561',1,'2023-06-23 09:52:16','2023-06-23 09:52:26'),(426,128,'completed','cheque','subscription',70.00,'EUR',NULL,NULL,'OFFL64956b82bf6c3',1,'2023-06-23 09:53:06','2023-06-23 09:53:13'),(427,129,'completed','cheque','subscription-insurance-f9',260.00,'EUR',NULL,NULL,'OFFL64956bbb2e521',1,'2023-06-23 09:54:03','2023-06-23 09:54:16'),(428,130,'completed','cheque','subscription',70.00,'EUR',NULL,NULL,'OFFL64956be7572c2',1,'2023-06-23 09:54:47','2023-06-23 09:54:57'),(429,131,'completed','cheque','subscription-insurance-f1',106.00,'EUR',NULL,NULL,'OFFL64956c190c6f2',1,'2023-06-23 09:55:37','2023-06-23 09:55:46'),(430,132,'completed','cheque','subscription',70.00,'EUR',NULL,NULL,'OFFL64956c4de54ec',1,'2023-06-23 09:56:29','2023-06-23 09:56:36'),(431,90,'completed','cheque','subscription',70.00,'EUR',NULL,NULL,'OFFL64956c6e9c0a7',1,'2023-06-23 09:57:02','2023-06-23 09:57:21'),(432,133,'completed','cheque','subscription-insurance-f7',160.00,'EUR',NULL,NULL,'OFFL64956c9e45db9',1,'2023-06-23 09:57:50','2023-06-23 09:58:12'),(433,134,'completed','cheque','subscription-insurance-f1',106.00,'EUR',NULL,NULL,'OFFL64956cda924bf',1,'2023-06-23 09:58:50','2023-06-23 09:59:03'),(434,135,'completed','cheque','subscription',70.00,'EUR',NULL,NULL,'OFFL64956d0e9bce3',1,'2023-06-23 09:59:42','2023-06-23 09:59:50'),(435,136,'completed','cheque','subscription-insurance-f7',160.00,'EUR',NULL,NULL,'OFFL64956d387de88',1,'2023-06-23 10:00:24','2023-06-23 10:00:30'),(436,137,'completed','cheque','subscription-insurance-f8',190.00,'EUR',NULL,NULL,'OFFL64956e27ccbb2',1,'2023-06-23 10:04:23','2023-06-23 10:04:39'),(437,138,'completed','cheque','subscription-insurance-f8',190.00,'EUR',NULL,NULL,'OFFL64956e57dd905',1,'2023-06-23 10:05:11','2023-06-23 10:05:18'),(438,139,'completed','cheque','subscription-insurance-f7',160.00,'EUR',NULL,NULL,'OFFL64956ebed5972',1,'2023-06-23 10:06:54','2023-06-23 10:07:07'),(439,141,'completed','cheque','subscription-insurance-f7',160.00,'EUR',NULL,NULL,'OFFL64956fad2b7ce',1,'2023-06-23 10:10:53','2023-06-23 10:11:03'),(440,140,'completed','cheque','subscription-insurance-f7',160.00,'EUR',NULL,NULL,'OFFL64956fd97abf7',1,'2023-06-23 10:11:37','2023-06-23 10:11:45'),(441,142,'completed','cheque','subscription-insurance-f7',160.00,'EUR',NULL,NULL,'OFFL6495700d09d99',1,'2023-06-23 10:12:29','2023-06-23 10:12:36'),(442,143,'completed','cheque','subscription',70.00,'EUR',NULL,NULL,'OFFL6495706668497',1,'2023-06-23 10:13:58','2023-06-23 10:14:32'),(443,144,'completed','cheque','subscription-insurance-f7',160.00,'EUR',NULL,NULL,'OFFL649570e728d82',1,'2023-06-23 10:16:07','2023-06-23 10:16:24'),(444,146,'completed','cheque','subscription',70.00,'EUR',NULL,NULL,'OFFL64957133559ec',1,'2023-06-23 10:17:23','2023-06-23 10:17:30'),(445,145,'completed','cheque','subscription',70.00,'EUR',NULL,NULL,'OFFL64957157728d5',1,'2023-06-23 10:17:59','2023-06-23 10:18:08'),(446,147,'completed','cheque','subscription-insurance-f7',160.00,'EUR',NULL,NULL,'OFFL6495717e1bd4b',1,'2023-06-23 10:18:38','2023-06-23 10:18:46'),(447,148,'completed','cheque','subscription',70.00,'EUR',NULL,NULL,'OFFL6495719f41be4',1,'2023-06-23 10:19:11','2023-06-23 10:19:17'),(448,150,'completed','cheque','subscription',70.00,'EUR',NULL,NULL,'OFFL6499d4189ac2b',1,'2023-06-26 18:08:24','2023-06-26 18:08:34'),(449,151,'completed','cheque','subscription',70.00,'EUR',NULL,NULL,'OFFL6499d44deb2d0',1,'2023-06-26 18:09:17','2023-06-26 18:09:35'),(450,152,'completed','cheque','subscription',70.00,'EUR',NULL,NULL,'OFFL6499d48d14a35',1,'2023-06-26 18:10:21','2023-06-26 18:10:30'),(451,153,'completed','cheque','subscription-insurance-f7',160.00,'EUR',NULL,NULL,'OFFL6499d4c29123e',1,'2023-06-26 18:11:14','2023-06-26 18:11:26'),(452,154,'completed','cheque','subscription-insurance-f8',190.00,'EUR',NULL,NULL,'OFFL6499d58d9f8df',1,'2023-06-26 18:14:37','2023-06-26 18:14:44'),(453,155,'completed','cheque','subscription',70.00,'EUR',NULL,NULL,'OFFL6499d61117dcb',1,'2023-06-26 18:16:49','2023-06-26 18:16:58'),(454,156,'completed','cheque','subscription-insurance-f7',160.00,'EUR',NULL,NULL,'OFFL6499d6894ab9e',1,'2023-06-26 18:18:49','2023-06-26 18:18:55'),(455,157,'completed','cheque','subscription-insurance-f9',260.00,'EUR',NULL,NULL,'OFFL6499d6bdbff29',1,'2023-06-26 18:19:41','2023-06-26 18:19:49'),(456,158,'completed','cheque','subscription-insurance-f7',160.00,'EUR',NULL,NULL,'OFFL6499d70d31bf1',1,'2023-06-26 18:21:01','2023-06-26 18:21:11'),(457,159,'completed','cheque','subscription',70.00,'EUR',NULL,NULL,'OFFL6499d737c2462',1,'2023-06-26 18:21:43','2023-06-26 18:21:49'),(458,160,'completed','cheque','subscription',70.00,'EUR',NULL,NULL,'OFFL6499d76580513',1,'2023-06-26 18:22:29','2023-06-26 18:22:36'),(459,204,'completed','cheque','subscription',70.00,'EUR',NULL,NULL,'OFFL6499d791c7006',1,'2023-06-26 18:23:13','2023-06-26 18:23:18'),(460,161,'completed','cheque','subscription-insurance-f8',190.00,'EUR',NULL,NULL,'OFFL6499d7bbda83f',1,'2023-06-26 18:23:55','2023-06-26 18:24:01'),(461,162,'completed','cheque','subscription-insurance-f7',160.00,'EUR',NULL,NULL,'OFFL6499d7e450a8b',1,'2023-06-26 18:24:36','2023-06-26 18:24:42'),(462,163,'completed','cheque','subscription',70.00,'EUR',NULL,NULL,'OFFL6499d80e6bcc7',1,'2023-06-26 18:25:18','2023-06-26 18:25:24'),(463,164,'completed','cheque','subscription',70.00,'EUR',NULL,NULL,'OFFL6499d82d83f4c',1,'2023-06-26 18:25:49','2023-06-26 18:25:53'),(464,165,'completed','cheque','subscription-insurance-f7',160.00,'EUR',NULL,NULL,'OFFL6499d84e4e790',1,'2023-06-26 18:26:22','2023-06-26 18:26:27'),(465,166,'completed','cheque','subscription-insurance-f4',124.00,'EUR',NULL,NULL,'OFFL6499d87d40821',1,'2023-06-26 18:27:09','2023-06-26 18:27:19'),(466,167,'completed','cheque','subscription-insurance-f9',260.00,'EUR',NULL,NULL,'OFFL6499d8bf58fba',1,'2023-06-26 18:28:15','2023-06-26 18:28:20'),(467,169,'completed','cheque','subscription',70.00,'EUR',NULL,NULL,'OFFL6499d90777aa6',1,'2023-06-26 18:29:27','2023-06-26 18:29:32'),(468,170,'completed','cheque','subscription-insurance-f7',160.00,'EUR',NULL,NULL,'OFFL6499d952cc514',1,'2023-06-26 18:30:42','2023-06-26 18:30:47'),(469,171,'completed','cheque','subscription-insurance-f7',160.00,'EUR',NULL,NULL,'OFFL6499da03d3bd2',1,'2023-06-26 18:33:39','2023-06-26 18:33:44'),(470,172,'completed','cheque','subscription',70.00,'EUR',NULL,NULL,'OFFL6499da31e04e7',1,'2023-06-26 18:34:25','2023-06-26 18:34:29'),(471,173,'completed','cheque','subscription-insurance-f7',160.00,'EUR',NULL,NULL,'OFFL6499da52c92de',1,'2023-06-26 18:34:58','2023-06-26 18:35:05'),(472,174,'completed','cheque','subscription',70.00,'EUR',NULL,NULL,'OFFL6499da7998adf',1,'2023-06-26 18:35:37','2023-06-26 18:35:45'),(473,176,'completed','cheque','subscription',70.00,'EUR',NULL,NULL,'OFFL6499daa03542f',1,'2023-06-26 18:36:16','2023-06-26 18:36:20'),(474,178,'completed','cheque','subscription',70.00,'EUR',NULL,NULL,'OFFL649a91cf874e1',1,'2023-06-27 07:37:51','2023-06-27 07:37:58'),(475,179,'completed','cheque','subscription',70.00,'EUR',NULL,NULL,'OFFL649a91f6a28f5',1,'2023-06-27 07:38:30','2023-06-27 07:38:36'),(476,181,'completed','cheque','subscription-insurance-f7',160.00,'EUR',NULL,NULL,'OFFL649a923d88922',1,'2023-06-27 07:39:41','2023-06-27 07:39:47'),(477,182,'completed','cheque','subscription-insurance-f7',160.00,'EUR',NULL,NULL,'OFFL649a92667fb57',1,'2023-06-27 07:40:22','2023-06-27 07:40:28'),(478,185,'completed','cheque','subscription',70.00,'EUR',NULL,NULL,'OFFL649a92a9a6b83',1,'2023-06-27 07:41:29','2023-06-27 07:41:34'),(479,81,'completed','cheque','subscription-insurance-f7',160.00,'EUR',NULL,NULL,'OFFL649a92fb71317',1,'2023-06-27 07:42:51','2023-06-27 07:42:56'),(480,186,'completed','cheque','subscription',70.00,'EUR',NULL,NULL,'OFFL649a932d79694',1,'2023-06-27 07:43:41','2023-06-27 07:43:47'),(481,187,'completed','cheque','subscription',70.00,'EUR',NULL,NULL,'OFFL649a9380cb1dd',1,'2023-06-27 07:45:04','2023-06-27 07:45:09'),(482,188,'completed','cheque','subscription-insurance-f7',160.00,'EUR',NULL,NULL,'OFFL649a93a6155f2',1,'2023-06-27 07:45:42','2023-06-27 07:45:47'),(483,189,'completed','cheque','subscription',70.00,'EUR',NULL,NULL,'OFFL649a93cbeb20b',1,'2023-06-27 07:46:19','2023-06-27 07:46:28'),(484,190,'completed','cheque','subscription-insurance-f7',160.00,'EUR',NULL,NULL,'OFFL649a93f60c1f3',1,'2023-06-27 07:47:02','2023-06-27 07:47:07'),(485,191,'completed','cheque','subscription-insurance-f7',160.00,'EUR',NULL,NULL,'OFFL649a941d7caf8',1,'2023-06-27 07:47:41','2023-06-27 07:47:51'),(486,205,'completed','cheque','subscription-insurance-f7',160.00,'EUR',NULL,NULL,'OFFL649a9447e34d0',1,'2023-06-27 07:48:23','2023-06-27 07:48:28'),(487,192,'completed','cheque','subscription',70.00,'EUR',NULL,NULL,'OFFL649a9464eacb8',1,'2023-06-27 07:48:52','2023-06-27 07:48:57'),(488,193,'completed','cheque','subscription-insurance-f7',160.00,'EUR',NULL,NULL,'OFFL649a9484823de',1,'2023-06-27 07:49:24','2023-06-27 07:49:28'),(489,194,'completed','cheque','subscription-insurance-f7',160.00,'EUR',NULL,NULL,'OFFL649a94a46290a',1,'2023-06-27 07:49:56','2023-06-27 07:50:00'),(490,195,'completed','cheque','subscription-insurance-f7',160.00,'EUR',NULL,NULL,'OFFL649a950b907eb',1,'2023-06-27 07:51:39','2023-06-27 07:51:48'),(491,196,'completed','cheque','subscription',70.00,'EUR',NULL,NULL,'OFFL649a953297403',1,'2023-06-27 07:52:18','2023-06-27 07:52:23'),(492,197,'completed','cheque','subscription-insurance-f7',160.00,'EUR',NULL,NULL,'OFFL649a955025e32',1,'2023-06-27 07:52:48','2023-06-27 07:52:52'),(493,183,'completed','cheque','subscription-insurance-f8',190.00,'EUR',NULL,NULL,'OFFL649a99930ccdb',1,'2023-06-27 08:10:59','2023-06-27 08:11:32'),(494,177,'completed','cheque','subscription',70.00,'EUR',NULL,NULL,'OFFL649afdee2c8bf',1,'2023-06-27 15:19:10','2023-06-27 15:19:33');

--
-- Table structure for table `codalia_membership_votes`
--

CREATE TABLE `codalia_membership_votes` (
  `id` int unsigned NOT NULL AUTO_INCREMENT,
  `member_id` int unsigned DEFAULT NULL,
  `user_id` int unsigned DEFAULT NULL,
  `choice` char(3) CHARACTER SET utf8mb4 COLLATE utf8mb4_unicode_ci NOT NULL,
  `note` text CHARACTER SET utf8mb4 COLLATE utf8mb4_unicode_ci,
  `created_at` timestamp NULL DEFAULT NULL,
  `updated_at` timestamp NULL DEFAULT NULL,
  PRIMARY KEY (`id`),
  KEY `codalia_membership_votes_member_id_index` (`member_id`),
  KEY `codalia_membership_votes_user_id_index` (`user_id`)
) ENGINE=InnoDB DEFAULT CHARSET=utf8mb4 COLLATE=utf8mb4_unicode_ci;

--
-- Dumping data for table `codalia_membership_votes`
--


--
-- Table structure for table `codalia_profile_appeal_court_list`
--

CREATE TABLE `codalia_profile_appeal_court_list` (
  `id` int unsigned NOT NULL AUTO_INCREMENT,
  `name` varchar(191) CHARACTER SET utf8mb4 COLLATE utf8mb4_unicode_ci DEFAULT NULL,
  PRIMARY KEY (`id`)
) ENGINE=InnoDB AUTO_INCREMENT=38 DEFAULT CHARSET=utf8mb4 COLLATE=utf8mb4_unicode_ci;

--
-- Dumping data for table `codalia_profile_appeal_court_list`
--

INSERT INTO `codalia_profile_appeal_court_list` VALUES (1,'Agen'),(2,'Aix en Provence'),(3,'Amiens'),(4,'Angers'),(5,'Basse Terre'),(6,'Bastia'),(7,'Besançon'),(8,'Bordeaux'),(9,'Bourges'),(10,'Caen'),(11,'Cayenne'),(12,'Chambéry'),(13,'Colmar'),(14,'Dijon'),(15,'Douai'),(16,'Fort de France'),(17,'Grenoble'),(18,'Limoges'),(19,'Lyon'),(20,'Metz'),(21,'Montpellier'),(22,'Nancy'),(23,'Nîmes'),(24,'Nouméa'),(25,'Orléans'),(26,'Papeete'),(27,'Paris'),(28,'Pau'),(29,'Poitiers'),(30,'Reims'),(31,'Rennes'),(32,'Riom'),(33,'Rouen'),(34,'Saint Denis'),(35,'Saint Pierre'),(36,'Toulouse'),(37,'Versailles');

--
-- Table structure for table `codalia_profile_attestations`
--

CREATE TABLE `codalia_profile_attestations` (
  `id` int unsigned NOT NULL AUTO_INCREMENT,
  `licence_id` int unsigned DEFAULT NULL,
  `expiry_date` date DEFAULT NULL,
  `created_at` timestamp NULL DEFAULT NULL,
  `updated_at` timestamp NULL DEFAULT NULL,
  PRIMARY KEY (`id`),
  KEY `codalia_profile_attestations_licence_id_index` (`licence_id`)
) ENGINE=InnoDB AUTO_INCREMENT=206 DEFAULT CHARSET=utf8mb4 COLLATE=utf8mb4_unicode_ci;

--
-- Dumping data for table `codalia_profile_attestations`
--

INSERT INTO `codalia_profile_attestations` VALUES (1,1,'2022-12-31','2022-10-02 09:13:10','2022-10-02 09:13:10'),(2,2,'2022-12-31','2022-10-02 09:57:10','2022-10-02 09:57:10'),(3,3,'2022-12-31','2022-10-02 10:39:13','2022-10-02 10:39:13'),(4,4,'2022-12-31','2022-10-02 18:55:17','2022-10-02 18:55:17'),(5,5,'2022-12-31','2022-10-02 19:36:11','2022-10-02 19:36:11'),(6,6,'2022-12-31','2022-10-02 19:56:34','2022-10-02 19:56:34'),(7,7,'2022-12-31','2022-10-02 20:07:50','2022-10-02 20:07:50'),(8,8,'2022-12-31','2022-10-03 07:07:07','2022-10-03 07:07:07'),(9,9,'2022-12-31','2022-10-03 07:24:18','2022-10-03 07:24:18'),(10,10,'2022-12-31','2022-10-03 10:12:31','2022-10-03 10:12:31'),(11,11,'2022-12-31','2022-10-03 10:59:44','2022-10-03 10:59:44'),(12,12,'2022-12-31','2022-10-03 11:10:10','2022-10-03 11:10:10'),(13,13,'2022-12-31','2022-10-03 11:18:07','2022-10-03 11:18:07'),(14,14,'2022-12-31','2022-10-03 15:47:59','2022-10-03 15:47:59'),(15,15,'2022-12-31','2022-10-03 16:11:26','2022-10-03 16:11:26'),(16,16,'2022-12-31','2022-10-03 16:18:17','2022-10-03 16:18:17'),(17,17,'2022-12-31','2022-10-03 18:07:03','2022-10-03 18:07:03'),(18,18,'2022-12-31','2022-10-03 18:15:24','2022-10-03 18:15:24'),(19,19,'2022-12-31','2022-10-03 18:26:17','2022-10-03 18:26:17'),(20,20,'2022-12-31','2022-10-03 18:33:47','2022-10-03 18:33:47'),(21,21,'2022-12-31','2022-10-03 19:03:57','2022-10-03 19:03:57'),(22,22,'2022-12-31','2022-10-03 19:09:36','2022-10-03 19:09:36'),(23,23,'2022-12-31','2022-10-03 19:17:12','2022-10-03 19:17:12'),(24,24,'2022-12-31','2022-10-03 19:23:53','2022-10-03 19:23:53'),(25,25,'2022-12-31','2022-10-03 19:31:34','2022-10-03 19:31:34'),(26,26,'2022-12-31','2022-10-04 17:58:28','2022-10-04 17:58:28'),(27,27,'2022-12-31','2022-10-04 18:23:47','2022-10-04 18:23:47'),(28,28,'2022-12-31','2022-10-04 18:36:55','2022-10-04 18:36:55'),(29,29,'2022-12-31','2022-10-04 19:01:34','2022-10-04 19:01:34'),(30,30,'2022-12-31','2022-10-04 19:11:03','2022-10-04 19:11:03'),(31,31,'2022-12-31','2022-10-04 19:20:10','2022-10-04 19:20:10'),(32,32,'2022-12-31','2022-10-04 19:25:46','2022-10-04 19:25:46'),(33,33,'2022-12-31','2022-10-04 19:32:15','2022-10-04 19:32:15'),(34,34,'2022-12-31','2022-10-04 19:39:52','2022-10-04 19:39:52'),(35,35,'2022-12-31','2022-10-04 19:57:16','2022-10-04 19:57:16'),(36,36,'2022-12-31','2022-10-04 20:04:29','2022-10-04 20:04:29'),(37,37,'2022-12-31','2022-10-04 20:11:11','2022-10-04 20:11:11'),(38,38,'2022-12-31','2022-10-04 20:20:54','2022-10-04 20:20:54'),(39,39,'2022-12-31','2022-10-04 20:26:09','2022-10-04 20:26:09'),(40,40,'2022-12-31','2022-10-04 20:38:29','2022-10-04 20:38:29'),(41,41,'2022-12-31','2022-10-04 20:44:52','2022-10-04 20:44:52'),(42,42,'2022-12-31','2022-10-04 20:51:38','2022-10-04 20:51:38'),(43,43,'2022-12-31','2022-10-04 21:16:27','2022-10-04 21:16:27'),(44,44,'2022-12-31','2022-10-04 21:23:41','2022-10-04 21:23:41'),(45,45,'2022-12-31','2022-10-04 21:30:40','2022-10-04 21:30:40'),(46,46,'2022-12-31','2022-10-04 21:36:24','2022-10-04 21:36:24'),(47,47,'2022-12-31','2022-10-04 21:42:31','2022-10-04 21:42:31'),(48,48,'2022-12-31','2022-10-04 21:48:47','2022-10-04 21:48:47'),(49,49,'2022-12-31','2022-10-04 21:59:10','2022-10-04 21:59:10'),(50,50,'2022-12-31','2022-10-05 10:08:46','2022-10-05 10:08:46'),(51,51,'2022-12-31','2022-10-05 10:19:23','2022-10-05 10:19:23'),(52,52,'2022-12-31','2022-10-05 10:35:39','2022-10-05 10:35:39'),(53,53,'2022-12-31','2022-10-05 10:45:16','2022-10-05 10:45:16'),(54,54,'2022-12-31','2022-10-15 08:49:08','2022-10-15 08:49:08'),(55,55,'2022-12-31','2022-10-15 09:00:05','2022-10-15 09:00:05'),(56,56,'2022-12-31','2022-10-15 15:34:41','2022-10-15 15:34:41'),(57,57,'2022-12-31','2022-10-15 15:43:36','2022-10-15 15:43:36'),(58,58,'2022-12-31','2022-10-15 15:52:52','2022-10-15 15:52:52'),(59,59,'2022-12-31','2022-10-15 16:03:09','2022-10-15 16:03:09'),(60,60,'2022-12-31','2022-10-15 17:07:39','2022-10-15 17:07:39'),(61,61,'2022-12-31','2022-10-15 17:14:21','2022-10-15 17:14:21'),(62,62,'2022-12-31','2022-10-15 18:53:07','2022-10-15 18:53:07'),(63,63,'2022-12-31','2022-10-15 18:59:51','2022-10-15 18:59:51'),(64,64,'2022-12-31','2022-10-15 19:06:09','2022-10-15 19:06:09'),(65,65,'2022-12-31','2022-10-15 19:11:50','2022-10-15 19:11:50'),(66,66,'2022-12-31','2022-10-15 19:17:59','2022-10-15 19:17:59'),(67,67,'2022-12-31','2022-10-15 19:24:45','2022-10-15 19:24:45'),(68,68,'2022-12-31','2022-10-15 19:48:33','2022-10-15 19:48:33'),(69,69,'2022-12-31','2022-10-15 19:54:15','2022-10-15 19:54:15'),(70,70,'2022-12-31','2022-10-15 20:09:32','2022-10-15 20:09:32'),(71,71,'2022-12-31','2022-10-16 05:56:30','2022-10-16 05:56:30'),(72,72,'2022-12-31','2022-10-16 06:43:35','2022-10-16 06:43:35'),(73,73,'2022-12-31','2022-10-16 06:51:37','2022-10-16 06:51:37'),(74,74,'2022-12-31','2022-10-16 06:57:48','2022-10-16 06:57:48'),(75,75,'2022-12-31','2022-10-16 07:05:40','2022-10-16 07:05:40'),(76,76,'2022-12-31','2022-10-16 07:12:20','2022-10-16 07:12:20'),(77,77,'2022-12-31','2022-10-16 08:09:13','2022-10-16 08:09:13'),(78,78,'2022-12-31','2022-10-16 08:14:46','2022-10-16 08:14:46'),(79,79,'2022-12-31','2022-10-16 08:46:55','2022-10-16 08:46:55'),(80,80,'2022-12-31','2022-10-16 12:18:01','2022-10-16 12:18:01'),(81,81,'2022-12-31','2022-10-16 12:23:22','2022-10-16 12:23:22'),(82,82,'2022-12-31','2022-10-16 12:30:32','2022-10-16 12:30:32'),(83,83,'2022-12-31','2022-10-16 12:39:23','2022-10-16 12:39:23'),(84,84,'2022-12-31','2022-10-16 12:57:00','2022-10-16 12:57:00'),(85,85,'2022-12-31','2022-10-16 13:05:59','2022-10-16 13:05:59'),(86,86,'2022-12-31','2022-10-16 13:11:06','2022-10-16 13:11:06'),(87,87,'2022-12-31','2022-10-16 13:19:14','2022-10-16 13:19:14'),(88,88,'2022-12-31','2022-10-16 13:26:39','2022-10-16 13:26:39'),(89,89,'2022-12-31','2022-10-16 13:35:47','2022-10-16 13:35:47'),(90,90,'2022-12-31','2022-10-16 13:41:54','2022-10-16 13:41:54'),(91,91,'2022-12-31','2022-10-16 19:05:26','2022-10-16 19:05:26'),(92,92,'2022-12-31','2022-10-16 19:19:46','2022-10-16 19:19:46'),(93,93,'2022-12-31','2022-10-16 19:26:02','2022-10-16 19:26:02'),(94,94,'2022-12-31','2022-10-16 19:33:44','2022-10-16 19:33:44'),(95,95,'2022-12-31','2022-10-16 19:41:31','2022-10-16 19:41:31'),(96,96,'2022-12-31','2022-10-16 19:59:11','2022-10-16 19:59:11'),(97,97,'2022-12-31','2022-10-16 20:04:47','2022-10-16 20:04:47'),(98,98,'2022-12-31','2022-10-16 20:10:43','2022-10-16 20:10:43'),(99,99,'2022-12-31','2022-11-23 12:44:57','2022-11-23 12:44:57'),(100,100,'2022-12-31','2022-11-23 16:47:30','2022-11-23 16:47:30'),(101,101,'2022-12-31','2022-11-23 16:57:06','2022-11-23 16:57:06'),(102,102,'2022-12-31','2022-11-23 18:25:46','2022-11-23 18:25:46'),(103,103,'2022-12-31','2022-11-23 18:42:52','2022-11-23 18:42:52'),(104,104,'2022-12-31','2022-11-23 18:55:33','2022-11-23 18:55:33'),(105,105,'2022-12-31','2022-11-23 19:54:28','2022-11-23 19:54:28'),(106,106,'2022-12-31','2022-11-23 20:01:12','2022-11-23 20:01:12'),(107,107,'2022-12-31','2022-11-23 20:06:01','2022-11-23 20:06:01'),(108,108,'2022-12-31','2022-11-23 20:11:03','2022-11-23 20:11:03'),(109,109,'2022-12-31','2022-11-23 20:17:47','2022-11-23 20:17:47'),(110,110,'2022-12-31','2022-11-23 20:23:31','2022-11-23 20:23:31'),(111,111,'2022-12-31','2022-11-23 20:28:59','2022-11-23 20:28:59'),(112,112,'2022-12-31','2022-11-23 20:33:57','2022-11-23 20:33:57'),(113,113,'2022-12-31','2022-11-24 13:44:39','2022-11-24 13:44:39'),(114,114,'2022-12-31','2022-11-24 13:50:41','2022-11-24 13:50:41'),(115,115,'2022-12-31','2022-11-24 13:56:55','2022-11-24 13:56:55'),(116,116,'2022-12-31','2022-11-24 14:01:26','2022-11-24 14:01:26'),(117,117,'2022-12-31','2022-11-24 14:05:39','2022-11-24 14:05:39'),(118,118,'2022-12-31','2022-11-24 14:14:31','2022-11-24 14:14:31'),(119,119,'2022-12-31','2022-11-24 14:26:47','2022-11-24 14:26:47'),(120,120,'2022-12-31','2022-11-25 06:51:31','2022-11-25 06:51:31'),(121,121,'2022-12-31','2022-11-25 08:17:07','2022-11-25 08:17:07'),(122,122,'2022-12-31','2022-11-25 08:26:07','2022-11-25 08:26:07'),(123,123,'2022-12-31','2022-11-25 08:42:29','2022-11-25 08:42:29'),(124,124,'2022-12-31','2022-11-25 09:09:27','2022-11-25 09:09:27'),(125,125,'2022-12-31','2022-11-25 09:51:04','2022-11-25 09:51:04'),(126,126,'2022-12-31','2022-11-25 10:01:11','2022-11-25 10:01:11'),(127,127,'2022-12-31','2022-11-25 10:07:03','2022-11-25 10:07:03'),(128,128,'2022-12-31','2022-11-25 12:05:52','2022-11-25 12:05:52'),(129,129,'2022-12-31','2022-11-25 12:11:57','2022-11-25 12:11:57'),(130,130,'2022-12-31','2022-11-25 12:18:09','2022-11-25 12:18:09'),(131,131,'2022-12-31','2022-11-25 14:21:34','2022-11-25 14:21:34'),(132,132,'2022-12-31','2022-11-25 14:27:16','2022-11-25 14:27:16'),(133,133,'2022-12-31','2022-11-25 14:32:59','2022-11-25 14:32:59'),(134,134,'2022-12-31','2022-11-25 14:50:20','2022-11-25 14:50:20'),(135,135,'2022-12-31','2022-11-25 14:56:15','2022-11-25 14:56:15'),(136,136,'2022-12-31','2022-11-26 19:58:20','2022-11-26 19:58:20'),(137,137,'2022-12-31','2022-11-26 20:04:13','2022-11-26 20:04:13'),(138,138,'2022-12-31','2022-11-26 20:10:08','2022-11-26 20:10:08'),(139,139,'2022-12-31','2022-11-26 20:16:08','2022-11-26 20:16:08'),(140,140,'2022-12-31','2022-11-26 20:21:26','2022-11-26 20:21:26'),(141,141,'2022-12-31','2022-11-26 20:27:18','2022-11-26 20:27:18'),(142,142,'2022-12-31','2022-11-26 20:35:48','2022-11-26 20:35:48'),(143,143,'2022-12-31','2022-11-26 20:45:52','2022-11-26 20:45:52'),(144,144,'2022-12-31','2022-11-26 20:50:44','2022-11-26 20:50:44'),(145,145,'2022-12-31','2022-11-27 06:09:16','2022-11-27 06:09:16'),(146,146,'2022-12-31','2022-11-27 06:33:13','2022-11-27 06:33:13'),(147,147,'2022-12-31','2022-11-27 08:27:17','2022-11-27 08:27:17'),(148,148,'2022-12-31','2022-11-27 08:32:40','2022-11-27 08:32:40'),(149,149,'2022-12-31','2022-11-27 08:52:55','2022-11-27 08:52:55'),(150,150,'2022-12-31','2022-11-27 08:59:23','2022-11-27 08:59:23'),(151,151,'2022-12-31','2022-11-27 09:04:58','2022-11-27 09:04:58'),(152,152,'2022-12-31','2022-11-27 09:12:16','2022-11-27 09:12:16'),(153,153,'2022-12-31','2022-11-27 09:17:43','2022-11-27 09:17:43'),(154,154,'2022-12-31','2022-11-27 11:17:08','2022-11-27 11:17:08'),(155,155,'2022-12-31','2022-11-27 11:22:51','2022-11-27 11:22:51'),(156,156,'2022-12-31','2022-11-27 13:01:10','2022-11-27 13:01:10'),(157,157,'2022-12-31','2022-11-27 13:07:46','2022-11-27 13:07:46'),(158,158,'2022-12-31','2022-11-27 13:13:25','2022-11-27 13:13:25'),(159,159,'2022-12-31','2022-11-27 13:22:56','2022-11-27 13:22:56'),(160,160,'2022-12-31','2022-11-27 13:28:56','2022-11-27 13:28:56'),(161,161,'2022-12-31','2022-11-27 13:34:10','2022-11-27 13:34:10'),(162,162,'2022-12-31','2022-11-27 13:40:38','2022-11-27 13:40:38'),(163,163,'2022-12-31','2022-11-27 16:09:37','2022-11-27 16:09:37'),(164,164,'2022-12-31','2022-11-27 16:18:09','2022-11-27 16:18:09'),(165,165,'2022-12-31','2022-11-27 16:27:19','2022-11-27 16:27:19'),(166,166,'2022-12-31','2022-11-27 16:32:41','2022-11-27 16:32:41'),(167,167,'2022-12-31','2022-11-27 16:38:11','2022-11-27 16:38:11'),(168,168,'2022-12-31','2022-11-27 16:44:20','2022-11-27 16:44:20'),(169,169,'2022-12-31','2022-11-27 16:51:24','2022-11-27 16:51:24'),(170,170,'2022-12-31','2022-11-27 16:56:37','2022-11-27 16:56:37'),(171,171,'2022-12-31','2022-11-27 17:02:46','2022-11-27 17:02:46'),(172,172,'2022-12-31','2022-11-27 17:15:44','2022-11-27 17:15:44'),(173,173,'2022-12-31','2022-11-27 17:20:44','2022-11-27 17:20:44'),(174,174,'2022-12-31','2022-11-27 17:28:20','2022-11-27 17:28:20'),(175,175,'2022-12-31','2022-11-27 17:33:57','2022-11-27 17:33:57'),(176,176,'2022-12-31','2022-11-27 17:39:16','2022-11-27 17:39:16'),(177,177,'2022-12-31','2022-11-27 17:45:08','2022-11-27 17:45:08'),(178,178,'2022-12-31','2022-11-27 17:50:38','2022-11-27 17:50:38'),(179,179,'2022-12-31','2022-11-27 19:43:24','2022-11-27 19:43:24'),(180,180,'2022-12-31','2022-11-27 19:49:50','2022-11-27 19:49:50'),(181,181,'2022-12-31','2022-11-27 19:56:34','2022-11-27 19:56:34'),(182,182,'2022-12-31','2022-11-27 20:04:57','2022-11-27 20:04:57'),(183,183,'2022-12-31','2022-11-27 20:23:29','2022-11-27 20:23:29'),(184,184,'2022-12-31','2022-11-27 20:31:03','2022-11-27 20:31:03'),(185,185,'2022-12-31','2022-11-27 20:36:27','2022-11-27 20:36:27'),(186,186,'2022-12-31','2022-11-27 20:41:31','2022-11-27 20:41:31'),(187,187,'2022-12-31','2022-11-27 20:46:23','2022-11-27 20:46:23'),(188,188,'2022-12-31','2022-11-27 20:53:07','2022-11-27 20:53:07'),(189,189,'2022-12-31','2022-11-27 20:58:46','2022-11-27 20:58:46'),(190,190,'2022-12-31','2022-11-27 21:03:48','2022-11-27 21:03:48'),(191,191,'2022-12-31','2022-11-27 21:08:50','2022-11-27 21:08:50'),(192,192,'2022-12-31','2022-11-27 21:13:21','2022-11-27 21:13:21'),(193,193,'2022-12-31','2022-11-27 21:18:12','2022-11-27 21:18:12'),(194,194,'2022-12-31','2022-11-27 21:22:38','2022-11-27 21:22:38'),(195,195,'2022-12-31','2022-12-30 07:42:08','2022-12-30 07:42:08'),(196,196,'2022-12-31','2022-12-30 08:04:09','2022-12-30 08:04:09'),(197,197,'2022-12-31','2022-12-30 08:10:48','2022-12-30 08:10:48'),(198,198,'2022-12-31','2022-12-30 08:18:08','2022-12-30 08:18:08'),(199,199,'2022-12-31','2022-12-30 08:23:51','2022-12-30 08:23:51'),(200,200,'2022-12-31','2022-12-30 08:32:16','2022-12-30 08:32:16'),(201,201,'2022-12-31','2022-12-30 08:37:28','2022-12-30 08:37:28'),(202,202,'2022-12-31','2022-12-30 08:53:44','2022-12-30 08:53:44'),(203,203,'2024-12-31','2023-01-30 17:05:33','2023-01-30 17:05:33'),(204,203,'2025-12-31','2023-01-30 17:05:33','2023-01-30 17:05:33'),(205,203,'2026-12-31','2023-01-30 17:05:33','2023-01-30 17:05:33');

--
-- Table structure for table `codalia_profile_citizenship_list`
--

CREATE TABLE `codalia_profile_citizenship_list` (
  `id` int NOT NULL AUTO_INCREMENT,
  `alpha_3` char(3) CHARACTER SET utf8mb3 COLLATE utf8mb3_bin NOT NULL,
  `published` tinyint unsigned NOT NULL,
  `fr` tinytext CHARACTER SET utf8mb3 COLLATE utf8mb3_bin NOT NULL,
  PRIMARY KEY (`id`)
) ENGINE=InnoDB AUTO_INCREMENT=198 DEFAULT CHARSET=utf8mb3 COLLATE=utf8mb3_bin;

--
-- Dumping data for table `codalia_profile_citizenship_list`
--

INSERT INTO `codalia_profile_citizenship_list` VALUES (1,'AFG',1,'Afghane (Afghanistan)'),(2,'ALB',1,'Albanaise (Albanie)'),(3,'DZA',1,'Algérienne (Algérie)'),(4,'DEU',1,'Allemande (Allemagne)'),(5,'USA',1,'Americaine (États-Unis)'),(6,'AND',1,'Andorrane (Andorre)'),(7,'AGO',1,'Angolaise (Angola)'),(8,'ATG',1,'Antiguaise-et-Barbudienne (Antigua-et-Barbuda)'),(9,'ARG',1,'Argentine (Argentine)'),(10,'ARM',1,'Armenienne (Arménie)'),(11,'AUS',1,'Australienne (Australie)'),(12,'AUT',1,'Autrichienne (Autriche)'),(13,'AZE',1,'Azerbaïdjanaise (Azerbaïdjan)'),(14,'BHS',1,'Bahamienne (Bahamas)'),(15,'BHR',1,'Bahreinienne (Bahreïn)'),(16,'BGD',1,'Bangladaise (Bangladesh)'),(17,'BRB',1,'Barbadienne (Barbade)'),(18,'BEL',1,'Belge (Belgique)'),(19,'BLZ',1,'Belizienne (Belize)'),(20,'BEN',1,'Béninoise (Bénin)'),(21,'BTN',1,'Bhoutanaise (Bhoutan)'),(22,'BLR',1,'Biélorusse (Biélorussie)'),(23,'MMR',1,'Birmane (Birmanie)'),(24,'GNB',1,'Bissau-Guinéenne (Guinée-Bissau)'),(25,'BOL',1,'Bolivienne (Bolivie)'),(26,'BIH',1,'Bosnienne (Bosnie-Herzégovine)'),(27,'BWA',1,'Botswanaise (Botswana)'),(28,'BRA',1,'Brésilienne (Brésil)'),(29,'GBR',1,'Britannique (Royaume-Uni)'),(30,'BRN',1,'Brunéienne (Brunéi)'),(31,'BGR',1,'Bulgare (Bulgarie)'),(32,'BFA',1,'Burkinabée (Burkina)'),(33,'BDI',1,'Burundaise (Burundi)'),(34,'KHM',1,'Cambodgienne (Cambodge)'),(35,'CMR',1,'Camerounaise (Cameroun)'),(36,'CAN',1,'Canadienne (Canada)'),(37,'CPV',1,'Cap-verdienne (Cap-Vert)'),(38,'CAF',1,'Centrafricaine (Centrafrique)'),(39,'CHL',1,'Chilienne (Chili)'),(40,'CHN',1,'Chinoise (Chine)'),(41,'CYP',1,'Chypriote (Chypre)'),(42,'COL',1,'Colombienne (Colombie)'),(43,'COM',1,'Comorienne (Comores)'),(44,'COG',1,'Congolaise (Congo-Brazzaville)'),(45,'COD',1,'Congolaise (Congo-Kinshasa)'),(46,'COK',1,'Cookienne (Îles Cook)'),(47,'CRI',1,'Costaricaine (Costa Rica)'),(48,'HRV',1,'Croate (Croatie)'),(49,'CUB',1,'Cubaine (Cuba)'),(50,'DNK',1,'Danoise (Danemark)'),(51,'DJI',1,'Djiboutienne (Djibouti)'),(52,'DOM',1,'Dominicaine (République dominicaine)'),(53,'DMA',1,'Dominiquaise (Dominique)'),(54,'EGY',1,'Égyptienne (Égypte)'),(55,'ARE',1,'Émirienne (Émirats arabes unis)'),(56,'GNQ',1,'Équato-guineenne (Guinée équatoriale)'),(57,'ECU',1,'Équatorienne (Équateur)'),(58,'ERI',1,'Érythréenne (Érythrée)'),(59,'ESP',1,'Espagnole (Espagne)'),(60,'TLS',1,'Est-timoraise (Timor-Leste)'),(61,'EST',1,'Estonienne (Estonie)'),(62,'ETH',1,'Éthiopienne (Éthiopie)'),(63,'FJI',1,'Fidjienne (Fidji)'),(64,'FIN',1,'Finlandaise (Finlande)'),(65,'FRA',1,'Française (France)'),(66,'GAB',1,'Gabonaise (Gabon)'),(67,'GMB',1,'Gambienne (Gambie)'),(68,'GEO',1,'Georgienne (Géorgie)'),(69,'GHA',1,'Ghanéenne (Ghana)'),(70,'GRD',1,'Grenadienne (Grenade)'),(71,'GTM',1,'Guatémaltèque (Guatemala)'),(72,'GIN',1,'Guinéenne (Guinée)'),(73,'GUY',1,'Guyanienne (Guyana)'),(74,'HTI',1,'Haïtienne (Haïti)'),(75,'GRC',1,'Hellénique (Grèce)'),(76,'HND',1,'Hondurienne (Honduras)'),(77,'HUN',1,'Hongroise (Hongrie)'),(78,'IND',1,'Indienne (Inde)'),(79,'IDN',1,'Indonésienne (Indonésie)'),(80,'IRQ',1,'Irakienne (Iraq)'),(81,'IRN',1,'Iranienne (Iran)'),(82,'IRL',1,'Irlandaise (Irlande)'),(83,'ISL',1,'Islandaise (Islande)'),(84,'ISR',1,'Israélienne (Israël)'),(85,'ITA',1,'Italienne (Italie)'),(86,'CIV',1,'Ivoirienne (Côte d\'Ivoire)'),(87,'JAM',1,'Jamaïcaine (Jamaïque)'),(88,'JPN',1,'Japonaise (Japon)'),(89,'JOR',1,'Jordanienne (Jordanie)'),(90,'KAZ',1,'Kazakhstanaise (Kazakhstan)'),(91,'KEN',1,'Kenyane (Kenya)'),(92,'KGZ',1,'Kirghize (Kirghizistan)'),(93,'KIR',1,'Kiribatienne (Kiribati)'),(94,'KNA',1,'Kittitienne et Névicienne (Saint-Christophe-et-Niévès)'),(95,'KWT',1,'Koweïtienne (Koweït)'),(96,'LAO',1,'Laotienne (Laos)'),(97,'LSO',1,'Lesothane (Lesotho)'),(98,'LVA',1,'Lettone (Lettonie)'),(99,'LBN',1,'Libanaise (Liban)'),(100,'LBR',1,'Libérienne (Libéria)'),(101,'LBY',1,'Libyenne (Libye)'),(102,'LIE',1,'Liechtensteinoise (Liechtenstein)'),(103,'LTU',1,'Lituanienne (Lituanie)'),(104,'LUX',1,'Luxembourgeoise (Luxembourg)'),(105,'MKD',1,'Macédonienne (Macédoine)'),(106,'MYS',1,'Malaisienne (Malaisie)'),(107,'MWI',1,'Malawienne (Malawi)'),(108,'MDV',1,'Maldivienne (Maldives)'),(109,'MDG',1,'Malgache (Madagascar)'),(110,'MLI',1,'Maliennes (Mali)'),(111,'MLT',1,'Maltaise (Malte)'),(112,'MAR',1,'Marocaine (Maroc)'),(113,'MHL',1,'Marshallaise (Îles Marshall)'),(114,'MUS',1,'Mauricienne (Maurice)'),(115,'MRT',1,'Mauritanienne (Mauritanie)'),(116,'MEX',1,'Mexicaine (Mexique)'),(117,'FSM',1,'Micronésienne (Micronésie)'),(118,'MDA',1,'Moldave (Moldovie)'),(119,'MCO',1,'Monegasque (Monaco)'),(120,'MNG',1,'Mongole (Mongolie)'),(121,'MNE',1,'Monténégrine (Monténégro)'),(122,'MOZ',1,'Mozambicaine (Mozambique)'),(123,'NAM',1,'Namibienne (Namibie)'),(124,'NRU',1,'Nauruane (Nauru)'),(125,'NLD',1,'Néerlandaise (Pays-Bas)'),(126,'NZL',1,'Néo-Zélandaise (Nouvelle-Zélande)'),(127,'NPL',1,'Népalaise (Népal)'),(128,'NIC',1,'Nicaraguayenne (Nicaragua)'),(129,'NGA',1,'Nigériane (Nigéria)'),(130,'NER',1,'Nigérienne (Niger)'),(131,'NIU',1,'Niuéenne (Niue)'),(132,'PRK',1,'Nord-coréenne (Corée du Nord)'),(133,'NOR',1,'Norvégienne (Norvège)'),(134,'OMN',1,'Omanaise (Oman)'),(135,'UGA',1,'Ougandaise (Ouganda)'),(136,'UZB',1,'Ouzbéke (Ouzbékistan)'),(137,'PAK',1,'Pakistanaise (Pakistan)'),(138,'PLW',1,'Palaosienne (Palaos)'),(139,'PSE',1,'Palestinienne (Palestine)'),(140,'PAN',1,'Panaméenne (Panama)'),(141,'PNG',1,'Papouane-Néo-Guinéenne (Papouasie-Nouvelle-Guinée)'),(142,'PRY',1,'Paraguayenne (Paraguay)'),(143,'PER',1,'Péruvienne (Pérou)'),(144,'PHL',1,'Philippine (Philippines)'),(145,'POL',1,'Polonaise (Pologne)'),(146,'PRT',1,'Portugaise (Portugal)'),(147,'QAT',1,'Qatarienne (Qatar)'),(148,'ROU',1,'Roumaine (Roumanie)'),(149,'RUS',1,'Russe (Russie)'),(150,'RWA',1,'Rwandaise (Rwanda)'),(151,'LCA',1,'Saint-Lucienne (Sainte-Lucie)'),(152,'SMR',1,'Saint-Marinaise (Saint-Marin)'),(153,'VCT',1,'Saint-Vincentaise et Grenadine (Saint-Vincent-et-les Grenadines)'),(154,'SLB',1,'Salomonaise (Îles Salomon)'),(155,'SLV',1,'Salvadorienne (Salvador)'),(156,'WSM',1,'Samoane (Samoa)'),(157,'STP',1,'Santoméenne (Sao Tomé-et-Principe)'),(158,'SAU',1,'Saoudienne (Arabie saoudite)'),(159,'SEN',1,'Sénégalaise (Sénégal)'),(160,'SRB',1,'Serbe (Serbie)'),(161,'SYC',1,'Seychelloise (Seychelles)'),(162,'SLE',1,'Sierra-Léonaise (Sierra Leone)'),(163,'SGP',1,'Singapourienne (Singapour)'),(164,'SVK',1,'Slovaque (Slovaquie)'),(165,'SVN',1,'Slovène (Slovénie)'),(166,'SOM',1,'Somalienne (Somalie)'),(167,'SDN',1,'Soudanaise (Soudan)'),(168,'LKA',1,'Sri-Lankaise (Sri Lanka)'),(169,'ZAF',1,'Sud-Africaine (Afrique du Sud)'),(170,'KOR',1,'Sud-Coréenne (Corée du Sud)'),(171,'SSD',1,'Sud-Soudanaise (Soudan du Sud)'),(172,'SWE',1,'Suédoise (Suède)'),(173,'CHE',1,'Suisse (Suisse)'),(174,'SUR',1,'Surinamaise (Suriname)'),(175,'SWZ',1,'Swazie (Swaziland)'),(176,'SYR',1,'Syrienne (Syrie)'),(177,'TJK',1,'Tadjike (Tadjikistan)'),(178,'TZA',1,'Tanzanienne (Tanzanie)'),(179,'TCD',1,'Tchadienne (Tchad)'),(180,'CZE',1,'Tchèque (Tchéquie)'),(181,'THA',1,'Thaïlandaise (Thaïlande)'),(182,'TGO',1,'Togolaise (Togo)'),(183,'TON',1,'Tonguienne (Tonga)'),(184,'TTO',1,'Trinidadienne (Trinité-et-Tobago)'),(185,'TUN',1,'Tunisienne (Tunisie)'),(186,'TKM',1,'Turkmène (Turkménistan)'),(187,'TUR',1,'Turque (Turquie)'),(188,'TUV',1,'Tuvaluane (Tuvalu)'),(189,'UKR',1,'Ukrainienne (Ukraine)'),(190,'URY',1,'Uruguayenne (Uruguay)'),(191,'VUT',1,'Vanuatuane (Vanuatu)'),(192,'VAT',1,'Vaticane (Vatican)'),(193,'VEN',1,'Vénézuélienne (Venezuela)'),(194,'VNM',1,'Vietnamienne (Viêt Nam)'),(195,'YEM',1,'Yéménite (Yémen)'),(196,'ZMB',1,'Zambienne (Zambie)'),(197,'ZWE',1,'Zimbabwéenne (Zimbabwe)');

--
-- Table structure for table `codalia_profile_country_list`
--

CREATE TABLE `codalia_profile_country_list` (
  `id` int unsigned NOT NULL AUTO_INCREMENT,
  `alpha_2` char(2) CHARACTER SET utf8mb4 COLLATE utf8mb4_unicode_ci DEFAULT NULL,
  `alpha_3` char(3) CHARACTER SET utf8mb4 COLLATE utf8mb4_unicode_ci DEFAULT NULL,
  `numerical` smallint unsigned DEFAULT NULL,
  `continent_code` char(2) CHARACTER SET utf8mb4 COLLATE utf8mb4_unicode_ci DEFAULT NULL,
  `citizenship` tinyint(1) DEFAULT NULL,
  `published` tinyint(1) DEFAULT NULL,
  `fr` tinytext CHARACTER SET utf8mb4 COLLATE utf8mb4_unicode_ci,
  PRIMARY KEY (`id`)
) ENGINE=InnoDB AUTO_INCREMENT=243 DEFAULT CHARSET=utf8mb4 COLLATE=utf8mb4_unicode_ci;

--
-- Dumping data for table `codalia_profile_country_list`
--

INSERT INTO `codalia_profile_country_list` VALUES (1,'AF','AFG',4,'AS',1,1,'Afghanistan'),(2,'AX','ALA',248,'EU',1,1,'Åland, Îles'),(3,'AL','ALB',8,'EU',1,1,'Albanie'),(4,'DZ','DZA',12,'AF',1,1,'Algérie'),(5,'AS','ASM',16,'OC',1,1,'Samoa américaines'),(6,'AD','AND',20,'EU',1,1,'Andorre'),(7,'AO','AGO',24,'AF',1,1,'Angola'),(8,'AI','AIA',660,'NA',1,1,'Anguilla'),(9,'AQ','ATA',10,'AN',1,1,'Antarctique'),(10,'AG','ATG',28,'NA',1,1,'Antigua et Barbuda'),(11,'AR','ARG',32,'SA',1,1,'Argentine'),(12,'AM','ARM',51,'AS',1,1,'Arménie'),(13,'AW','ABW',533,'NA',1,1,'Aruba'),(14,'AU','AUS',36,'OC',1,1,'Australie'),(15,'AT','AUT',40,'EU',1,1,'Autriche'),(16,'AZ','AZE',31,'AS',1,1,'Azerbaïdjan'),(17,'BS','BHS',44,'NA',1,1,'Bahamas'),(18,'BH','BHR',48,'AS',1,1,'Bahrein'),(19,'BD','BGD',50,'AS',1,1,'Bangladesh'),(20,'BB','BRB',52,'NA',1,1,'Barbade'),(21,'BY','BLR',112,'EU',1,1,'Bélarus'),(22,'BE','BEL',56,'EU',1,1,'Belgique'),(23,'BZ','BLZ',84,'NA',1,1,'Bélize'),(24,'BJ','BEN',204,'AF',1,1,'Bénin'),(25,'BM','BMU',60,'NA',1,1,'Bermudes'),(26,'BT','BTN',64,'AS',1,1,'Bhoutan'),(27,'BO','BOL',68,'SA',1,1,'Bolivie (État plurinational de)'),(28,'BA','BIH',70,'EU',1,1,'Bosnie-Herzégovine'),(29,'BW','BWA',72,'AF',1,1,'Botswana'),(30,'BR','BRA',76,'SA',1,1,'Brésil'),(31,'VG','VGB',92,'NA',1,1,'Îles vierges britanniques'),(32,'IO','IOT',86,'AS',1,1,'Indien (Territoire britannique de l\'océan)'),(33,'BN','BRN',96,'AS',1,1,'Brunéi Darussalam'),(34,'BG','BGR',100,'EU',1,1,'Bulgarie'),(35,'BF','BFA',854,'AF',1,1,'Burkina Faso'),(36,'BI','BDI',108,'AF',1,1,'Burundi'),(37,'KH','KHM',116,'AS',1,1,'Cambodge'),(38,'CM','CMR',120,'AF',1,1,'Cameroun'),(39,'CA','CAN',124,'NA',1,1,'Canada'),(40,'CV','CPV',132,'AF',1,1,'Cabo Verde'),(41,'KY','CYM',136,'NA',1,1,'Caïmans, Iles'),(42,'CF','CAF',140,'AF',1,1,'République centrafricaine'),(43,'TD','TCD',148,'AF',1,1,'Tchad'),(44,'CL','CHL',152,'SA',1,1,'Chili'),(45,'CN','CHN',156,'AS',1,1,'Chine'),(46,'HK','HKG',344,'AS',1,1,'Hong Kong'),(47,'MO','MAC',446,'AS',1,1,'Macao'),(48,'CX','CXR',162,'AS',1,1,'Christmas, île'),(49,'CC','CCK',166,'AS',1,1,'Cocos/Keeling (Îles)'),(50,'CO','COL',170,'SA',1,1,'Colombie'),(51,'KM','COM',174,'AF',1,1,'Comores'),(52,'CG','COG',178,'AF',1,1,'Congo'),(53,'CD','COD',180,'AF',1,1,'Congo, République démocratique du'),(54,'CK','COK',184,'OC',1,1,'Cook, Iles'),(55,'CR','CRI',188,'NA',1,1,'Costa Rica'),(56,'CI','CIV',384,'AF',1,1,'Côte d\'Ivoire'),(57,'HR','HRV',191,'EU',1,1,'Croatie'),(58,'CU','CUB',192,'NA',1,1,'Cuba'),(59,'CY','CYP',196,'EU',1,1,'Chypre'),(60,'CZ','CZE',203,'EU',1,1,'Tchèque, République'),(61,'DK','DNK',208,'EU',1,1,'Danemark'),(62,'DJ','DJI',262,'AF',1,1,'Djibouti'),(63,'DM','DMA',212,'NA',1,1,'Dominique'),(64,'DO','DOM',214,'NA',1,1,'Dominicaine, République'),(65,'EC','ECU',218,'SA',1,1,'Equateur'),(66,'EG','EGY',818,'AF',1,1,'Egypte'),(67,'SV','SLV',222,'NA',1,1,'El Salvador'),(68,'GQ','GNQ',226,'AF',1,1,'Guinée équatoriale'),(69,'ER','ERI',232,'AF',1,1,'Erythrée'),(70,'EE','EST',233,'EU',1,1,'Estonie'),(71,'ET','ETH',231,'AF',1,1,'Ethiopie'),(72,'FK','FLK',238,'SA',1,1,'Falkland/Malouines (Îles)'),(73,'FO','FRO',234,'EU',1,1,'Féroé, îles'),(74,'FJ','FJI',242,'OC',1,1,'Fidji'),(75,'FI','FIN',246,'EU',1,1,'Finlande'),(76,'FR','FRA',250,'EU',1,1,'France'),(77,'GF','GUF',254,'SA',1,1,'Guyane française'),(78,'PF','PYF',258,'OC',1,1,'Polynésie française'),(79,'TF','ATF',260,'AN',1,1,'Terres australes françaises'),(80,'GA','GAB',266,'AF',1,1,'Gabon'),(81,'GM','GMB',270,'AF',1,1,'Gambie'),(82,'GE','GEO',268,'AS',1,1,'Géorgie'),(83,'DE','DEU',276,'EU',1,1,'Allemagne'),(84,'GH','GHA',288,'AF',1,1,'Ghana'),(85,'GI','GIB',292,'EU',1,1,'Gibraltar'),(86,'GR','GRC',300,'EU',1,1,'Grèce'),(87,'GL','GRL',304,'NA',1,1,'Groenland'),(88,'GD','GRD',308,'NA',1,1,'Grenade'),(89,'GP','GLP',312,'NA',1,1,'Guadeloupe'),(90,'GU','GUM',316,'OC',1,1,'Guam'),(91,'GT','GTM',320,'NA',1,1,'Guatemala'),(92,'GG','GGY',831,'EU',1,1,'Guernesey'),(93,'GN','GIN',324,'AF',1,1,'Guinée'),(94,'GW','GNB',624,'AF',1,1,'Guinée-Bissau'),(95,'GY','GUY',328,'SA',1,1,'Guyana'),(96,'HT','HTI',332,'NA',1,1,'Haïti'),(97,'HN','HND',340,'NA',1,1,'Honduras'),(98,'HU','HUN',348,'EU',1,1,'Hongrie'),(99,'IS','ISL',352,'EU',1,1,'Islande'),(100,'IN','IND',356,'AS',1,1,'Inde'),(101,'ID','IDN',360,'AS',1,1,'Indonésie'),(102,'IR','IRN',364,'AS',1,1,'Iran, République islamique'),(103,'IQ','IRQ',368,'AS',1,1,'Iraq'),(104,'IE','IRL',372,'EU',1,1,'Irlande'),(105,'IM','IMN',833,'EU',1,1,'Île de Man'),(106,'IL','ISR',376,'AS',1,1,'Israël'),(107,'IT','ITA',380,'EU',1,1,'Italie'),(108,'JM','JAM',388,'NA',1,1,'Jamaïque'),(109,'JP','JPN',392,'AS',1,1,'Japon'),(110,'JE','JEY',832,'EU',1,1,'Jersey'),(111,'JO','JOR',400,'AS',1,1,'Jordanie'),(112,'KZ','KAZ',398,'AS',1,1,'Kazakhstan'),(113,'KE','KEN',404,'AF',1,1,'Kenya'),(114,'KI','KIR',296,'OC',1,1,'Kiribati'),(115,'KP','PRK',408,'AS',1,1,'Corée, République populaire démocratique de'),(116,'KR','KOR',410,'AS',1,1,'Corée, République de'),(117,'KW','KWT',414,'AS',1,1,'Koweït'),(118,'KG','KGZ',417,'AS',1,1,'Kirghizistan'),(119,'LA','LAO',418,'AS',1,1,'Lao, République démocratique populaire'),(120,'LV','LVA',428,'EU',1,1,'Lettonie'),(121,'LB','LBN',422,'AS',1,1,'Liban'),(122,'LS','LSO',426,'AF',1,1,'Lesotho'),(123,'LR','LBR',430,'AF',1,1,'Libéria'),(124,'LY','LBY',434,'AF',1,1,'Libye'),(125,'LI','LIE',438,'EU',1,1,'Liechtenstein'),(126,'LT','LTU',440,'EU',1,1,'Lituanie'),(127,'LU','LUX',442,'EU',1,1,'Luxembourg'),(128,'MK','MKD',807,'EU',1,1,'Macédoine, ex-République yougoslave de'),(129,'MG','MDG',450,'AF',1,1,'Madagascar'),(130,'MW','MWI',454,'AF',1,1,'Malawi'),(131,'MY','MYS',458,'AS',1,1,'Malaisie'),(132,'MV','MDV',462,'AS',1,1,'Maldives'),(133,'ML','MLI',466,'AF',1,1,'Mali'),(134,'MT','MLT',470,'EU',1,1,'Malte'),(135,'MH','MHL',584,'OC',1,1,'Marshall, Iles'),(136,'MQ','MTQ',474,'NA',1,1,'Martinique'),(137,'MR','MRT',478,'AF',1,1,'Mauritanie'),(138,'MU','MUS',480,'AF',1,1,'Maurice'),(139,'YT','MYT',175,'AF',1,1,'Mayotte'),(140,'MX','MEX',484,'NA',1,1,'Mexique'),(141,'FM','FSM',583,'OC',1,1,'Micronésie, Etats Fédérés de'),(142,'MD','MDA',498,'EU',1,1,'Moldova, République de'),(143,'MC','MCO',492,'EU',1,1,'Monaco'),(144,'MN','MNG',496,'AS',1,1,'Mongolie'),(145,'ME','MNE',499,'EU',1,1,'Monténégro'),(146,'MS','MSR',500,'NA',1,1,'Montserrat'),(147,'MA','MAR',504,'AF',1,1,'Maroc'),(148,'MZ','MOZ',508,'AF',1,1,'Mozambique'),(149,'MM','MMR',104,'AS',1,1,'Myanmar'),(150,'NA','NAM',516,'AF',1,1,'Namibie'),(151,'NR','NRU',520,'OC',1,1,'Nauru'),(152,'NP','NPL',524,'AS',1,1,'Népal'),(153,'NL','NLD',528,'EU',1,1,'Pays-Bas'),(154,'AN','ANT',530,'NA',1,1,'Antilles néerlandaises'),(155,'NC','NCL',540,'OC',1,1,'Nouvelle-Calédonie'),(156,'NZ','NZL',554,'OC',1,1,'Nouvelle-Zélande'),(157,'NI','NIC',558,'NA',1,1,'Nicaragua'),(158,'NE','NER',562,'AF',1,1,'Niger'),(159,'NG','NGA',566,'AF',1,1,'Nigéria'),(160,'NU','NIU',570,'OC',1,1,'Niue'),(161,'NF','NFK',574,'OC',1,1,'Norfolk, Ile'),(162,'MP','MNP',580,'OC',1,1,'Mariannes du nord, Iles'),(163,'NO','NOR',578,'EU',1,1,'Norvège'),(164,'OM','OMN',512,'AS',1,1,'Oman'),(165,'PK','PAK',586,'AS',1,1,'Pakistan'),(166,'PW','PLW',585,'OC',1,1,'Palaos'),(167,'PS','PSE',275,'AS',1,1,'Palestine, Etat de'),(168,'PA','PAN',591,'NA',1,1,'Panama'),(169,'PG','PNG',598,'OC',1,1,'Papouasie-Nouvelle-Guinée'),(170,'PY','PRY',600,'SA',1,1,'Paraguay'),(171,'PE','PER',604,'SA',1,1,'Pérou'),(172,'PH','PHL',608,'AS',1,1,'Philippines'),(173,'PN','PCN',612,'OC',1,1,'Pitcairn'),(174,'PL','POL',616,'EU',1,1,'Pologne'),(175,'PT','PRT',620,'EU',1,1,'Portugal'),(176,'PR','PRI',630,'NA',1,1,'Porto Rico'),(177,'QA','QAT',634,'AS',1,1,'Qatar'),(178,'RE','REU',638,'AF',1,1,'Réunion'),(179,'RO','ROU',642,'EU',1,1,'Roumanie'),(180,'RU','RUS',643,'EU',1,1,'Russie, Fédération de'),(181,'RW','RWA',646,'AF',1,1,'Rwanda'),(182,'BL','BLM',652,'NA',1,1,'Saint-Barthélemy'),(183,'SH','SHN',654,'AF',1,1,'Sainte-Hélène, Ascension et Tristan da Cunha'),(184,'KN','KNA',659,'NA',1,1,'Saint-Kitts-et-Nevis'),(185,'LC','LCA',662,'NA',1,1,'Sainte-Lucie'),(186,'MF','MAF',663,'NA',1,1,'Saint-Martin (partie française)'),(187,'PM','SPM',666,'NA',1,1,'Saint-Pierre-et-Miquelon'),(188,'VC','VCT',670,'NA',1,1,'Saint-Vincent-et-les-Grenadines'),(189,'WS','WSM',882,'OC',1,1,'Samoa'),(190,'SM','SMR',674,'EU',1,1,'Saint-Marin'),(191,'ST','STP',678,'AF',1,1,'Sao Tomé-et-Principe'),(192,'SA','SAU',682,'AS',1,1,'Arabie Saoudite'),(193,'SN','SEN',686,'AF',1,1,'Sénégal'),(194,'RS','SRB',688,'EU',1,1,'Serbie'),(195,'SC','SYC',690,'AF',1,1,'Seychelles'),(196,'SL','SLE',694,'AF',1,1,'Sierra Leone'),(197,'SG','SGP',702,'AS',1,1,'Singapour'),(198,'SK','SVK',703,'EU',1,1,'Slovaquie'),(199,'SI','SVN',705,'EU',1,1,'Slovénie'),(200,'SB','SLB',90,'OC',1,1,'Salomon, Iles'),(201,'SO','SOM',706,'AF',1,1,'Somalie'),(202,'ZA','ZAF',710,'AF',1,1,'Afrique du Sud'),(203,'ES','ESP',724,'EU',1,1,'Espagne'),(204,'LK','LKA',144,'AS',1,1,'Sri Lanka'),(205,'SD','SDN',736,'AF',1,1,'Soudan'),(206,'SR','SUR',740,'SA',1,1,'Suriname'),(207,'SJ','SJM',744,'EU',1,1,'Svalbard et île Jan Mayen'),(208,'SZ','SWZ',748,'AF',1,1,'Swaziland'),(209,'SE','SWE',752,'EU',1,1,'Suède'),(210,'CH','CHE',756,'EU',1,1,'Suisse'),(211,'SY','SYR',760,'AS',1,1,'République arabe syrienne'),(212,'TW','TWN',158,'AS',1,1,'Taïwan, Province de Chine'),(213,'TJ','TJK',762,'AS',1,1,'Tadjikistan'),(214,'TZ','TZA',834,'AF',1,1,'Tanzanie, République unie de'),(215,'TH','THA',764,'AS',1,1,'Thaïlande'),(216,'TL','TLS',626,'AS',1,1,'Timor-Leste'),(217,'TG','TGO',768,'AF',1,1,'Togo'),(218,'TK','TKL',772,'OC',1,1,'Tokelau'),(219,'TO','TON',776,'OC',1,1,'Tonga'),(220,'TT','TTO',780,'NA',1,1,'Trinité-et-Tobago'),(221,'TN','TUN',788,'AF',1,1,'Tunisie'),(222,'TR','TUR',792,'AS',1,1,'Turquie'),(223,'TM','TKM',795,'AS',1,1,'Turkménistan'),(224,'TC','TCA',796,'NA',1,1,'Turks-et-Caïcos (Îles)'),(225,'TV','TUV',798,'OC',1,1,'Tuvalu'),(226,'UG','UGA',800,'AF',1,1,'Ouganda'),(227,'UA','UKR',804,'EU',1,1,'Ukraine'),(228,'AE','ARE',784,'AS',1,1,'Emirats arabes unis'),(229,'GB','GBR',826,'EU',1,1,'Royaume-Uni de Grande-Bretagne et d\'Irlande du Nord'),(230,'US','USA',840,'NA',1,1,'Etats-Unis d\'Amérique'),(231,'UM','UMI',581,'OC',1,1,'Îles mineures éloignées des Etats-Unis'),(232,'UY','URY',858,'SA',1,1,'Uruguay'),(233,'UZ','UZB',860,'AS',1,1,'Ouzbékistan'),(234,'VU','VUT',548,'OC',1,1,'Vanuatu'),(235,'VE','VEN',862,'SA',1,1,'Venezuela (République bolivarienne du)'),(236,'VN','VNM',704,'AS',1,1,'Viet Nam'),(237,'VI','VIR',850,'NA',1,1,'Îles vierges des Etats-Unis'),(238,'WF','WLF',876,'OC',1,1,'Wallis et Futuna'),(239,'EH','ESH',732,'AF',1,1,'Sahara occidental'),(240,'YE','YEM',887,'AS',1,1,'Yémen'),(241,'ZM','ZMB',894,'AF',1,1,'Zambie'),(242,'ZW','ZWE',716,'AF',1,1,'Zimbabwe');

--
-- Table structure for table `codalia_profile_court_list`
--

CREATE TABLE `codalia_profile_court_list` (
  `id` int unsigned NOT NULL AUTO_INCREMENT,
  `name` varchar(191) CHARACTER SET utf8mb4 COLLATE utf8mb4_unicode_ci DEFAULT NULL,
  PRIMARY KEY (`id`)
) ENGINE=InnoDB AUTO_INCREMENT=173 DEFAULT CHARSET=utf8mb4 COLLATE=utf8mb4_unicode_ci;

--
-- Dumping data for table `codalia_profile_court_list`
--

INSERT INTO `codalia_profile_court_list` VALUES (1,'Section Détachée du Tribunal de Première Instance à Koné'),(2,'Section Détachée du Tribunal de Première Instance à Lifou'),(3,'Section Détachée du Tribunal de Première Instance à Nuku-Hiva'),(4,'Section Détachée du Tribunal de Première Instance à Raïatéa'),(5,'Tribunal judiciaire d\'Agen'),(6,'Tribunal judiciaire d\'Aix-en-Provence'),(7,'Tribunal judiciaire d\'Ajaccio'),(8,'Tribunal judiciaire d\'Albertville'),(9,'Tribunal judiciaire d\'Albi'),(10,'Tribunal judiciaire d\'Alençon'),(11,'Tribunal judiciaire d\'Alès'),(12,'Tribunal judiciaire d\'Amiens'),(13,'Tribunal judiciaire d\'Angers'),(14,'Tribunal judiciaire d\'Angoulême'),(15,'Tribunal judiciaire d\'Annecy'),(16,'Tribunal judiciaire d\'Argentan'),(17,'Tribunal judiciaire d\'Arras'),(18,'Tribunal judiciaire d\'Auch'),(19,'Tribunal judiciaire d\'Aurillac'),(20,'Tribunal judiciaire d\'Auxerre'),(21,'Tribunal judiciaire d\'Avesnes-sur-Helpe'),(22,'Tribunal judiciaire d\'Avignon'),(23,'Tribunal judiciaire de Bar-le-Duc'),(24,'Tribunal judiciaire de Basse-Terre'),(25,'Tribunal judiciaire de Bastia'),(26,'Tribunal judiciaire de Bayonne'),(27,'Tribunal judiciaire de Beauvais'),(28,'Tribunal judiciaire de Belfort'),(29,'Tribunal judiciaire de Bergerac'),(30,'Tribunal judiciaire de Besançon'),(31,'Tribunal judiciaire de Béthune'),(32,'Tribunal judiciaire de Béziers'),(33,'Tribunal judiciaire de Blois'),(34,'Tribunal judiciaire de Bobigny'),(35,'Tribunal judiciaire de Bonneville'),(36,'Tribunal judiciaire de Bordeaux'),(37,'Tribunal judiciaire de Boulogne-sur-Mer'),(38,'Tribunal judiciaire de Bourg-en-Bresse'),(39,'Tribunal judiciaire de Bourges'),(40,'Tribunal judiciaire de Bourgoin-Jallieu'),(41,'Tribunal judiciaire de Brest'),(42,'Tribunal judiciaire de Brive-la-Gaillarde'),(43,'Tribunal judiciaire de Caen'),(44,'Tribunal judiciaire de Cahors'),(45,'Tribunal judiciaire de Cambrai'),(46,'Tribunal judiciaire de Carcassonne'),(47,'Tribunal judiciaire de Carpentras'),(48,'Tribunal judiciaire de Castres'),(49,'Tribunal judiciaire de Cayenne'),(50,'Tribunal judiciaire de Châlons-en-Champagne'),(51,'Tribunal judiciaire de Chalon-sur-Saône'),(52,'Tribunal judiciaire de Chambéry'),(53,'Tribunal judiciaire de Charleville-Mézières'),(54,'Tribunal judiciaire de Chartres'),(55,'Tribunal judiciaire de Châteauroux'),(56,'Tribunal judiciaire de Chaumont'),(57,'Tribunal judiciaire de Cherbourg-en-Cotentin'),(58,'Tribunal judiciaire de Clermont-Ferrand'),(59,'Tribunal judiciaire de Colmar'),(60,'Tribunal judiciaire de Compiègne'),(61,'Tribunal judiciaire de Coutances'),(62,'Tribunal judiciaire de Créteil'),(63,'Tribunal judiciaire de Cusset'),(64,'Tribunal judiciaire de Dax'),(65,'Tribunal judiciaire de Dieppe'),(66,'Tribunal judiciaire de Digne-les-Bains'),(67,'Tribunal judiciaire de Dijon'),(68,'Tribunal judiciaire de Douai'),(69,'Tribunal judiciaire de Draguignan'),(70,'Tribunal judiciaire de Dunkerque'),(71,'Tribunal judiciaire d\'Epinal'),(72,'Tribunal judiciaire d\'Evreux'),(73,'Tribunal judiciaire d\'Évry-Courcouronnes'),(74,'Tribunal judiciaire de Foix'),(75,'Tribunal judiciaire de Fontainebleau'),(76,'Tribunal judiciaire de Fort-de-France'),(77,'Tribunal judiciaire de Gap'),(78,'Tribunal judiciaire de Grasse'),(79,'Tribunal judiciaire de Grenoble'),(80,'Tribunal judiciaire de Guéret'),(81,'Tribunal judiciaire du Havre'),(82,'Tribunal judiciaire de Laon'),(83,'Tribunal judiciaire de La Rochelle'),(84,'Tribunal judiciaire de La Roche-sur-Yon'),(85,'Tribunal judiciaire de Laval'),(86,'Tribunal judiciaire de Libourne'),(87,'Tribunal judiciaire de Lille'),(88,'Tribunal judiciaire de Limoges'),(89,'Tribunal judiciaire de Lisieux'),(90,'Tribunal judiciaire de Lons-le-Saunier'),(91,'Tribunal judiciaire de Lorient'),(92,'Tribunal judiciaire de Lyon'),(93,'Tribunal judiciaire de Mâcon'),(94,'Tribunal judiciaire de Mamoudzou'),(95,'Tribunal judiciaire du Mans'),(96,'Tribunal judiciaire de Marseille'),(97,'Tribunal judiciaire de Meaux'),(98,'Tribunal judiciaire de Melun'),(99,'Tribunal judiciaire de Mende'),(100,'Tribunal judiciaire de Metz'),(101,'Tribunal judiciaire de Montargis'),(102,'Tribunal judiciaire de Montauban'),(103,'Tribunal judiciaire de Montbéliard'),(104,'Tribunal judiciaire de Mont-de-Marsan'),(105,'Tribunal judiciaire de Montluçon'),(106,'Tribunal judiciaire de Montpellier'),(107,'Tribunal judiciaire de Moulins'),(108,'Tribunal judiciaire de Mulhouse'),(109,'Tribunal judiciaire de Nancy'),(110,'Tribunal judiciaire de Nanterre'),(111,'Tribunal judiciaire de Nantes'),(112,'Tribunal judiciaire de Narbonne'),(113,'Tribunal judiciaire de Nevers'),(114,'Tribunal judiciaire de Nice'),(115,'Tribunal judiciaire de Nîmes'),(116,'Tribunal judiciaire de Niort'),(117,'Tribunal judiciaire d\'Orléans'),(118,'Tribunal judiciaire de Paris'),(119,'Tribunal judiciaire de Pau'),(120,'Tribunal judiciaire de Périgueux'),(121,'Tribunal judiciaire de Perpignan'),(122,'Tribunal judiciaire de Pointe-à-Pitre'),(123,'Tribunal judiciaire de Poitiers'),(124,'Tribunal judiciaire de Pontoise'),(125,'Tribunal judiciaire de Privas'),(126,'Tribunal judiciaire du Puy-en-Velay'),(127,'Tribunal judiciaire de Quimper'),(128,'Tribunal judiciaire de Reims'),(129,'Tribunal judiciaire de Rennes'),(130,'Tribunal judiciaire de Roanne'),(131,'Tribunal judiciaire de Rodez'),(132,'Tribunal judiciaire de Rouen'),(133,'Tribunal judiciaire des Sables-d\'Olonne'),(134,'Tribunal judiciaire de Saint-Brieuc'),(135,'Tribunal judiciaire de Saint-Denis-de-La-Réunion'),(136,'Tribunal judiciaire de Saintes'),(137,'Tribunal judiciaire de Saint-Etienne'),(138,'Tribunal judiciaire de Saint-Malo'),(139,'Tribunal judiciaire de Saint-Nazaire'),(140,'Tribunal judiciaire de Saint-Omer'),(141,'Tribunal judiciaire de Saint-Pierre'),(142,'Tribunal judiciaire de Saint-Quentin'),(143,'Tribunal judiciaire de Sarreguemines'),(144,'Tribunal judiciaire de Saumur'),(145,'Tribunal judiciaire de Saverne'),(146,'Tribunal judiciaire de Senlis'),(147,'Tribunal judiciaire de Sens'),(148,'Tribunal judiciaire de Soissons'),(149,'Tribunal judiciaire de St Gaudens'),(150,'Tribunal judiciaire de Strasbourg'),(151,'Tribunal judiciaire de Tarascon'),(152,'Tribunal judiciaire de Tarbes'),(153,'Tribunal judiciaire de Thionville'),(154,'Tribunal judiciaire de Thonon-les-Bains'),(155,'Tribunal judiciaire de Toulon'),(156,'Tribunal judiciaire de Toulouse'),(157,'Tribunal judiciaire de Tours'),(158,'Tribunal judiciaire de Troyes'),(159,'Tribunal judiciaire de Tulle'),(160,'Tribunal judiciaire de Val de Briey'),(161,'Tribunal judiciaire de Valence'),(162,'Tribunal judiciaire de Valenciennes'),(163,'Tribunal judiciaire de Vannes'),(164,'Tribunal judiciaire de Verdun'),(165,'Tribunal judiciaire de Versailles'),(166,'Tribunal judiciaire de Vesoul'),(167,'Tribunal judiciaire de Vienne'),(168,'Tribunal judiciaire de Villefranche-sur-Saône'),(169,'Tribunal de Première Instance de Mata-Utu'),(170,'Tribunal de Première Instance de Nouméa'),(171,'Tribunal de Première Instance de Papeete'),(172,'Tribunal de Première Instance de Saint-Pierre-et-Miquelon');

--
-- Table structure for table `codalia_profile_language_list`
--

CREATE TABLE `codalia_profile_language_list` (
  `id` int unsigned NOT NULL AUTO_INCREMENT,
  `alpha_2` char(2) CHARACTER SET utf8mb4 COLLATE utf8mb4_unicode_ci DEFAULT NULL,
  `alpha_3` char(3) CHARACTER SET utf8mb4 COLLATE utf8mb4_unicode_ci DEFAULT NULL,
  `published` tinyint(1) DEFAULT NULL,
  `fr` tinytext CHARACTER SET utf8mb4 COLLATE utf8mb4_unicode_ci,
  PRIMARY KEY (`id`)
) ENGINE=InnoDB AUTO_INCREMENT=202 DEFAULT CHARSET=utf8mb4 COLLATE=utf8mb4_unicode_ci;

--
-- Dumping data for table `codalia_profile_language_list`
--

INSERT INTO `codalia_profile_language_list` VALUES (1,'ab','abk',0,'Abkhaze'),(2,'aa','aar',0,'Afar'),(3,'af','afr',1,'Afrikaans'),(4,'ak','aka',0,'Akan'),(5,'sq','sqi',1,'Albanais'),(6,'am','amh',1,'Amharique'),(7,'ar','ara',1,'Arabe'),(8,'an','arg',0,'Aragonais'),(9,'hy','hye',1,'Arménien'),(10,'as','asm',0,'Assamais'),(11,'av','ava',0,'Avar'),(12,'ae','ave',0,'Avestique'),(13,'ay','aym',0,'Aymara'),(14,'az','aze',1,'Azéri'),(15,'bm','bam',0,'Bambara'),(16,'ba','bak',0,'Bachkir'),(17,'eu','eus',0,'Basque'),(18,'be','bel',1,'Biélorusse'),(19,'bn','ben',1,'Bengali'),(20,'bh','bih',0,'Bihari'),(21,'bi','bis',0,'Bichelamar'),(22,'bs','bos',0,'Bosnien'),(23,'br','bre',0,'Breton'),(24,'bg','bul',1,'Bulgare'),(25,'my','mya',1,'Birman'),(26,'ca','cat',1,'Catalan'),(27,'ch','cha',0,'Chamorro'),(28,'ce','che',1,'Tchétchène'),(29,'ny','nya',0,'Chichewa'),(30,'zh','zho',0,'Chinois'),(31,'cv','chv',0,'Tchouvache'),(32,'kw','cor',0,'Cornique'),(33,'co','cos',0,'Corse'),(34,'cr','cre',0,'Cri'),(35,'hr','hrv',1,'Croate'),(36,'cs','ces',1,'Tchèque'),(37,'da','dan',1,'Danois'),(38,'dv','div',0,'Maldivien'),(39,'nl','nld',1,'Néerlandais'),(40,'dz','dzo',0,'Dzongkha'),(41,'en','eng',1,'Anglais'),(42,'eo','epo',0,'Espéranto'),(43,'et','est',1,'Estonien'),(44,'ee','ewe',0,'Ewe'),(45,'fo','fao',0,'Féroïen'),(46,'fj','fij',0,'Fidjien'),(47,'fi','fin',1,'Finnois'),(48,'fr','fra',1,'Français'),(49,'ff','ful',1,'Peul'),(50,'gl','glg',0,'Galicien'),(51,'lg','lug',0,'Ganda'),(52,'ka','kat',1,'Géorgien'),(53,'de','deu',1,'Allemand'),(54,'el','ell',1,'Grec moderne'),(55,'kl','kal',0,'Groenlandais'),(56,'gn','grn',0,'Guarani'),(57,'gu','guj',1,'Gujarati'),(58,'ht','hat',1,'Créole haïtien'),(59,'ha','hau',1,'Haoussa'),(60,'he','heb',1,'Hébreu'),(61,'hz','her',0,'Héréro'),(62,'hi','hin',1,'Hindi'),(63,'ho','hmo',0,'Hiri motu'),(64,'hu','hun',1,'Hongrois'),(65,'is','isl',1,'Islandais'),(66,'io','ido',0,'Ido'),(67,'ig','ibo',1,'Igbo'),(68,'id','ind',1,'Indonésien'),(69,'ia','ina',0,'Interlingua'),(70,'ie','ile',0,'Occidental'),(71,'iu','iku',0,'Inuktitut'),(72,'ik','ipk',0,'Inupiak'),(73,'ga','gle',0,'Irlandais'),(74,'it','ita',1,'Italien'),(75,'ja','jpn',1,'Japonais'),(76,'jv','jav',1,'Javanais'),(77,'kn','kan',1,'Kannada'),(78,'kr','kau',0,'Kanouri'),(79,'ks','kas',0,'Cachemiri'),(80,'kk','kaz',1,'Kazakh'),(81,'km','khm',1,'Khmer'),(82,'ki','kik',0,'Kikuyu'),(83,'rw','kin',0,'Kinyarwanda'),(84,'ky','kir',1,'Kirghiz'),(85,'rn','run',0,'Kirundi'),(86,'kv','kom',0,'Komi'),(87,'kg','kon',0,'Kikongo'),(88,'ko','kor',1,'Coréen'),(89,'ku','kur',1,'Kurde'),(90,'kj','kua',0,'Kuanyama'),(91,'lo','lao',1,'Lao'),(92,'la','lat',1,'Latin'),(93,'lv','lav',1,'Letton'),(94,'li','lim',0,'Limbourgeois'),(95,'ln','lin',0,'Lingala'),(96,'lt','lit',1,'Lituanien'),(97,'lu','lub',0,'Luba'),(98,'lb','ltz',0,'Luxembourgeois'),(99,'mk','mkd',1,'Macédonien'),(100,'mg','mlg',1,'Malgache'),(101,'ms','msa',1,'Malais'),(102,'ml','mal',1,'Malayalam'),(103,'mt','mlt',0,'Maltais'),(104,'gv','glv',0,'Mannois'),(105,'mi','mri',0,'Maori de Nouvelle-Zélande'),(106,'mr','mar',1,'Marathi'),(107,'mh','mah',0,'Marshallais'),(108,'mo','mol',1,'Moldave'),(109,'mn','mon',1,'Mongol'),(110,'na','nau',0,'Nauruan'),(111,'nv','nav',0,'Navajo'),(112,'ng','ndo',0,'Ndonga'),(113,'ne','nep',1,'Népalais'),(114,'nd','nde',0,'Sindebele'),(115,'se','sme',0,'Same du Nord'),(116,'no','nor',1,'Norvégien'),(117,'nb','nob',0,'Norvégien Bokmål'),(118,'nn','nno',0,'Norvégien Nynorsk'),(119,'oc','oci',0,'Occitan'),(120,'oj','oji',0,'Ojibwé'),(121,'cu','chu',0,'Vieux-slave'),(122,'or','ori',1,'Oriya'),(123,'om','orm',1,'Oromo'),(124,'os','oss',0,'Ossète'),(125,'pi','pli',0,'Pali'),(126,'pa','pan',1,'Pendjabi'),(127,'ps','pus',1,'Pachto'),(128,'fa','fas',1,'Persan'),(129,'pl','pol',1,'Polonais'),(130,'pt','por',1,'Portugais'),(131,'qu','que',0,'Quechua'),(132,'rc','rcf',1,'Créole Réunionnais'),(133,'ro','ron',1,'Roumain'),(134,'rm','roh',0,'Romanche'),(135,'ru','rus',1,'Russe'),(136,'sm','smo',0,'Samoan'),(137,'sg','sag',0,'Sango'),(138,'sa','san',0,'Sanskrit'),(139,'sc','srd',0,'Sarde'),(140,'gd','gla',0,'Écossais'),(141,'sr','srp',1,'Serbe'),(142,'sh','hbs',1,'Serbo-croate'),(143,'sn','sna',0,'Shona'),(144,'ii','iii',0,'Yi'),(145,'sd','snd',1,'Sindhi'),(146,'si','sin',1,'Cingalais'),(147,'sk','slk',1,'Slovaque'),(148,'sl','slv',0,'Slovène'),(149,'so','som',1,'Somali'),(150,'st','sot',0,'Sotho du Sud'),(151,'nr','nbl',0,'Nrebele'),(152,'es','spa',1,'Espagnol'),(153,'su','sun',1,'Soundanais'),(154,'sw','swa',1,'Swahili'),(155,'ss','ssw',0,'Swati'),(156,'sv','swe',1,'Suédois'),(157,'tl','tgl',1,'Tagalog'),(158,'ty','tah',0,'Tahitien'),(159,'tg','tgk',0,'Tadjik'),(160,'ta','tam',1,'Tamoul'),(161,'tt','tat',1,'Tatar'),(162,'te','tel',1,'Télougou'),(163,'th','tha',1,'Thaï'),(164,'bo','bod',1,'Tibétain'),(165,'ti','tir',0,'Tigrigna'),(166,'to','ton',0,'Tongien'),(167,'ts','tso',0,'Tsonga'),(168,'tn','tsn',0,'Tswana'),(169,'tr','tur',1,'Turc'),(170,'tk','tuk',1,'Turkmène'),(171,'tw','twi',0,'Twi'),(172,'ug','uig',0,'Ouïghour'),(173,'uk','ukr',1,'Ukrainien'),(174,'ur','urd',1,'Ourdou'),(175,'uz','uzb',1,'Ouzbek'),(176,'ve','ven',0,'Venda'),(177,'vi','vie',1,'Vietnamien'),(178,'vo','vol',0,'Volapük'),(179,'wa','wln',0,'Wallon'),(180,'cy','cym',0,'Gallois'),(181,'fy','fry',0,'Frison occidental'),(182,'wo','wol',1,'Wolof'),(183,'xh','xho',0,'Xhosa'),(184,'yi','yid',0,'Yiddish'),(185,'yo','yor',1,'Yoruba'),(186,'za','zha',0,'Zhuang'),(187,'zu','zul',1,'Zoulou'),(188,'zh','cmn',1,'Mandarin'),(189,'zh','yue',1,'Cantonais'),(190,'zh','nan',1,'Minnan'),(191,'zh','wuu',1,'Wu'),(192,'ar','arz',1,'Arabe égyptien'),(193,'','bho',1,'Bhodjpouri'),(194,'','phi',1,'Philippin'),(195,'xx','ber',1,'Berbère'),(196,'xx','dyu',1,'Dioula'),(197,'xx','ira',1,'Iranien'),(198,'xx','kab',1,'Kabyle'),(199,'xx','mai',1,'Maithili'),(200,'xx','snk',1,'Soninke'),(201,'xx','fon',1,'Fon');

--
-- Table structure for table `codalia_profile_languages`
--

CREATE TABLE `codalia_profile_languages` (
  `id` int unsigned NOT NULL AUTO_INCREMENT,
  `attestation_id` int unsigned DEFAULT NULL,
  `alpha_3` char(3) CHARACTER SET utf8mb4 COLLATE utf8mb4_unicode_ci DEFAULT NULL,
  `interpreter` tinyint(1) NOT NULL DEFAULT '0',
  `interpreter_cassation` tinyint(1) NOT NULL DEFAULT '0',
  `translator` tinyint(1) NOT NULL DEFAULT '0',
  `translator_cassation` tinyint(1) NOT NULL DEFAULT '0',
  `ordering` tinyint unsigned DEFAULT NULL,
  PRIMARY KEY (`id`),
  KEY `codalia_profile_languages_attestation_id_index` (`attestation_id`)
) ENGINE=InnoDB AUTO_INCREMENT=260 DEFAULT CHARSET=utf8mb4 COLLATE=utf8mb4_unicode_ci;

--
-- Dumping data for table `codalia_profile_languages`
--

INSERT INTO `codalia_profile_languages` VALUES (1,1,'ara',1,1,1,1,NULL),(2,2,'ara',1,0,1,0,NULL),(3,3,'deu',0,0,1,0,NULL),(4,3,'ara',0,0,1,0,NULL),(5,4,'ara',1,0,1,0,NULL),(6,5,'ara',1,0,1,0,NULL),(7,6,'ara',1,0,1,0,NULL),(8,7,'spa',1,0,1,0,NULL),(9,8,'ara',1,0,1,0,NULL),(10,9,'ron',1,0,1,0,NULL),(11,10,'ita',1,0,1,0,NULL),(12,11,'eng',1,0,0,0,NULL),(13,12,'deu',1,0,1,0,NULL),(14,12,'eng',1,0,1,0,NULL),(15,13,'mol',1,0,1,0,NULL),(16,14,'rus',1,0,1,0,NULL),(17,15,'rus',1,0,1,0,NULL),(18,16,'eng',1,0,0,0,NULL),(19,17,'eng',0,0,1,0,NULL),(20,17,'rus',0,0,1,0,NULL),(21,18,'rus',1,0,1,0,NULL),(22,19,'por',1,0,1,0,NULL),(23,20,'spa',0,0,1,0,NULL),(24,21,'pol',1,0,1,0,NULL),(25,22,'nld',1,0,1,0,NULL),(26,23,'por',1,0,1,0,NULL),(27,24,'ara',1,0,1,0,NULL),(28,25,'ita',1,0,1,0,NULL),(29,26,'rus',1,0,0,0,NULL),(30,26,'ukr',1,0,1,0,NULL),(33,9,'mol',1,0,1,0,NULL),(35,13,'ron',1,0,1,0,NULL),(36,27,'eng',1,0,1,0,NULL),(37,27,'spa',1,0,1,0,NULL),(38,27,'ita',1,0,1,0,NULL),(39,28,'yue',1,0,1,0,NULL),(40,28,'cmn',1,0,1,0,NULL),(41,29,'eng',1,0,1,0,NULL),(42,30,'kat',1,0,1,0,NULL),(43,31,'rus',1,0,1,0,NULL),(44,32,'ita',0,0,1,0,NULL),(45,33,'eng',0,0,1,0,NULL),(46,34,'eng',0,0,1,0,NULL),(47,35,'hun',1,0,1,0,NULL),(48,36,'eng',1,0,1,0,NULL),(49,37,'eng',1,0,1,0,NULL),(50,38,'spa',1,0,1,0,NULL),(51,39,'spa',1,0,1,0,NULL),(52,40,'rus',0,0,1,0,NULL),(53,41,'pol',1,0,1,0,NULL),(54,42,'slk',1,0,1,0,NULL),(55,42,'ces',1,0,1,0,NULL),(56,43,'yue',1,0,0,0,NULL),(57,43,'cmn',1,0,0,0,NULL),(58,44,'mol',1,0,1,0,NULL),(59,44,'ron',1,0,1,0,NULL),(60,44,'rus',1,0,1,0,NULL),(61,45,'ron',1,0,1,0,NULL),(62,46,'lao',1,0,1,0,NULL),(63,47,'yue',1,0,1,0,NULL),(64,47,'cmn',1,0,1,0,NULL),(65,48,'ita',1,0,1,0,NULL),(66,49,'por',1,0,1,0,NULL),(67,50,'rus',1,0,1,0,NULL),(68,50,'ukr',1,0,1,0,NULL),(69,51,'bul',1,0,0,0,NULL),(70,52,'spa',1,0,1,0,NULL),(71,53,'eng',1,0,1,0,NULL),(72,54,'fra',1,0,1,0,NULL),(73,54,'rus',1,0,1,0,NULL),(74,55,'eng',1,0,1,0,NULL),(75,56,'hin',1,0,0,0,NULL),(76,56,'urd',1,0,0,0,NULL),(77,56,'pan',1,0,0,0,NULL),(78,57,'pol',0,0,1,0,NULL),(79,58,'nld',1,0,1,0,NULL),(80,59,'spa',1,0,1,0,NULL),(81,60,'ron',1,0,1,0,NULL),(82,61,'pol',1,0,1,0,NULL),(83,62,'eng',0,0,1,0,NULL),(84,63,'spa',1,0,0,0,NULL),(85,64,'ita',0,0,1,0,NULL),(86,65,'cat',0,0,1,0,NULL),(87,65,'spa',0,0,1,0,NULL),(88,66,'por',0,0,1,0,NULL),(89,67,'ita',0,0,1,0,NULL),(90,68,'eng',1,0,1,0,NULL),(91,69,'jpn',1,0,0,0,NULL),(92,70,'jpn',1,0,0,0,NULL),(93,71,'ara',1,0,1,0,NULL),(94,71,'ber',1,0,1,0,NULL),(95,72,'por',1,0,1,0,NULL),(96,73,'ita',1,0,1,0,NULL),(97,74,'spa',1,0,1,0,NULL),(98,75,'ita',1,0,0,0,NULL),(99,76,'ita',1,0,1,0,NULL),(100,77,'spa',1,0,1,0,NULL),(101,78,'ara',1,0,1,0,NULL),(102,79,'fas',1,0,1,0,NULL),(103,80,'eng',1,0,1,0,NULL),(104,81,'ara',1,0,1,0,NULL),(105,82,'por',1,0,1,0,NULL),(106,83,'tur',1,0,1,0,NULL),(107,84,'spa',1,0,1,0,NULL),(108,85,'ara',1,0,1,0,NULL),(109,86,'ara',1,0,1,0,NULL),(110,87,'ara',1,0,1,0,NULL),(111,87,'kab',1,0,1,0,NULL),(112,88,'ara',1,0,1,0,NULL),(113,89,'ben',1,0,1,0,NULL),(114,90,'rus',1,0,1,0,NULL),(115,91,'hye',1,0,1,0,NULL),(116,92,'ara',0,0,1,0,NULL),(117,93,'nld',0,0,1,0,NULL),(118,94,'ara',1,0,0,0,NULL),(119,95,'eng',1,0,1,0,NULL),(120,96,'yue',1,0,1,0,NULL),(121,96,'cmn',1,0,1,0,NULL),(122,97,'nld',1,0,1,0,NULL),(123,98,'tha',1,0,1,0,NULL),(124,99,'fin',0,0,1,0,NULL),(125,100,'pol',1,0,1,0,NULL),(126,101,'kat',1,0,1,0,NULL),(127,101,'rus',1,0,1,0,NULL),(128,102,'eng',1,0,1,0,NULL),(129,103,'kur',1,0,1,0,NULL),(130,103,'tur',1,0,1,0,NULL),(131,104,'jpn',0,0,1,0,NULL),(132,105,'pol',1,0,1,0,NULL),(133,106,'ara',1,0,1,0,NULL),(134,107,'ara',1,0,1,0,NULL),(135,108,'pol',1,0,1,0,NULL),(136,109,'ell',1,0,1,0,NULL),(137,110,'vie',1,0,1,0,NULL),(138,111,'pol',1,0,1,0,NULL),(139,112,'ron',1,0,0,0,NULL),(140,113,'spa',0,0,1,0,NULL),(141,114,'deu',0,0,1,0,NULL),(142,115,'eng',0,0,1,0,NULL),(143,116,'spa',1,0,0,0,NULL),(144,117,'eng',0,0,1,0,NULL),(145,118,'ron',1,0,1,0,NULL),(146,119,'ara',1,0,0,0,NULL),(147,119,'fas',1,0,0,0,NULL),(148,120,'ara',1,0,1,0,NULL),(149,120,'ber',1,0,1,0,NULL),(150,121,'khm',1,0,1,0,NULL),(151,122,'spa',0,0,1,0,NULL),(152,123,'tur',1,0,0,0,NULL),(153,124,'deu',1,0,1,0,NULL),(154,125,'rus',1,0,1,0,NULL),(155,125,'ukr',1,0,1,0,NULL),(156,126,'eng',0,0,1,0,NULL),(157,127,'ara',1,0,1,0,NULL),(158,128,'fas',1,0,1,0,NULL),(159,129,'pol',0,0,1,0,NULL),(160,130,'eng',0,0,1,0,NULL),(161,131,'ukr',1,0,1,0,NULL),(162,132,'fas',1,0,1,0,NULL),(163,133,'fas',1,0,1,0,NULL),(164,134,'ita',0,0,1,0,NULL),(165,135,'eng',1,0,1,0,NULL),(166,136,'pol',1,0,1,0,NULL),(167,137,'rus',1,0,1,0,NULL),(168,137,'ukr',1,0,1,0,NULL),(169,138,'vie',1,0,1,0,NULL),(170,139,'vie',1,0,0,0,NULL),(171,140,'mol',1,0,1,0,NULL),(172,140,'ron',1,0,1,0,NULL),(173,141,'pol',1,0,0,0,NULL),(174,142,'mol',1,0,1,0,NULL),(175,142,'ron',1,0,1,0,NULL),(176,143,'yue',1,0,1,0,NULL),(177,143,'cmn',1,0,1,0,NULL),(178,144,'eng',1,0,1,0,NULL),(179,144,'nld',1,0,0,0,NULL),(180,145,'ara',1,0,1,0,NULL),(181,145,'ber',1,0,1,0,NULL),(182,146,'ara',1,0,1,0,NULL),(183,147,'eng',0,0,1,0,NULL),(184,147,'spa',0,0,1,0,NULL),(185,147,'por',0,0,1,0,NULL),(186,148,'pol',1,0,1,0,NULL),(187,149,'eng',1,0,1,0,NULL),(188,150,'nld',1,0,1,0,NULL),(189,151,'por',1,0,1,0,NULL),(190,152,'eng',1,0,1,0,NULL),(191,153,'ces',1,0,1,0,NULL),(192,154,'eng',1,0,0,0,NULL),(193,155,'hye',1,0,0,0,NULL),(194,155,'rus',1,0,0,0,NULL),(195,156,'fas',1,0,1,0,NULL),(196,157,'deu',1,0,1,0,NULL),(197,157,'eng',1,0,1,0,NULL),(198,158,'mon',1,0,1,0,NULL),(199,159,'eng',1,0,1,0,NULL),(200,160,'yue',1,0,1,0,NULL),(201,160,'cmn',1,0,1,0,NULL),(202,161,'por',1,0,1,0,NULL),(203,162,'rus',1,0,1,0,NULL),(204,163,'spa',1,0,1,0,NULL),(205,163,'por',1,0,1,0,NULL),(206,164,'eng',1,1,1,1,NULL),(207,165,'hrv',1,0,1,0,NULL),(208,165,'srp',1,0,1,0,NULL),(209,166,'deu',1,0,1,0,NULL),(210,166,'eng',1,0,1,0,NULL),(211,167,'eng',1,0,0,0,NULL),(212,168,'nep',1,0,1,0,NULL),(213,169,'fas',1,0,1,0,NULL),(214,170,'eng',1,0,1,0,NULL),(215,171,'tam',1,0,0,0,NULL),(216,172,'pol',1,0,1,0,NULL),(217,173,'eng',1,0,1,0,NULL),(218,173,'spa',1,0,1,0,NULL),(219,174,'cmn',1,0,0,0,NULL),(220,175,'ara',1,0,1,0,NULL),(221,176,'ara',1,0,0,0,NULL),(222,177,'tha',1,0,1,0,NULL),(223,178,'cat',1,0,1,0,NULL),(224,178,'spa',1,0,1,0,NULL),(225,179,'eng',1,0,1,0,NULL),(226,179,'spa',1,0,1,0,NULL),(227,180,'pol',1,0,1,0,NULL),(228,181,'eng',1,0,1,0,NULL),(229,181,'spa',1,0,1,0,NULL),(230,182,'cmn',1,0,1,0,NULL),(231,183,'ell',1,0,1,0,NULL),(232,184,'cmn',1,0,1,0,NULL),(233,185,'por',0,0,1,0,NULL),(234,186,'spa',0,0,1,0,NULL),(235,187,'deu',1,0,1,0,NULL),(236,188,'cmn',1,0,1,0,NULL),(237,189,'deu',1,0,1,0,NULL),(238,190,'pol',1,0,1,0,NULL),(239,191,'ara',1,0,1,0,NULL),(240,192,'spa',1,0,1,0,NULL),(241,193,'cmn',1,0,1,0,NULL),(242,194,'ara',1,0,1,0,NULL),(243,195,'eng',1,0,1,0,NULL),(244,195,'spa',1,0,1,0,NULL),(245,196,'rus',1,0,1,0,NULL),(246,196,'ukr',1,0,1,0,NULL),(247,197,'deu',1,0,1,0,NULL),(248,197,'eng',1,0,1,0,NULL),(249,198,'slk',1,0,1,0,NULL),(250,198,'ces',1,0,1,0,NULL),(251,199,'pol',1,0,1,0,NULL),(252,200,'sin',1,0,1,0,NULL),(253,201,'eng',1,0,1,0,NULL),(254,201,'pol',1,0,1,0,NULL),(255,202,'mya',1,0,1,0,NULL),(256,203,'eng',1,0,0,0,NULL),(257,204,'ara',1,0,0,0,NULL),(258,204,'deu',0,0,1,0,NULL),(259,205,'eng',0,0,1,0,NULL);

--
-- Table structure for table `codalia_profile_licences`
--

CREATE TABLE `codalia_profile_licences` (
  `id` int unsigned NOT NULL AUTO_INCREMENT,
  `profile_id` int unsigned DEFAULT NULL,
  `type` varchar(191) CHARACTER SET utf8mb4 COLLATE utf8mb4_unicode_ci DEFAULT NULL,
  `appeal_court_id` int unsigned DEFAULT NULL,
  `court_id` int unsigned DEFAULT NULL,
  `since` smallint unsigned DEFAULT NULL,
  `created_at` timestamp NULL DEFAULT NULL,
  `updated_at` timestamp NULL DEFAULT NULL,
  PRIMARY KEY (`id`),
  KEY `codalia_profile_licences_profile_id_index` (`profile_id`)
) ENGINE=InnoDB AUTO_INCREMENT=204 DEFAULT CHARSET=utf8mb4 COLLATE=utf8mb4_unicode_ci;

--
-- Dumping data for table `codalia_profile_licences`
--

INSERT INTO `codalia_profile_licences` VALUES (1,1,'expert',19,NULL,2022,'2022-10-02 09:13:10','2022-10-02 09:13:10'),(2,2,'expert',21,NULL,2022,'2022-10-02 09:57:10','2022-10-02 09:57:10'),(3,3,'expert',3,NULL,2022,'2022-10-02 10:39:13','2022-10-02 10:39:13'),(4,4,'expert',37,NULL,2022,'2022-10-02 18:55:17','2022-10-02 18:55:17'),(5,5,'ceseda',NULL,156,2022,'2022-10-02 19:36:11','2022-10-02 19:36:11'),(6,6,'expert',37,NULL,2022,'2022-10-02 19:56:34','2022-10-02 19:56:34'),(7,7,'expert',25,NULL,2022,'2022-10-02 20:07:50','2022-10-02 20:07:50'),(8,9,'expert',37,NULL,2022,'2022-10-03 07:07:07','2022-10-03 07:07:07'),(9,10,'expert',37,NULL,2022,'2022-10-03 07:24:18','2022-10-03 07:24:18'),(10,11,'expert',37,NULL,2022,'2022-10-03 10:12:31','2022-10-03 10:12:31'),(11,12,'expert',37,NULL,2022,'2022-10-03 10:59:44','2022-10-03 10:59:44'),(12,13,'expert',28,NULL,2022,'2022-10-03 11:10:10','2022-10-03 11:10:10'),(13,14,'expert',37,NULL,2022,'2022-10-03 11:18:07','2022-10-03 11:18:07'),(14,15,'expert',20,NULL,2022,'2022-10-03 15:47:59','2022-10-03 15:47:59'),(15,16,'expert',37,NULL,2022,'2022-10-03 16:11:26','2022-10-03 16:11:26'),(16,17,'expert',27,NULL,2022,'2022-10-03 16:18:17','2022-10-03 16:18:17'),(17,18,'expert',3,NULL,2022,'2022-10-03 18:07:03','2022-10-03 18:07:03'),(18,19,'expert',1,NULL,2022,'2022-10-03 18:15:24','2022-10-03 18:15:24'),(19,20,'expert',27,NULL,2022,'2022-10-03 18:26:17','2022-10-03 18:26:17'),(20,21,'expert',29,NULL,2022,'2022-10-03 18:33:47','2022-10-03 18:33:47'),(21,22,'expert',37,NULL,2022,'2022-10-03 19:03:57','2022-10-03 19:03:57'),(22,23,'expert',27,NULL,2022,'2022-10-03 19:09:36','2022-10-03 19:09:36'),(23,24,'ceseda',NULL,119,2022,'2022-10-03 19:17:12','2022-10-03 19:17:12'),(24,25,'ceseda',NULL,121,2022,'2022-10-03 19:23:53','2022-10-03 19:23:53'),(25,26,'expert',37,NULL,2022,'2022-10-03 19:31:34','2022-10-03 19:31:34'),(26,27,'expert',23,NULL,2022,'2022-10-04 17:58:28','2022-10-04 17:58:28'),(27,28,'expert',3,NULL,2022,'2022-10-04 18:23:47','2022-10-04 18:23:47'),(28,29,'expert',25,NULL,2022,'2022-10-04 18:36:55','2022-10-04 18:36:55'),(29,30,'expert',36,NULL,2022,'2022-10-04 19:01:34','2022-10-04 19:01:34'),(30,31,'expert',36,NULL,2022,'2022-10-04 19:11:03','2022-10-04 19:11:03'),(31,32,'expert',36,NULL,2022,'2022-10-04 19:20:10','2022-10-04 19:20:10'),(32,33,'expert',30,NULL,2022,'2022-10-04 19:25:46','2022-10-04 19:25:46'),(33,34,'expert',37,NULL,2022,'2022-10-04 19:32:15','2022-10-04 19:32:15'),(34,35,'expert',37,NULL,2022,'2022-10-04 19:39:52','2022-10-04 19:39:52'),(35,36,'expert',37,NULL,2022,'2022-10-04 19:57:16','2022-10-04 19:57:16'),(36,37,'expert',1,NULL,2022,'2022-10-04 20:04:29','2022-10-04 20:04:29'),(37,38,'expert',15,NULL,2022,'2022-10-04 20:11:11','2022-10-04 20:11:11'),(38,39,'expert',36,NULL,2022,'2022-10-04 20:20:54','2022-10-04 20:20:54'),(39,40,'expert',36,NULL,2022,'2022-10-04 20:26:09','2022-10-04 20:26:09'),(40,41,'expert',1,NULL,2022,'2022-10-04 20:38:29','2022-10-04 20:38:29'),(41,42,'expert',29,NULL,2022,'2022-10-04 20:44:52','2022-10-04 20:44:52'),(42,43,'expert',21,NULL,2022,'2022-10-04 20:51:38','2022-10-04 20:51:38'),(43,44,'expert',27,NULL,2022,'2022-10-04 21:16:27','2022-10-04 21:16:27'),(44,45,'expert',36,NULL,2022,'2022-10-04 21:23:41','2022-10-04 21:23:41'),(45,46,'expert',29,NULL,2022,'2022-10-04 21:30:40','2022-10-04 21:30:40'),(46,47,'expert',21,NULL,2022,'2022-10-04 21:36:24','2022-10-04 21:36:24'),(47,48,'expert',8,NULL,2022,'2022-10-04 21:42:31','2022-10-04 21:42:31'),(48,49,'expert',37,NULL,2022,'2022-10-04 21:48:47','2022-10-04 21:48:47'),(49,50,'expert',37,NULL,2022,'2022-10-04 21:59:10','2022-10-04 21:59:10'),(50,51,'expert',36,NULL,2022,'2022-10-05 10:08:46','2022-10-05 10:08:46'),(51,52,'expert',36,NULL,2022,'2022-10-05 10:19:23','2022-10-05 10:19:23'),(52,53,'expert',37,NULL,2022,'2022-10-05 10:35:39','2022-10-05 10:35:39'),(53,54,'expert',4,NULL,2022,'2022-10-05 10:45:16','2022-10-05 10:45:16'),(54,56,'expert',36,NULL,2022,'2022-10-15 08:49:08','2022-10-15 08:49:08'),(55,57,'expert',37,NULL,2022,'2022-10-15 09:00:05','2022-10-15 09:00:05'),(56,58,'expert',27,NULL,2022,'2022-10-15 15:34:41','2022-10-15 15:34:41'),(57,59,'expert',15,NULL,2022,'2022-10-15 15:43:36','2022-10-15 15:43:36'),(58,60,'expert',28,NULL,2022,'2022-10-15 15:52:52','2022-10-15 15:52:52'),(59,61,'expert',36,NULL,2022,'2022-10-15 16:03:09','2022-10-15 16:03:09'),(60,62,'expert',24,NULL,2022,'2022-10-15 17:07:39','2022-10-15 17:07:39'),(61,63,'expert',25,NULL,2022,'2022-10-15 17:14:21','2022-10-15 17:14:21'),(62,64,'expert',36,NULL,2022,'2022-10-15 18:53:07','2022-10-15 18:53:07'),(63,65,'expert',37,NULL,2022,'2022-10-15 18:59:51','2022-10-15 18:59:51'),(64,66,'expert',27,NULL,2022,'2022-10-15 19:06:09','2022-10-15 19:06:09'),(65,67,'expert',3,NULL,2022,'2022-10-15 19:11:50','2022-10-15 19:11:50'),(66,68,'expert',9,NULL,2022,'2022-10-15 19:17:59','2022-10-15 19:17:59'),(67,69,'expert',37,NULL,2022,'2022-10-15 19:24:45','2022-10-15 19:24:45'),(68,70,'expert',25,NULL,2022,'2022-10-15 19:48:33','2022-10-15 19:48:33'),(69,71,'expert',3,NULL,2022,'2022-10-15 19:54:15','2022-10-15 19:54:15'),(70,72,'expert',37,NULL,2022,'2022-10-15 20:09:32','2022-10-15 20:09:32'),(71,73,'expert',37,NULL,2022,'2022-10-16 05:56:30','2022-10-16 05:56:30'),(72,74,'expert',1,NULL,2022,'2022-10-16 06:43:35','2022-10-16 06:43:35'),(73,75,'expert',36,NULL,2022,'2022-10-16 06:51:37','2022-10-16 06:51:37'),(74,76,'expert',37,NULL,2022,'2022-10-16 06:57:48','2022-10-16 06:57:48'),(75,77,'expert',27,NULL,2022,'2022-10-16 07:05:40','2022-10-16 07:05:40'),(76,78,'expert',37,NULL,2022,'2022-10-16 07:12:20','2022-10-16 07:12:20'),(77,79,'expert',27,NULL,2022,'2022-10-16 08:09:13','2022-10-16 08:09:13'),(78,80,'expert',37,NULL,2022,'2022-10-16 08:14:46','2022-10-16 08:14:46'),(79,81,'expert',36,NULL,2022,'2022-10-16 08:46:55','2022-10-16 08:46:55'),(80,82,'expert',2,NULL,2022,'2022-10-16 12:18:01','2022-10-16 12:18:01'),(81,83,'ceseda',NULL,118,2022,'2022-10-16 12:23:22','2022-10-16 12:23:22'),(82,84,'expert',36,NULL,2022,'2022-10-16 12:30:32','2022-10-16 12:30:32'),(83,85,'expert',3,NULL,2022,'2022-10-16 12:39:22','2022-10-16 12:39:22'),(84,86,'expert',36,NULL,2022,'2022-10-16 12:57:00','2022-10-16 12:57:00'),(85,87,'expert',19,NULL,2022,'2022-10-16 13:05:59','2022-10-16 13:05:59'),(86,88,'expert',29,NULL,2022,'2022-10-16 13:11:06','2022-10-16 13:11:06'),(87,89,'expert',22,NULL,2022,'2022-10-16 13:19:14','2022-10-16 13:19:14'),(88,90,'expert',29,NULL,2022,'2022-10-16 13:26:39','2022-10-16 13:26:39'),(89,91,'expert',37,NULL,2022,'2022-10-16 13:35:47','2022-10-16 13:35:47'),(90,92,'expert',3,NULL,2022,'2022-10-16 13:41:54','2022-10-16 13:41:54'),(91,93,'expert',37,NULL,2022,'2022-10-16 19:05:26','2022-10-16 19:05:26'),(92,94,'expert',27,NULL,2022,'2022-10-16 19:19:46','2022-10-16 19:19:46'),(93,95,'expert',36,NULL,2022,'2022-10-16 19:26:02','2022-10-16 19:26:02'),(94,96,'expert',28,NULL,2022,'2022-10-16 19:33:44','2022-10-16 19:33:44'),(95,97,'expert',28,NULL,2022,'2022-10-16 19:41:31','2022-10-16 19:41:31'),(96,98,'expert',37,NULL,2022,'2022-10-16 19:59:11','2022-10-16 19:59:11'),(97,99,'expert',15,NULL,2022,'2022-10-16 20:04:47','2022-10-16 20:04:47'),(98,100,'expert',9,NULL,2022,'2022-10-16 20:10:43','2022-10-16 20:10:43'),(99,101,'expert',27,NULL,2022,'2022-11-23 12:44:57','2022-11-23 12:44:57'),(100,102,'expert',3,NULL,2022,'2022-11-23 16:47:30','2022-11-23 16:47:30'),(101,103,'expert',36,NULL,2022,'2022-11-23 16:57:06','2022-11-23 16:57:06'),(102,104,'expert',25,NULL,2022,'2022-11-23 18:25:46','2022-11-23 18:25:46'),(103,105,'ceseda',NULL,124,2022,'2022-11-23 18:42:52','2022-11-23 18:42:52'),(104,106,'expert',33,NULL,2022,'2022-11-23 18:55:33','2022-11-23 18:55:33'),(105,107,'expert',36,NULL,2022,'2022-11-23 19:54:28','2022-11-23 19:54:28'),(106,108,'expert',37,NULL,2022,'2022-11-23 20:01:12','2022-11-23 20:01:12'),(107,109,'expert',25,NULL,2022,'2022-11-23 20:06:01','2022-11-23 20:06:01'),(108,110,'expert',37,NULL,2022,'2022-11-23 20:11:03','2022-11-23 20:11:03'),(109,111,'expert',17,NULL,2022,'2022-11-23 20:17:47','2022-11-23 20:17:47'),(110,112,'expert',27,NULL,2022,'2022-11-23 20:23:31','2022-11-23 20:23:31'),(111,113,'expert',7,NULL,2022,'2022-11-23 20:28:59','2022-11-23 20:28:59'),(112,114,'expert',8,NULL,2022,'2022-11-23 20:33:57','2022-11-23 20:33:57'),(113,115,'expert',37,NULL,2022,'2022-11-24 13:44:39','2022-11-24 13:44:39'),(114,116,'expert',37,NULL,2022,'2022-11-24 13:50:41','2022-11-24 13:50:41'),(115,117,'expert',37,NULL,2022,'2022-11-24 13:56:55','2022-11-24 13:56:55'),(116,118,'expert',27,NULL,2022,'2022-11-24 14:01:26','2022-11-24 14:01:26'),(117,119,'expert',37,NULL,2022,'2022-11-24 14:05:39','2022-11-24 14:05:39'),(118,120,'expert',7,NULL,2022,'2022-11-24 14:14:31','2022-11-24 14:14:31'),(119,121,'expert',36,NULL,2022,'2022-11-24 14:26:47','2022-11-24 14:26:47'),(120,122,'expert',37,NULL,2022,'2022-11-25 06:51:31','2022-11-25 06:51:31'),(121,123,'expert',27,NULL,2022,'2022-11-25 08:17:07','2022-11-25 08:17:07'),(122,124,'expert',27,NULL,2022,'2022-11-25 08:26:07','2022-11-25 08:26:07'),(123,125,'expert',37,NULL,2022,'2022-11-25 08:42:29','2022-11-25 08:42:29'),(124,126,'expert',37,NULL,2022,'2022-11-25 09:09:27','2022-11-25 09:09:27'),(125,127,'expert',27,NULL,2022,'2022-11-25 09:51:04','2022-11-25 09:51:04'),(126,128,'expert',15,NULL,2022,'2022-11-25 10:01:11','2022-11-25 10:01:11'),(127,129,'expert',37,NULL,2022,'2022-11-25 10:07:03','2022-11-25 10:07:03'),(128,130,'expert',27,NULL,2022,'2022-11-25 12:05:52','2022-11-25 12:05:52'),(129,131,'expert',29,NULL,2022,'2022-11-25 12:11:57','2022-11-25 12:11:57'),(130,132,'expert',28,NULL,2022,'2022-11-25 12:18:09','2022-11-25 12:18:09'),(131,133,'expert',27,NULL,2022,'2022-11-25 14:21:34','2022-11-25 14:21:34'),(132,134,'expert',37,NULL,2022,'2022-11-25 14:27:16','2022-11-25 14:27:16'),(133,135,'expert',27,NULL,2022,'2022-11-25 14:32:59','2022-11-25 14:32:59'),(134,136,'expert',3,NULL,2022,'2022-11-25 14:50:20','2022-11-25 14:50:20'),(135,137,'expert',1,NULL,2022,'2022-11-25 14:56:15','2022-11-25 14:56:15'),(136,138,'expert',25,NULL,2022,'2022-11-26 19:58:20','2022-11-26 19:58:20'),(137,139,'expert',8,NULL,2022,'2022-11-26 20:04:13','2022-11-26 20:04:13'),(138,140,'expert',21,NULL,2022,'2022-11-26 20:10:08','2022-11-26 20:10:08'),(139,141,'expert',37,NULL,2022,'2022-11-26 20:16:08','2022-11-26 20:16:08'),(140,142,'expert',37,NULL,2022,'2022-11-26 20:21:26','2022-11-26 20:21:26'),(141,143,'expert',36,NULL,2022,'2022-11-26 20:27:18','2022-11-26 20:27:18'),(142,144,'expert',37,NULL,2022,'2022-11-26 20:35:48','2022-11-26 20:35:48'),(143,145,'expert',29,NULL,2022,'2022-11-26 20:45:52','2022-11-26 20:45:52'),(144,146,'expert',21,NULL,2022,'2022-11-26 20:50:44','2022-11-26 20:50:44'),(145,147,'expert',23,NULL,2022,'2022-11-27 06:09:16','2022-11-27 06:09:16'),(146,148,'expert',22,NULL,2022,'2022-11-27 06:33:13','2022-11-27 06:33:13'),(147,150,'expert',14,NULL,2022,'2022-11-27 08:27:17','2022-11-27 08:27:17'),(148,151,'expert',36,NULL,2022,'2022-11-27 08:32:40','2022-11-27 08:32:40'),(149,152,'expert',29,NULL,2022,'2022-11-27 08:52:55','2022-11-27 08:52:55'),(150,153,'expert',36,NULL,2022,'2022-11-27 08:59:23','2022-11-27 08:59:23'),(151,154,'expert',37,NULL,2022,'2022-11-27 09:04:58','2022-11-27 09:04:58'),(152,155,'expert',29,NULL,2022,'2022-11-27 09:12:16','2022-11-27 09:12:16'),(153,156,'expert',3,NULL,2022,'2022-11-27 09:17:43','2022-11-27 09:17:43'),(154,157,'expert',37,NULL,2022,'2022-11-27 11:17:08','2022-11-27 11:17:08'),(155,158,'expert',27,NULL,2022,'2022-11-27 11:22:51','2022-11-27 11:22:51'),(156,159,'expert',37,NULL,2022,'2022-11-27 13:01:10','2022-11-27 13:01:10'),(157,160,'expert',37,NULL,2022,'2022-11-27 13:07:46','2022-11-27 13:07:46'),(158,161,'expert',37,NULL,2022,'2022-11-27 13:13:25','2022-11-27 13:13:25'),(159,162,'expert',37,NULL,2022,'2022-11-27 13:22:56','2022-11-27 13:22:56'),(160,163,'expert',37,NULL,2022,'2022-11-27 13:28:56','2022-11-27 13:28:56'),(161,164,'expert',37,NULL,2022,'2022-11-27 13:34:10','2022-11-27 13:34:10'),(162,165,'expert',37,NULL,2022,'2022-11-27 13:40:38','2022-11-27 13:40:38'),(163,166,'expert',27,NULL,2022,'2022-11-27 16:09:37','2022-11-27 16:09:37'),(164,167,'expert',37,NULL,2022,'2022-11-27 16:18:09','2022-11-27 16:18:09'),(165,168,'expert',27,NULL,2022,'2022-11-27 16:27:19','2022-11-27 16:27:19'),(166,169,'expert',9,NULL,2022,'2022-11-27 16:32:41','2022-11-27 16:32:41'),(167,170,'expert',8,NULL,2022,'2022-11-27 16:38:11','2022-11-27 16:38:11'),(168,171,'expert',37,NULL,2022,'2022-11-27 16:44:20','2022-11-27 16:44:20'),(169,172,'expert',33,NULL,2022,'2022-11-27 16:51:24','2022-11-27 16:51:24'),(170,173,'expert',37,NULL,2022,'2022-11-27 16:56:37','2022-11-27 16:56:37'),(171,174,'expert',37,NULL,2022,'2022-11-27 17:02:46','2022-11-27 17:02:46'),(172,175,'expert',37,NULL,2022,'2022-11-27 17:15:44','2022-11-27 17:15:44'),(173,176,'expert',2,NULL,2022,'2022-11-27 17:20:43','2022-11-27 17:20:43'),(174,177,'expert',27,NULL,2022,'2022-11-27 17:28:20','2022-11-27 17:28:20'),(175,178,'expert',37,NULL,2022,'2022-11-27 17:33:57','2022-11-27 17:33:57'),(176,179,'expert',3,NULL,2022,'2022-11-27 17:39:16','2022-11-27 17:39:16'),(177,180,'expert',27,NULL,2022,'2022-11-27 17:45:08','2022-11-27 17:45:08'),(178,181,'expert',36,NULL,2022,'2022-11-27 17:50:38','2022-11-27 17:50:38'),(179,182,'expert',36,NULL,2022,'2022-11-27 19:43:24','2022-11-27 19:43:24'),(180,183,'expert',36,NULL,2022,'2022-11-27 19:49:50','2022-11-27 19:49:50'),(181,184,'expert',16,NULL,2022,'2022-11-27 19:56:34','2022-11-27 19:56:34'),(182,185,'expert',27,NULL,2022,'2022-11-27 20:04:57','2022-11-27 20:04:57'),(183,186,'expert',27,NULL,2022,'2022-11-27 20:23:29','2022-11-27 20:23:29'),(184,187,'expert',37,NULL,2022,'2022-11-27 20:31:03','2022-11-27 20:31:03'),(185,188,'expert',37,NULL,2022,'2022-11-27 20:36:27','2022-11-27 20:36:27'),(186,189,'expert',36,NULL,2022,'2022-11-27 20:41:31','2022-11-27 20:41:31'),(187,190,'expert',25,NULL,2022,'2022-11-27 20:46:23','2022-11-27 20:46:23'),(188,191,'expert',37,NULL,2022,'2022-11-27 20:53:07','2022-11-27 20:53:07'),(189,192,'expert',37,NULL,2022,'2022-11-27 20:58:46','2022-11-27 20:58:46'),(190,193,'expert',25,NULL,2022,'2022-11-27 21:03:48','2022-11-27 21:03:48'),(191,194,'expert',37,NULL,2022,'2022-11-27 21:08:50','2022-11-27 21:08:50'),(192,195,'expert',37,NULL,2022,'2022-11-27 21:13:21','2022-11-27 21:13:21'),(193,196,'expert',27,NULL,2022,'2022-11-27 21:18:12','2022-11-27 21:18:12'),(194,197,'expert',37,NULL,2022,'2022-11-27 21:22:38','2022-11-27 21:22:38'),(195,198,'expert',36,NULL,2022,'2022-12-30 07:42:08','2022-12-30 07:42:08'),(196,200,'expert',36,NULL,2022,'2022-12-30 08:04:09','2022-12-30 08:04:09'),(197,201,'expert',9,NULL,2022,'2022-12-30 08:10:48','2022-12-30 08:10:48'),(198,202,'expert',36,NULL,2022,'2022-12-30 08:18:08','2022-12-30 08:18:08'),(199,203,'expert',37,NULL,2022,'2022-12-30 08:23:51','2022-12-30 08:23:51'),(200,204,'expert',27,NULL,2022,'2022-12-30 08:32:16','2022-12-30 08:32:16'),(201,205,'expert',37,NULL,2022,'2022-12-30 08:37:28','2022-12-30 08:37:28'),(202,206,'expert',27,NULL,2022,'2022-12-30 08:53:44','2022-12-30 08:53:44'),(203,209,'expert',37,NULL,2011,'2023-01-30 17:05:33','2023-01-30 17:05:33');

--
-- Table structure for table `codalia_profile_profiles`
--

CREATE TABLE `codalia_profile_profiles` (
  `id` int unsigned NOT NULL AUTO_INCREMENT,
  `user_id` int unsigned DEFAULT NULL,
  `civility` char(3) CHARACTER SET utf8mb4 COLLATE utf8mb4_unicode_ci DEFAULT NULL,
  `first_name` varchar(191) CHARACTER SET utf8mb4 COLLATE utf8mb4_unicode_ci DEFAULT NULL,
  `last_name` varchar(191) CHARACTER SET utf8mb4 COLLATE utf8mb4_unicode_ci DEFAULT NULL,
  `birth_name` varchar(191) CHARACTER SET utf8mb4 COLLATE utf8mb4_unicode_ci DEFAULT NULL,
  `birth_date` date DEFAULT NULL,
  `birth_location` varchar(30) CHARACTER SET utf8mb4 COLLATE utf8mb4_unicode_ci DEFAULT NULL,
  `citizenship` char(3) CHARACTER SET utf8mb4 COLLATE utf8mb4_unicode_ci DEFAULT NULL,
  `street` varchar(191) CHARACTER SET utf8mb4 COLLATE utf8mb4_unicode_ci DEFAULT NULL,
  `additional_address` varchar(255) COLLATE utf8mb4_unicode_ci DEFAULT NULL,
  `city` varchar(191) CHARACTER SET utf8mb4 COLLATE utf8mb4_unicode_ci DEFAULT NULL,
  `postcode` varchar(191) CHARACTER SET utf8mb4 COLLATE utf8mb4_unicode_ci DEFAULT NULL,
  `country` varchar(191) CHARACTER SET utf8mb4 COLLATE utf8mb4_unicode_ci DEFAULT NULL,
  `phone` varchar(15) CHARACTER SET utf8mb4 COLLATE utf8mb4_unicode_ci DEFAULT NULL,
  `honorary_member` tinyint(1) NOT NULL DEFAULT '0',
  `checked_out` int unsigned DEFAULT NULL,
  `checked_out_time` timestamp NULL DEFAULT NULL,
  `created_at` timestamp NULL DEFAULT NULL,
  `updated_at` timestamp NULL DEFAULT NULL,
  PRIMARY KEY (`id`),
  KEY `codalia_profile_profiles_user_id_index` (`user_id`),
  KEY `codalia_profile_profiles_checked_out_index` (`checked_out`)
) ENGINE=InnoDB AUTO_INCREMENT=214 DEFAULT CHARSET=utf8mb4 COLLATE=utf8mb4_unicode_ci;

--
-- Dumping data for table `codalia_profile_profiles`
--

INSERT INTO `codalia_profile_profiles` VALUES (1,1,'mrs','Jeannette','ABI NADER-GELEBART','','2011-11-11','Lieu de naissance','FRA','94 rue Jaboulay','','LYON','69007',NULL,'06 28 42 49 89',0,NULL,NULL,'2022-10-02 09:13:10','2022-10-02 09:13:10'),(2,2,'mrs','Anissa','ADAHCHOUR','','2011-11-11','Lieu de naissance','FRA','59 allée du Queyras','Le Saint Georges C4','MONTPELLIER','34070',NULL,'06 75 50 32 54',0,NULL,NULL,'2022-10-02 09:57:10','2022-10-03 13:00:38'),(3,3,'mr','Hicham','AIT EL ASRI','','2011-11-11','Lieu de naissance','FRA','1 rue Léopold Sedar Senghar','Appt A205','EVRY','91000',NULL,'06 68 47 87 42',0,NULL,NULL,'2022-10-02 10:39:13','2022-10-02 10:39:13'),(4,4,'mrs','Nadia','AIT MOHAND','BEN OUARAB','2011-11-11','Lieu de naissance','FRA','18 rue Pierre Emile Lesacq','','SANNOIS','95110',NULL,'06 16 79 54 34',0,NULL,NULL,'2022-10-02 18:55:17','2022-10-02 18:55:17'),(5,5,'mrs','Nadia','AIT OUSSAID','','2011-11-11','Lieu de naissance','FRA','187 rue du Faubourg Bonnefoy','','TOULOUSE','31500',NULL,'06 45 13 19 78',0,NULL,NULL,'2022-10-02 19:36:11','2022-10-02 19:36:11'),(6,6,'mrs','Naziha','AMRANE','DJEDIDI','2011-11-11','Lieu de naissance','FRA','189 rue Aristide Briand','','CONFLANS STE HONORINE','78700',NULL,'06 17 88 25 95',0,NULL,NULL,'2022-10-02 19:56:34','2022-10-02 19:56:34'),(7,7,'mr','David','ARBULU COLLAZOS','','2011-11-11','Lieu de naissance','FRA','12 rue des Chillesses','','FLEURY LES AUBRAIS','45400',NULL,'06 26 25 63 12',0,NULL,NULL,'2022-10-02 20:07:50','2022-10-02 20:07:50'),(8,8,'mrs','Melina','ARELLANO CORTE','','2011-11-11','Lieu de naissance','FRA','10 rue Pasteur','','ERQUERY','60600',NULL,'00 00 00 00 00',1,NULL,NULL,'2022-10-03 05:30:59','2022-10-03 05:30:59'),(9,9,'mr','Abdelwahad','ASSIDI','','2011-11-11','Lieu de naissance','FRA','39 rue du docteur Rochefort','','CHATOU','78400',NULL,'06 60 46 29 60',0,NULL,NULL,'2022-10-03 07:07:07','2022-10-03 07:07:07'),(10,10,'mrs','Ana-Maria','BALAN','','2011-11-11','Lieu de naissance','FRA','24 avenue du général Leclerc','','BOULOGNE BILLANCOURT','92100',NULL,'06 59 82 26 63',0,NULL,NULL,'2022-10-03 07:24:18','2022-10-03 07:24:18'),(11,11,'mrs','Maria Laura','BARDINET BROSO','','2011-11-11','Lieu de naissance','FRA','10 rue de l\'Ecole de Mars','','NEUILLY SUR SEINE','92200',NULL,'06 80 54 64 34',0,NULL,NULL,'2022-10-03 10:12:31','2022-10-03 10:12:31'),(12,12,'mrs','Emma','BARKER','','2011-11-11','Lieu de naissance','FRA','1 chemin de Panurge','','MEUDON','92190',NULL,'06 11 09 84 40',0,NULL,NULL,'2022-10-03 10:59:44','2022-10-03 10:59:44'),(13,13,'mr','Christian','BARRÉ','','2011-11-11','Lieu de naissance','FRA','3280 route de Tilh','','POMAREZ','40360',NULL,'06 59 39 48 84',0,NULL,NULL,'2022-10-03 11:10:10','2022-10-03 11:10:10'),(14,14,'mrs','Andrea','BATANY','COSTEA','2011-11-11','Lieu de naissance','FRA','87 bis route de Saint-Denis','','DEUIL LA BARRE','95170',NULL,'06 65 22 70 23',0,NULL,NULL,'2022-10-03 11:18:07','2022-10-03 11:18:07'),(15,15,'mrs','Elena','BEAU','SAZONOVA','2011-11-11','Lieu de naissance','FRA','24 rue Mozart','','THIONVILLE','57100',NULL,'06 73 23 35 53',0,NULL,NULL,'2022-10-03 15:47:59','2022-10-03 15:47:59'),(16,16,'mrs','Olesya','BEREZA','','2011-11-11','Lieu de naissance','FRA','30 rue Paulus','','FRANCONVILLE','95130',NULL,'06 61 57 93 20',0,NULL,NULL,'2022-10-03 16:11:26','2022-10-03 16:11:26'),(17,17,'mrs','Susan','BERNARD','FRANCK','2011-11-11','Lieu de naissance','FRA','8 rue du Parc','','MEUDON','92190',NULL,'06 20 60 97 27',0,NULL,NULL,'2022-10-03 16:18:17','2022-10-03 16:18:17'),(18,18,'mrs','Irina','BERTHELOT','DOUBTCHINSKAIA','2011-11-11','Lieu de naissance','FRA','16 rue Delambre','','PARIS','75014',NULL,'06 08 26 15 25',0,NULL,NULL,'2022-10-03 18:07:03','2022-10-03 18:07:03'),(19,19,'mrs','Elena','BERTRAND','IUSUPOVA','2011-11-11','Lieu de naissance','FRA','141 impasse de Garreau','','SAINTE GEMME MARTAILLAC','47250',NULL,'07 83 70 07 57',0,NULL,NULL,'2022-10-03 18:15:24','2022-10-03 18:15:24'),(20,20,'mrs','Kellen','BILLOT','MARTINS DA ROSA','2011-11-11','Lieu de naissance','FRA','5 allée du Vignoble','','ANTONY','92160',NULL,'06 33 76 13 84',0,NULL,NULL,'2022-10-03 18:26:17','2022-10-03 18:26:17'),(21,21,'mr','Laurent','BLANCHARD SANSIERRA','','2011-11-11','Lieu de naissance','FRA','1 ter rue des Ecoles','','PERIGNY','17180',NULL,'06 10 97 06 69',0,NULL,NULL,'2022-10-03 18:33:47','2022-10-03 18:33:47'),(22,22,'mrs','Boguslawa','BORAK','','2011-11-11','Lieu de naissance','FRA','2 avenue Anatole France','','CLICHY','92110',NULL,'06 20 54 20 43',0,NULL,NULL,'2022-10-03 19:03:57','2022-10-03 19:03:57'),(23,23,'mrs','Jeanet','BOS','','2011-11-11','Lieu de naissance','FRA','9 rue Marie et Louise','','PARIS','75010',NULL,'06 95 04 19 00',0,NULL,NULL,'2022-10-03 19:09:36','2022-10-03 19:09:36'),(24,24,'mrs','Carla','BOSSI','','2011-11-11','Lieu de naissance','FRA','9 rue d\'Alsace','','PAU','64000',NULL,'06 31 15 62 71',0,NULL,NULL,'2022-10-03 19:17:12','2022-10-03 19:17:12'),(25,25,'mrs','Khadija','BOURA','HASSI','2011-11-11','Lieu de naissance','FRA','9 avenue Georges Danton','','CABESTANY','66330',NULL,'06 52 52 89 18',0,NULL,NULL,'2022-10-03 19:23:53','2022-10-03 19:23:53'),(26,26,'mrs','Anne-Sophie','BOURGEOIS','','2011-11-11','Lieu de naissance','FRA','8/10 rue d\'Issy','','BOULOGNE BILLANCOURT','92100',NULL,'07 71 82 88 39',0,NULL,NULL,'2022-10-03 19:31:34','2022-10-03 19:31:34'),(27,27,'mrs','Svetlana','BOURGUIGNON','TKATCHENKO','2011-11-11','Lieu de naissance','FRA','3 rue des Amourettes','','LANGLADE','30980',NULL,'06 26 87 64 70',0,NULL,NULL,'2022-10-04 17:58:28','2022-10-04 17:58:28'),(28,28,'mrs','Nicole','BOUCHEZ','','2011-11-11','Lieu de naissance','FRA','2 rue du maréchal Leclerc','','BEAUVAIS','60000',NULL,'06 95 42 08 35',0,NULL,NULL,'2022-10-04 18:23:47','2022-10-04 18:23:47'),(29,29,'mrs','Yuyao','XIA BRETON','','2011-11-11','Lieu de naissance','FRA','10 allée du Parc d\'Orléans','','ORLEANS','45000',NULL,'06 20 00 60 75',0,NULL,NULL,'2022-10-04 18:36:55','2022-10-04 18:36:55'),(30,30,'mrs','Justine','BUAND','','2011-11-11','Lieu de naissance','FRA','1 rue de la Couate','Villa Floride','FOIX','09000',NULL,'06 38 14 26 22',0,NULL,NULL,'2022-10-04 19:01:34','2022-10-04 19:01:34'),(31,31,'mrs','Tsismari','BUCHUKURI','','2011-11-11','Lieu de naissance','FRA','125 avenue Jean Rieux','Bât 1 - Appt 3','TOULOUSE','31500',NULL,'06 43 56 09 11',0,NULL,NULL,'2022-10-04 19:11:03','2022-10-04 19:11:03'),(32,32,'mrs','Natallia','CALVEL','SIUTSEVICH','2011-11-11','Lieu de naissance','FRA','13 route du Stade','','SAINT JEAN DE VERGES','09000',NULL,'06 78 10 65 93',0,NULL,NULL,'2022-10-04 19:20:10','2022-10-04 19:20:10'),(33,33,'mrs','Romina','CARAVELLO','','2011-11-11','Lieu de naissance','FRA','81 bis rue Charles Chefson','','BOIS COLOMBES','92270',NULL,'06 32 49 40 99',0,NULL,NULL,'2022-10-04 19:25:46','2022-10-04 19:25:46'),(34,34,'mrs','Valérie','CARDING LANGLOIS','','2011-11-11','Lieu de naissance','FRA','4 rue du Paradis','','FORGES','17290',NULL,'06 86 12 17 46',0,NULL,NULL,'2022-10-04 19:32:15','2022-10-04 19:32:15'),(35,35,'mrs','Marielle','CARVALHO','','2011-11-11','Lieu de naissance','FRA','22 bis rue Georges Flament','','POISSY','78300',NULL,'06 26 13 93 92',0,NULL,NULL,'2022-10-04 19:39:52','2022-10-04 19:39:52'),(36,36,'mrs','Katalin','CASTELLAN','','2011-11-11','Lieu de naissance','FRA','25 rue du maréchal Foch','','VERSAILLES','78000',NULL,'06 43 33 14 85',0,NULL,NULL,'2022-10-04 19:57:16','2022-10-04 19:57:16'),(37,38,'mrs','Julie','CATOR-ROUILLER','','2011-11-11','Lieu de naissance','FRA','Lieu-dit Benauge','','MARMINIAC','46250',NULL,'06 13 41 85 16',0,NULL,NULL,'2022-10-04 20:04:29','2022-10-04 20:04:29'),(38,39,'mrs','Virginie','CAURA','','2011-11-11','Lieu de naissance','FRA','70 rue Vaillant','','LAMBERSTART','59130',NULL,'06 23 46 89 01',0,NULL,NULL,'2022-10-04 20:11:11','2022-10-04 20:11:11'),(39,40,'mrs','Ana','CESAR GIULANI','','2011-11-11','Lieu de naissance','FRA','1 rue de la Barguillère','','FOIX','09000',NULL,'06 03 28 21 31',0,NULL,NULL,'2022-10-04 20:20:54','2022-10-04 20:20:54'),(40,41,'mr','Joël','CESAR','','2011-11-11','Lieu de naissance','FRA','1 rue de la Barguillère','','FOIX','09000',NULL,'06 23 29 82 64',0,NULL,NULL,'2022-10-04 20:26:09','2022-10-04 20:26:09'),(41,42,'mrs','Anastasia','CHABAS','FOKEYEVA','2011-11-11','Lieu de naissance','FRA','Lieu-dit Matalot','','ROQUELAURE','32810',NULL,'06 05 13 18 24',0,NULL,NULL,'2022-10-04 20:38:29','2022-10-04 20:38:29'),(42,43,'mrs','Maria','CHALLOT','NAREL','2011-11-11','Lieu de naissance','FRA','8 rue de Bel air','','NAINTRÉ','86530',NULL,'06 50 97 11 09',0,NULL,NULL,'2022-10-04 20:44:52','2022-10-04 20:44:52'),(43,44,'mrs','Michelle','CHAPPELLE','MELICHARIKOVA','2011-11-11','Lieu de naissance','FRA','13 avenue des Cépages','','VILLENEUVE DE LA RAHO','66180',NULL,'06 64 84 66 44',0,NULL,NULL,'2022-10-04 20:51:38','2022-10-04 20:51:38'),(44,45,'mrs','Meiqing','CHEN-DURIVAUX','','2011-11-11','Lieu de naissance','FRA','20 rue d\'Odessa','','PARIS','75014',NULL,'06 24 73 11 06',0,NULL,NULL,'2022-10-04 21:16:27','2022-10-04 21:16:27'),(45,46,'mr','Vasile','CHIPER','','2011-11-11','Lieu de naissance','FRA','77 chemin de Fenouillet','Villa 1','TOULOUSE','31200',NULL,'06 33 07 95 63',0,NULL,NULL,'2022-10-04 21:23:41','2022-10-04 21:23:41'),(46,47,'mrs','Manuela','CIURUC','','2011-11-11','Lieu de naissance','FRA','11 avenue de la Fraternité','Porte 603','POITIERS','86000',NULL,'06 72 78 06 53',0,NULL,NULL,'2022-10-04 21:30:40','2022-10-04 21:30:40'),(47,48,'mrs','Nang Arya','CHOUNRAMANY','','2011-11-11','Lieu de naissance','FRA','11 rue du Forum','','LATTES','34970',NULL,'06 52 93 87 53',0,NULL,NULL,'2022-10-04 21:36:24','2022-10-04 21:36:24'),(48,49,'mr','Laurent','CHU','','2011-11-11','Lieu de naissance','FRA','50 boulevard Pierre 1er','Résidence le Forum - Bât B Appt 15','BORDEAUX','33000',NULL,'06 03 39 51 87',0,NULL,NULL,'2022-10-04 21:42:31','2022-10-04 21:42:31'),(49,50,'mrs','Giuseppina','BATTAGLIA CIFFROY','','2011-11-11','Lieu de naissance','FRA','21 rue de Gramont','','CHAMBOURCY','78240',NULL,'06 22 08 86 20',0,NULL,NULL,'2022-10-04 21:48:46','2022-10-04 21:48:46'),(50,51,'mrs','Fernanda','CLEMENTE PETROVIC','','2011-11-11','Lieu de naissance','FRA','40 rue de Paris','','BOULOGNE BILLANCOURT','92100',NULL,'06 70 88 94 76',0,NULL,NULL,'2022-10-04 21:59:10','2022-10-04 21:59:10'),(51,52,'mrs','Lina','CHATAINIER','','2011-11-11','Lieu de naissance','FRA','28 rue Condeau','','TOULOUSE','31200',NULL,'06 08 84 77 62',0,NULL,NULL,'2022-10-05 10:08:46','2022-10-05 10:08:46'),(52,53,'mrs','Constance','COURCIERES','MILOUCHEVA','2011-11-11','Lieu de naissance','FRA','5 impasse Calvinet','Appt 42','TOULOUSE','31500',NULL,'06 84 45 78 60',0,NULL,NULL,'2022-10-05 10:19:23','2022-10-05 10:19:23'),(53,54,'mrs','Rina','COVA','','2011-11-11','Lieu de naissance','FRA','36 rue Médéric','','LA GARENNE COLOMBES','92250',NULL,'06 76 63 96 13',0,NULL,NULL,'2022-10-05 10:35:39','2022-10-05 10:35:39'),(54,56,'mrs','Sophie','CURATO','','2011-11-11','Lieu de naissance','FRA','7 impasse des Frênes','','ST LAMBERT LA POTHERIE','49070',NULL,'06 45 28 56 79',0,NULL,NULL,'2022-10-05 10:45:16','2022-10-05 10:45:16'),(55,57,'mrs','Jana','CVIRKOVA','','2011-11-11','Lieu de naissance','FRA','1 impasse de Beaucaire','Résidence d\'Arles - Bât. A 1','TOULOUSE','31500',NULL,'06 60 44 60 29',1,NULL,NULL,'2022-10-09 10:14:10','2022-10-09 10:14:10'),(56,58,'mrs','Nona','DARJANIA','SAKANDELIA','2011-11-11','Lieu de naissance','FRA','9 rue des Cathares','','PUYGOUZON','81990',NULL,'06 29 02 79 27',0,NULL,NULL,'2022-10-15 08:49:08','2022-10-15 08:49:08'),(57,59,'mrs','Isabelle','DAMAY','','2011-11-11','Lieu de naissance','FRA','13 rue des Glycines','','ANTONY','92160',NULL,'01 42 37 15 19',0,NULL,NULL,'2022-10-15 09:00:05','2022-10-15 09:00:05'),(58,60,'mrs','Ninder','DAVINDER PAL','','2011-11-11','Lieu de naissance','FRA','14 avenue Jules Guesde','','LE BLANC MESNIL','93150',NULL,'06 29 12 03 04',0,NULL,NULL,'2022-10-15 15:34:41','2022-10-15 15:34:41'),(59,61,'mrs','Katarzyna','DE BURGHGRAVE','BRONOWSKA','2011-11-11','Lieu de naissance','FRA','39 rue de Châteauneuf','','TREON','28500',NULL,'06 19 72 12 96',0,NULL,NULL,'2022-10-15 15:43:36','2022-10-15 15:43:36'),(60,62,'mrs','Marie-Laurence','DEBAISIEUX VAN DER STERREN','','2011-11-11','Lieu de naissance','FRA','1794 route de Siest','','ORIST','40300',NULL,'06 08 49 67 20',0,NULL,NULL,'2022-10-15 15:52:52','2022-10-15 15:52:52'),(61,63,'mrs','Valerie','DE GERANDO','','2011-11-11','Lieu de naissance','FRA','17 rue des Capucins','','CASTRES','81100',NULL,'06 29 60 47 62',0,NULL,NULL,'2022-10-15 16:03:09','2022-10-15 16:03:09'),(62,64,'mrs','Gigliola','DELORME','CIOTA','2011-11-11','Lieu de naissance','FRA','47 rue Jenny Hamon','','LAMOTTE-BEUVRON','41600',NULL,'06 40 19 22 32',0,NULL,NULL,'2022-10-15 17:07:39','2022-10-15 17:07:39'),(63,65,'mrs','Sylwia','DE STAMPA','KMIECIK','2011-11-11','Lieu de naissance','FRA','54 avenue du général Leclerc','','ST JEAN DE BRAYE','45800',NULL,'06 26 93 17 31',0,NULL,NULL,'2022-10-15 17:14:21','2022-10-15 17:14:21'),(64,66,'mrs','Marion','DESTOOP-BOZTEPE','','2011-11-11','Lieu de naissance','FRA','57 rue du Cagire','','TOULOUSE','31100',NULL,'06 50 24 16 02',0,NULL,NULL,'2022-10-15 18:53:07','2022-10-15 18:53:07'),(65,67,'mrs','Maria Guadalupe','DE ROTALIER COUTO','','2011-11-11','Lieu de naissance','FRA','11 rue Gabriel Péri','','LEVALLOIS-PERRET','92300',NULL,'06 98 82 53 50',0,NULL,NULL,'2022-10-15 18:59:51','2022-10-15 18:59:51'),(66,68,'mr','Sandrine','DETIENNE','','2011-11-11','Lieu de naissance','FRA','21 rue Mouton Duvernet','','PARIS','75014',NULL,'06 08 06 51 83',0,NULL,NULL,'2022-10-15 19:06:09','2022-10-15 19:06:09'),(67,69,'mr','Alvaro','DIEZ ALEJANDRE','','2011-11-11','Lieu de naissance','FRA','38 avenue Jean Lolive','','PANTIN','93500',NULL,'06 52 07 45 62',0,NULL,NULL,'2022-10-15 19:11:50','2022-10-15 19:11:50'),(68,70,'mrs','Natalia','DOS SANTOS','','2011-11-11','Lieu de naissance','FRA','19 sente des Châtelets','','TRIEL SUR SEINE','78510',NULL,'06 77 18 22 09',0,NULL,NULL,'2022-10-15 19:17:59','2022-10-15 19:17:59'),(69,71,'mrs','Rosanna','D\'OVIDIO CIVARDI','','2011-11-11','Lieu de naissance','FRA','18 rue des Clos St Marcel','','SCEAUX','92330',NULL,'06 85 09 48 73',0,NULL,NULL,'2022-10-15 19:24:45','2022-10-15 19:24:45'),(70,72,'mr','Alain','DUCOUDRET','','2011-11-11','Lieu de naissance','FRA','Les Epenards','1 impasse Alain','GRON','89100',NULL,'06 61 08 74 90',0,NULL,NULL,'2022-10-15 19:48:33','2022-10-15 19:48:33'),(71,73,'mrs','Nao','DUPONT','FUJIWARA','2011-11-11','Lieu de naissance','FRA','7 boulevard Vauban','','ABBEVILLE','80100',NULL,'06 62 52 04 02',0,NULL,NULL,'2022-10-15 19:54:15','2022-10-15 19:54:15'),(72,74,'mrs','Atsuko','EGUCHI','','2011-11-11','Lieu de naissance','FRA','49 avenue du 11 novembre 1918','','MEUDON','92190',NULL,'06 87 49 78 72',0,NULL,NULL,'2022-10-15 20:09:32','2022-10-15 20:09:32'),(73,75,'mr','Mohamed','ELKADIB','','2011-11-11','Lieu de naissance','FRA','105 avenue de l\'agent Sarre','','COLOMBES','92700',NULL,'06 14 58 35 84',0,NULL,NULL,'2022-10-16 05:56:30','2022-10-16 05:56:30'),(74,76,'mrs','Fabiola','AMORIM SANTOS ENGEL','','2011-11-11','Lieu de naissance','FRA','14 rue Auguste Sempe','','AUCH','32000',NULL,'06 80 60 32 81',0,NULL,NULL,'2022-10-16 06:43:35','2022-10-16 06:43:35'),(75,77,'mrs','Sarah','FALCETO','','2011-11-11','Lieu de naissance','FRA','138 avenue des Minimes','Bâtiment B2','TOULOUSE','31200',NULL,'06 89 33 47 77',0,NULL,NULL,'2022-10-16 06:51:37','2022-10-16 06:51:37'),(76,78,'mr','José','FERNANDEZ','','2011-11-11','Lieu de naissance','FRA','29 route de Versailles','Bâtiment 6A','LE PORT MARLY','78560',NULL,'06 66 63 50 50',0,NULL,NULL,'2022-10-16 06:57:48','2022-10-16 06:57:48'),(77,79,'mrs','Simona','FERRARI','','2011-11-11','Lieu de naissance','FRA','24 boulevard Jules Guesde','','SAINT DENIS','93200',NULL,'06 84 59 03 59',0,NULL,NULL,'2022-10-16 07:05:40','2022-10-16 07:05:40'),(78,80,'mrs','Marta','GALLOTTA','','2011-11-11','Lieu de naissance','FRA','8 rue Voltaire','','PUTEAUX','92800',NULL,'06 58 24 82 33',0,NULL,NULL,'2022-10-16 07:12:20','2022-10-16 07:12:20'),(79,81,'mrs','Ana Belén','GARCIA CANO','','2011-11-11','Lieu de naissance','FRA','5 boulevard de Port Royal','','PARIS','75016',NULL,'06 19 29 55 77',0,NULL,NULL,'2022-10-16 08:09:13','2022-10-16 08:09:13'),(80,82,'mr','Hassan','GHARIBI','','2011-11-11','Lieu de naissance','FRA','124 boulevard Jean Jaurès','','CLICHY','92110',NULL,'06 89 60 56 78',0,NULL,NULL,'2022-10-16 08:14:46','2022-10-16 08:14:46'),(81,83,'mrs','Farideh','GENOT - VAHEDI BODLA','','2011-11-11','Lieu de naissance','FRA','4 impasse Aubugeois','Appt. 232','TOULOUSE','31400',NULL,'06 71 80 80 32',0,NULL,NULL,'2022-10-16 08:46:55','2022-10-16 08:46:55'),(82,84,'mr','Rodger','GIANNICO','','2011-11-11','Lieu de naissance','FRA','38 rue Auguste Gal','Le Dauphin','NICE','06300',NULL,'06 37 15 49 02',0,NULL,NULL,'2022-10-16 12:18:01','2022-10-16 12:18:01'),(83,85,'mrs','Aïcha','GUENNOUNI','','2011-11-11','Lieu de naissance','FRA','29 rue du Foyer','','VILLENEUVE ST GEORGES','94190',NULL,'06 18 58 83 54',0,NULL,NULL,'2022-10-16 12:23:22','2022-10-16 12:23:22'),(84,86,'mrs','Emmanuelle','GUERREIRO','','2011-11-11','Lieu de naissance','FRA','19 impasse du Vieux moulin','','DAUX','31700',NULL,'06 11 60 78 97',0,NULL,NULL,'2022-10-16 12:30:32','2022-10-16 12:30:32'),(85,87,'mrs','Döndü','MAGARALI GÜLNERGIZ','MAGARALI','2011-11-11','Lieu de naissance','FRA','23 rue des frères Péraux','','NOGENT SUR OISE','60180',NULL,'06 67 90 77 49',0,NULL,NULL,'2022-10-16 12:39:22','2022-10-16 12:39:22'),(86,88,'mrs','Maria Ester','HABAS CASTRO','','2011-11-11','Lieu de naissance','FRA','5 rue Rozanoff','','TOULOUSE','31400',NULL,'06 26 12 32 92',0,NULL,NULL,'2022-10-16 12:57:00','2022-10-16 12:57:00'),(87,89,'mrs','Anne-Leïla','HADDAD','','2011-11-11','Lieu de naissance','FRA','4 rue Henri Chevalier','BP 7','CALUIRE CEDEX','69641',NULL,'06 15 27 19 39',0,NULL,NULL,'2022-10-16 13:05:59','2022-10-16 13:05:59'),(88,90,'mrs','Iman','HAGGAG','','2011-11-11','Lieu de naissance','FRA','18 place Henri Barbusse','Appt. 53','POITIERS','86000',NULL,'06 87 25 87 49',0,NULL,NULL,'2022-10-16 13:11:06','2022-10-16 13:11:06'),(89,91,'mrs','Anaïs','HAMADI','','2011-11-11','Lieu de naissance','FRA','26 rue de Saurupt','','NANCY','54000',NULL,'06 41 46 59 88',0,NULL,NULL,'2022-10-16 13:19:14','2022-10-16 13:19:14'),(90,92,'mrs','Rahma','HAMDOUNI','MIRI','2011-11-11','Lieu de naissance','FRA','35 avenue Amerigo Vespucci','Appt. n° 1','LA ROCHELLE','17000',NULL,'06 95 23 95 26',0,NULL,NULL,'2022-10-16 13:26:39','2022-10-16 13:26:39'),(91,93,'mr','Shihab Ali','HAQUE','','2011-11-11','Lieu de naissance','FRA','29 rue Mozart','','CLICHY','92110',NULL,'06 49 83 19 06',0,NULL,NULL,'2022-10-16 13:35:47','2022-10-16 13:35:47'),(92,94,'mrs','Anna','HARLE D\'OPHOVE','','2011-11-11','Lieu de naissance','FRA','96 rue du Château','','SAINTINES','60410',NULL,'06 09 93 18 88',0,NULL,NULL,'2022-10-16 13:41:54','2022-10-16 13:41:54'),(93,95,'mrs','Suzanne','HARUTYUNYAN','','2011-11-11','Lieu de naissance','FRA','1 rue du Jardin Renard','','SOISY-SOUS-MONTMORENCY','95230',NULL,'06 15 22 97 49',0,NULL,NULL,'2022-10-16 19:05:26','2022-10-16 19:05:26'),(94,96,'mrs','Héba','HELMY','LECOCQ','2011-11-11','Lieu de naissance','FRA','32 avenue Charles de Gaulle','','MAROLLES EN HEUREPOIX','91630',NULL,'06 18 76 75 51',0,NULL,NULL,'2022-10-16 19:19:46','2022-10-16 19:19:46'),(95,97,'mrs','Elena','HELSEN','','2011-11-11','Lieu de naissance','FRA','12 rue des Ormeaux','','FENOUILLET','31150',NULL,'06 32 55 28 48',0,NULL,NULL,'2022-10-16 19:26:02','2022-10-16 19:26:02'),(96,98,'mrs','Roubik','HENRIQUEL','SAKAJIAN','2011-11-11','Lieu de naissance','FRA','10 allée des Marguerites','','IDRON','64320',NULL,'06 74 12 30 60',0,NULL,NULL,'2022-10-16 19:33:44','2022-10-16 19:33:44'),(97,99,'mrs','Jane','HENTGÈS','','2011-11-11','Lieu de naissance','FRA','8 rue du Centre','','MIREPEIX','64800',NULL,'06 34 09 55 51',0,NULL,NULL,'2022-10-16 19:41:31','2022-10-16 19:41:31'),(98,100,'mrs','Jin','HUANG-ANGLES','','2011-11-11','Lieu de naissance','FRA','116 rue des Roissys','','CHATILLON','92320',NULL,'06 64 89 79 72',0,NULL,NULL,'2022-10-16 19:59:11','2022-10-16 19:59:11'),(99,101,'mrs','Mariette','HUBERT','WINKSTER','2011-11-11','Lieu de naissance','FRA','1 rue de Klotten','','BERLAIMONT','59145',NULL,'06 82 62 71 87',0,NULL,NULL,'2022-10-16 20:04:47','2022-10-16 20:04:47'),(100,102,'mrs','Sestawan','HUYNH','PIRIYARANGSAN','2011-11-11','Lieu de naissance','FRA','50 avenue de la République','','VIERZON','18100',NULL,'06 60 59 60 05',0,NULL,NULL,'2022-10-16 20:10:43','2022-10-16 20:10:43'),(101,103,'mrs','Riitta','HYTTINEN','','2011-11-11','Lieu de naissance','FRA','22 chemin de l\'Ariel','','BOUGIVAL','78380',NULL,'06 07 79 93 86',0,NULL,NULL,'2022-11-23 12:44:57','2022-11-23 12:44:57'),(102,104,'mrs','Katarzyna','IBERHAMOVIC','PIETA','2011-11-11','Lieu de naissance','FRA','85 rue de Fulaines','','MAREUIL SUR OURCQ','60890',NULL,'06 25 92 51 47',0,NULL,NULL,'2022-11-23 16:47:30','2022-11-23 16:47:30'),(103,105,'mrs','Tea','JORJIK\'IA','','2011-11-11','Lieu de naissance','FRA','14 rue Kepler','','TOULOUSE','31500',NULL,'06 30 85 74 47',0,NULL,NULL,'2022-11-23 16:57:06','2022-11-23 16:57:06'),(104,106,'mrs','Jacqueline','JOSSET','','2011-11-11','Lieu de naissance','FRA','42 rue du Maillebois','','CHECY','45430',NULL,'06 20 02 13 03',0,NULL,NULL,'2022-11-23 18:25:46','2022-11-23 18:25:46'),(105,107,'mrs','Selma','KABAK','','2011-11-11','Lieu de naissance','FRA','17 avenue Pasteur','','ARNOUVILLE','95400',NULL,'06 16 38 48 81',0,NULL,NULL,'2022-11-23 18:42:52','2022-11-23 18:42:52'),(106,108,'mrs','Tsukasa','KAWAMOTO','','2011-11-11','Lieu de naissance','FRA','29 rue d\'Assas','','PARIS','75006',NULL,'01 73 77 49 27',0,NULL,NULL,'2022-11-23 18:55:33','2022-11-23 18:55:33'),(107,109,'mrs','Marta','KIRSCHKE PRZYBYLSKA','','2011-11-11','Lieu de naissance','FRA','863 chemin de Saraillé','','MONTAUBAN','82000',NULL,'06 13 63 93 42',0,NULL,NULL,'2022-11-23 19:54:28','2022-11-23 19:54:28'),(108,110,'mrs','Meriem','KHETTAB','GUESSAR','2011-11-11','Lieu de naissance','FRA','7 boulevard du Général Leclerc','','ARGENTEUIL','95100',NULL,'06 64 36 10 44',0,NULL,NULL,'2022-11-23 20:01:12','2022-11-23 20:01:12'),(109,111,'mr','Sami','KHOUZEIMI','','2011-11-11','Lieu de naissance','FRA','9 rue du Belneuf','','ORLEANS','45100',NULL,'06 16 84 85 78',0,NULL,NULL,'2022-11-23 20:06:01','2022-11-23 20:06:01'),(110,112,'mr','Pawel','KNOTHE','','2011-11-11','Lieu de naissance','FRA','14 bis quai du Génie','','HERBLAY','95220',NULL,'06 30 35 30 52',0,NULL,NULL,'2022-11-23 20:11:03','2022-11-23 20:11:03'),(111,113,'mrs','Charikleia','KORNILAKI','','2011-11-11','Lieu de naissance','FRA','7 allée de la Queyrassine','','MEYLAN','38240',NULL,'06 15 50 78 04',0,NULL,NULL,'2022-11-23 20:17:47','2022-11-23 20:17:47'),(112,114,'mrs','Thi Kim Dung','LAMOUREUX','Pham','2011-11-11','Lieu de naissance','FRA','20-22 avenue de Choisy','Résidence Puccini','PARIS','75013',NULL,'01 45 82 25 87',0,NULL,NULL,'2022-11-23 20:23:31','2022-11-23 20:23:31'),(113,115,'mrs','Elisabeth','LANCZYK','','2011-11-11','Lieu de naissance','FRA','224 rue de la Mairie','','BOISSIA','39130',NULL,'06 71 00 91 01',0,NULL,NULL,'2022-11-23 20:28:59','2022-11-23 20:28:59'),(114,116,'mrs','Liliana','LATTE','','2011-11-11','Lieu de naissance','FRA','2 lieu-dit Pinson','','SAINT CIERS SUR GIRONDE','33820',NULL,'06 74 20 67 26',0,NULL,NULL,'2022-11-23 20:33:57','2022-11-23 20:33:57'),(115,117,'mrs','Maria','LEBRET-SANCHEZ','','2011-11-11','Lieu de naissance','FRA','60 impasse Farigoule','Les Garrigues','SAINT-DIDIER','84210',NULL,'06 80 87 54 01',0,NULL,NULL,'2022-11-24 13:44:39','2022-11-24 13:44:39'),(116,118,'mrs','Gwénaëlle','LE JAN-MOULART','','2011-11-11','Lieu de naissance','FRA','10 rue Carnot','','VERSAILLES','78000',NULL,'07 68 27 90 24',0,NULL,NULL,'2022-11-24 13:50:41','2022-11-24 13:50:41'),(117,119,'mrs','Julia','LE LAY','','2011-11-11','Lieu de naissance','FRA','69 avenue de la Marne','','ASNIERES SUR SEINE','92600',NULL,'06 87 98 59 16',0,NULL,NULL,'2022-11-24 13:56:55','2022-11-24 13:56:55'),(118,120,'mrs','Marie-Christine','LEMASSON','MICHEL','2011-11-11','Lieu de naissance','FRA','20 rue Corbon','','PARIS','75015',NULL,'06 08 07 31 99',0,NULL,NULL,'2022-11-24 14:01:26','2022-11-24 14:01:26'),(119,121,'mrs','Françoise','LIEGEOIS','','2011-11-11','Lieu de naissance','FRA','76 rue des Lilas','','TAVERNY','95150',NULL,'01 30 40 15 66',0,NULL,NULL,'2022-11-24 14:05:39','2022-11-24 14:05:39'),(120,122,'mrs','Cristina','LONGCHAMP','','2011-11-11','Lieu de naissance','FRA','8 rue des Pépinières','','LONS LE SAUNIER','39000',NULL,'06 73 21 79 79',0,NULL,NULL,'2022-11-24 14:14:31','2022-11-24 14:14:31'),(121,123,'mr','Layth','MAHDI HASSAN','','2011-11-11','Lieu de naissance','FRA','95 impasse de Toulouse','','BRUGUIERES','31150',NULL,'06 51 51 58 34',0,NULL,NULL,'2022-11-24 14:26:47','2022-11-24 14:26:47'),(122,124,'mrs','Karima','MAHTOUT','ZEBOUDJ','2011-11-11','Lieu de naissance','FRA','69 rue Marcel Bontemps','','BOULOGNE BILLANCOURT','92100',NULL,'06 18 06 20 11',0,NULL,NULL,'2022-11-25 06:51:31','2022-11-25 06:51:31'),(123,125,'mrs','Dara','MANG','','2011-11-11','Lieu de naissance','FRA','1 rue Miollis','','PARIS','75015',NULL,'06 43 51 87 18',0,NULL,NULL,'2022-11-25 08:17:07','2022-11-25 08:17:07'),(124,126,'mrs','Ingrid','MATA DUROCHER','','2011-11-11','Lieu de naissance','FRA','18 rue Linée','','PARIS','75005',NULL,'06 03 02 00 70',0,NULL,NULL,'2022-11-25 08:26:07','2022-11-25 08:26:07'),(125,127,'mrs','Neslihan','MASTALSKI','','2022-12-31','Lieu de naissance','FRA','6 rue de l\'étang','Le hameau Andeville','MESLAY LE VIDAME','28360',NULL,'07 83 06 48 22',0,NULL,NULL,'2022-11-25 08:42:29','2022-11-25 08:42:29'),(126,128,'mrs','Françoise','MARIE-CLAIRE','','2011-11-11','Lieu de naissance','FRA','52 rue de la Bièvre','','BUC','78530',NULL,'06 11 42 86 11',0,NULL,NULL,'2022-11-25 09:09:27','2022-11-25 09:09:27'),(127,129,'mrs','Irina','MATVIICHINE','','2011-11-11','Lieu de naissance','FRA','19 rue Voltaire','','MEREVILLE','91660',NULL,'06 86 67 26 02',0,NULL,NULL,'2022-11-25 09:51:04','2022-11-25 09:51:04'),(128,130,'mrs','Jackie','MCCORQUODALE-DUPONT','','2011-11-11','Lieu de naissance','FRA','72 bis rue du Rond Quesne','','JOLIMETZ','59530',NULL,'06 03 15 16 70',0,NULL,NULL,'2022-11-25 10:01:11','2022-11-25 10:01:11'),(129,131,'mr','Abdel-Illah','MEKKAOUI','','2011-11-11','Lieu de naissance','FRA','74 avenue de Verdun','Bât. B','VILLENEUVE LA GARENNE','92390',NULL,'06 59 04 00 19',0,NULL,NULL,'2022-11-25 10:07:03','2022-11-25 10:07:03'),(130,132,'mrs','Mojan','MEMBRADO','OZGOLI','2011-11-11','Lieu de naissance','FRA','7 rue Baudin','','COURBEVOIE','92400',NULL,'06 76 36 20 00',0,NULL,NULL,'2022-11-25 12:05:52','2022-11-25 12:05:52'),(131,133,'mrs','Danuta','MERMOUD','','2022-12-31','Lieu de naissance','FRA','2 rue Geoffroy Martel','','SAINTES','17100',NULL,'06 71 30 72 81',0,NULL,NULL,'2022-11-25 12:11:56','2022-11-25 12:11:56'),(132,134,'mr','Eric','MIGNOT-BONNEFOUS','','2011-11-11','Lieu de naissance','FRA','58 avenue de l\'Impératrice','','BIARRITZ','64200',NULL,'06 14 16 54 56',0,NULL,NULL,'2022-11-25 12:18:09','2022-11-25 12:18:09'),(133,135,'mrs','Oksana','MIZERAK','','2011-11-11','Lieu de naissance','FRA','11 avenue de la République','','VINCENNES','94300',NULL,'06 21 33 73 09',0,NULL,NULL,'2022-11-25 14:21:34','2022-11-25 14:21:34'),(134,136,'mrs','Suzanne','MOKHTARI DOLUI','ASSADI','2011-11-11','Lieu de naissance','FRA','23 allée de Trévise','','SCEAUX','92330',NULL,'06 78 03 05 72',0,NULL,NULL,'2022-11-25 14:27:16','2022-11-25 14:27:16'),(135,137,'mrs','Zohré','MORTAZAVI','','2011-11-11','Lieu de naissance','FRA','11 rue de Javel','Appt. 124','PARIS','75015',NULL,'06 17 69 02 73',0,NULL,NULL,'2022-11-25 14:32:59','2022-11-25 14:32:59'),(136,138,'mrs','Alessandra','MOSCA','','2011-11-11','Lieu de naissance','FRA','29 rue Ramponeau','','PARIS','75020',NULL,'09 54 10 72 55',0,NULL,NULL,'2022-11-25 14:50:20','2022-11-25 14:50:20'),(137,139,'mr','Giles','MURRAY','','2011-11-11','Lieu de naissance','FRA','5 rue Jean Jaurès','','GOURDON','46300',NULL,'06 01 05 13 50',0,NULL,NULL,'2022-11-25 14:56:15','2022-11-25 14:56:15'),(138,140,'mrs','Barbara','MZYK','OSINIAK','2011-11-11','Lieu de naissance','FRA','1 rue de la Croix papillon','','SAINT CHRISTOPHE SUR LE NAIS','37370',NULL,'06 07 87 07 49',0,NULL,NULL,'2022-11-26 19:58:20','2022-11-26 19:58:20'),(139,141,'mrs','Maria','NALLET','','2011-11-11','Lieu de naissance','FRA','20 rue Giner de Los Rios','','BORDEAUX','33800',NULL,'06 20 78 78 90',0,NULL,NULL,'2022-11-26 20:04:13','2022-11-26 20:04:13'),(140,142,'mrs','Thi Huong','GANTET','NGUYEN','2011-11-11','Lieu de naissance','FRA','8 rue des Cèdres','','JACOU','34830',NULL,'07 82 81 03 89',0,NULL,NULL,'2022-11-26 20:10:08','2022-11-26 20:10:08'),(141,143,'mrs','Hai Ha','NGUYEN','','2011-11-11','Lieu de naissance','FRA','72 boulevard Emile Zola','','HOUILLES','78800',NULL,'06 10 16 20 50',0,NULL,NULL,'2022-11-26 20:16:08','2022-11-26 20:16:08'),(142,144,'mrs','Ana-Maria','NICOLAS','ROPOTA','2011-11-11','Lieu de naissance','FRA','42 rue Madeleine Michelis','','NEUILLY SUR SEINE','92200',NULL,'06 04 52 87 38',0,NULL,NULL,'2022-11-26 20:21:26','2022-11-26 20:21:26'),(143,145,'mrs','Olga','ODINETZ','','2022-12-31','Lieu de naissance','FRA','30 rue Paul Bert','','CHAVILLE','92370',NULL,'06 75 79 03 14',0,NULL,NULL,'2022-11-26 20:27:18','2022-11-26 20:27:18'),(144,146,'mr','Alexandru','OLTEANU-DUARTE','','2011-11-11','Lieu de naissance','FRA','4 rue Rhin et Danube','','SAINT OUEN L\'AUMONE','95000',NULL,'07 81 15 95 18',0,NULL,NULL,'2022-11-26 20:35:48','2022-11-26 20:35:48'),(145,147,'mrs','Xiufang','ORIONOT RONG','RONG','2011-11-11','Lieu de naissance','FRA','2 rue de Croix Chapeau','','LA JARRIZ','17220',NULL,'06 10 03 07 83',0,NULL,NULL,'2022-11-26 20:45:52','2022-11-26 20:45:52'),(146,148,'mrs','Cecilia','OPSOMER','','2011-11-11','Lieu de naissance','FRA','28 rue de la Liberté','','VILLEPINTE','11150',NULL,'06 88 90 77 49',0,NULL,NULL,'2022-11-26 20:50:44','2022-11-26 20:50:44'),(147,149,'mr','Jamal','OUASSOU','','2011-11-11','Lieu de naissance','FRA','52 bis avenue de Bonaventure','','AVIGNON','84000',NULL,'06 60 58 22 29',0,NULL,NULL,'2022-11-27 06:09:16','2022-11-27 06:09:16'),(148,150,'mr','Youssef','OUKHOUYA ALI','','2011-11-11','Lieu de naissance','FRA','37 rue Sigisbert Adam','','NANCY','54000',NULL,'06 84 52 05 51',0,NULL,NULL,'2022-11-27 06:33:13','2022-11-27 06:33:13'),(150,152,'mrs','Clarisse','OUTEIRO PEAN','Clarisse OUTEIRO PEAN','2011-11-11','Lieu de naissance','FRA','29 domaine de Château Gaillard','','MAISONS ALFORT','94700',NULL,'0672156138',0,NULL,NULL,'2022-11-27 08:27:17','2022-11-27 08:27:17'),(151,153,'mrs','Zuzanna','PAJAK','','2011-11-11','Lieu de naissance','FRA','23 rue de Stalingrad','Boîte 9','TOULOUSE','31000',NULL,'06 60 16 00 92',0,NULL,NULL,'2022-11-27 08:32:40','2022-11-27 08:32:40'),(152,154,'mrs','Rachel','PALMER','ARAGUAS','2011-11-11','Lieu de naissance','FRA','20 route de Chaumet les Violettes','','FONTCOUVERTE','17100',NULL,'06 59 15 12 29',0,NULL,NULL,'2022-11-27 08:52:55','2022-11-27 08:52:55'),(153,155,'mrs','Elvira','PALMINTERI HAANDRIKMAN','','2011-11-11','Lieu de naissance','FRA','10 avenue du Courserans','','VERNIOLLE','09340',NULL,'06 88 73 71 15',0,NULL,NULL,'2022-11-27 08:59:23','2022-11-27 08:59:23'),(154,156,'mrs','Olga','PEGADO SILVA','','2011-11-11','Lieu de naissance','FRA','25 route de Versailles','','LE PORT MARLY','78560',NULL,'06 23 75 93 71',0,NULL,NULL,'2022-11-27 09:04:58','2022-11-27 09:04:58'),(155,157,'mrs','Valérie','PETRY-LYNCH','','2011-11-11','Lieu de naissance','FRA','12 chemin des Avinaux','','VOULÊME','86400',NULL,'06 37 51 97 06',0,NULL,NULL,'2022-11-27 09:12:16','2022-11-27 09:12:16'),(156,158,'mrs','Libuse','PINEY','LENARTOVA','2022-12-31','Lieu de naissance','FRA','1 rue Jeanne d\'Arc','Lieudit La Vacherie','QUEND-PLAGE','80120',NULL,'06 52 04 34 62',0,NULL,NULL,'2022-11-27 09:17:43','2022-11-27 09:17:43'),(157,159,'mrs','Diane','PINOIE','PROCHAZKA','2011-11-11','Lieu de naissance','FRA','61 boulevard d\'Andilly','','SOISY SOUS MONTMORENCY','95230',NULL,'06 15 69 95 18',0,NULL,NULL,'2022-11-27 11:17:08','2022-11-27 11:17:08'),(158,160,'mrs','Sophie','PLAVTCHIAN','','2011-11-11','Lieu de naissance','FRA','2 bis rue des Ecoles','','ALFORTVILLE','94140',NULL,'06 64 11 97 46',0,NULL,NULL,'2022-11-27 11:22:51','2022-11-27 11:22:51'),(159,161,'mrs','Farimah','POURMIRZA','','2022-12-31','Lieu de naissance','FRA','27 avenue du Maréchal Joffre','','MEUDON','92190',NULL,'06 43 15 34 84',0,NULL,NULL,'2022-11-27 13:01:10','2022-11-27 13:01:10'),(160,162,'mrs','Katia','RAPINEL-TOMBOIS','','2011-11-11','Lieu de naissance','FRA','1 rue de la Quintaine','La Fontenelle','VAL-COUESNON','35560',NULL,'06 80 54 92 24',0,NULL,NULL,'2022-11-27 13:07:46','2022-11-27 13:07:46'),(161,163,'mrs','Batbolor','RAULT','NYAMTSEREN','2011-11-11','Lieu de naissance','FRA','6 avenue Mathieu','','ST MAUR DES FOSSES','94100',NULL,'06 18 00 88 29',0,NULL,NULL,'2022-11-27 13:13:25','2022-11-27 13:13:25'),(162,164,'mrs','Agnès','RICHARD','','2011-11-11','Lieu de naissance','FRA','B-26 Terrasses Ravinière','','OSNY','95520',NULL,'06 95 33 26 68',0,NULL,NULL,'2022-11-27 13:22:56','2022-11-27 13:22:56'),(163,165,'mr','Nicolas','RICK','','2011-11-11','Lieu de naissance','FRA','20 rue Dupré','','ASNIERES','92600',NULL,'06 60 13 72 99',0,NULL,NULL,'2022-11-27 13:28:56','2022-11-27 13:28:56'),(164,166,'mrs','Mafalda','RIOBOM-THIERREE','','2011-11-11','Lieu de naissance','FRA','3 rue Frédéric Chopin','','SAINT GERMAIN EN LAYE','78100',NULL,'06 22 13 40 35',0,NULL,NULL,'2022-11-27 13:34:10','2022-11-27 13:34:10'),(165,167,'mrs','Anna','RIPON','POZDNEVA','2011-11-11','Lieu de naissance','FRA','2 bis rue de la Chevrette','','DEUIL LA BARRE','95170',NULL,'06 65 09 39 70',0,NULL,NULL,'2022-11-27 13:40:38','2022-11-27 13:40:38'),(166,168,'mrs','Annabelle','RODRIGUES','','2011-11-11','Lieu de naissance','FRA','7 bis avenue du Centenaire','','LA VARENNE ST HILAIRE','94210',NULL,'06 76 02 29 30',0,NULL,NULL,'2022-11-27 16:09:37','2022-11-27 16:09:37'),(167,169,'mrs','Monique','ROUZET - LELIEVRE','','2011-11-11','Lieu de naissance','FRA','7 rue Pierre Bocher','','SOISY SOUS MONTMORENCY','95230',NULL,'06 08 06 60 63',0,NULL,NULL,'2022-11-27 16:18:09','2022-11-27 16:18:09'),(168,170,'mrs','Azra','SADIKOVIC-CAKRAMA','','2011-11-11','Lieu de naissance','FRA','14 avenue Montesquieu','','ATHIS-MONS','91200',NULL,'06 27 65 83 27',0,NULL,NULL,'2022-11-27 16:27:16','2022-11-27 16:27:19'),(169,171,'mrs','Carole','SAMAIN','','2022-12-31','Lieu de naissance','FRA','Les Barons','','VERNAIS','18210',NULL,'06 10 33 16 49',0,NULL,NULL,'2022-11-27 16:32:41','2022-11-27 16:32:41'),(170,172,'mrs','Elisabeth','SAUMON','','2011-11-11','Lieu de naissance','FRA','3 boulevard d\'Auvergne','','ANGOULÊME','16000',NULL,'06 62 59 95 76',0,NULL,NULL,'2022-11-27 16:38:11','2022-11-27 16:38:11'),(171,173,'mrs','Laurence','SHAKYA','BAUER','2011-11-11','Lieu de naissance','FRA','49 quater rue de Paris','','MONTLIGNON','95680',NULL,'07 68 42 54 86',0,NULL,NULL,'2022-11-27 16:44:20','2022-11-27 16:44:20'),(172,174,'mrs','Maryam','SHARAFI','','2011-11-11','Lieu de naissance','FRA','1C rue Marin de Pigny','','ROUEN','76000',NULL,'06 33 60 23 91',0,NULL,NULL,'2022-11-27 16:51:24','2022-11-27 16:51:24'),(173,175,'mrs','Janet','SKYRME-JONES','','2022-12-31','Lieu de naissance','FRA','23 rue Danès de Montardat','','SAINT GERMAIN EN LAYE','78100',NULL,'06 22 69 89 94',0,NULL,NULL,'2022-11-27 16:56:37','2022-11-27 16:56:37'),(174,176,'mrs','Fajar Nisha','SOULTANE','','2011-11-11','Lieu de naissance','FRA','3 rue Guynemer','','VILLIERS-LE-BEL','95400',NULL,'06 49 15 00 01',0,NULL,NULL,'2022-11-27 17:02:46','2022-11-27 17:02:46'),(175,177,'mrs','Joanna','KRÜGER','','2022-12-31','Lieu de naissance','FRA','19 rue du Pavé','','LE TREMBLAY SUR MAULDRE','78490',NULL,'06 66 18 68 08',0,NULL,NULL,'2022-11-27 17:15:44','2022-12-30 09:18:12'),(176,178,'mrs','Pascale','STUART','ADAM','2022-12-31','Lieu de naissance','FRA','164 chemin de la Passerelle','','BIOT','06410',NULL,'06 11 09 48 46',0,NULL,NULL,'2022-11-27 17:20:43','2022-11-27 17:20:43'),(177,179,'mr','Lingbin','SUN','','2011-11-11','Lieu de naissance','FRA','81 rue du faubourg Saint Nicolas','','MEAUX','77100',NULL,'06 10 90 56 97',0,NULL,NULL,'2022-11-27 17:28:20','2022-11-27 17:28:20'),(178,180,'mr','Hazza','TAHA','','2011-11-11','Lieu de naissance','FRA','39 boulevard Sadi Carnot','','ENGHIEN LES BAINS','95980',NULL,'06 11 57 83 51',0,NULL,NULL,'2022-11-27 17:33:57','2022-11-27 17:33:57'),(179,181,'mrs','Nancy','TARROUN','HAMADE','2011-11-11','Lieu de naissance','FRA','42 rue Porte de Laon','','BRUYERES ET MONTBERAULT','02860',NULL,'06 71 88 06 40',0,NULL,NULL,'2022-11-27 17:39:16','2022-11-27 17:39:16'),(180,182,'mr','Koson','THANADSAMRAN','','2011-11-11','Lieu de naissance','FRA','69 rue des Chardons','','ROSNY SOUS BOIS','93110',NULL,'06 60 71 25 01',0,NULL,NULL,'2022-11-27 17:45:08','2022-11-27 17:45:08'),(181,183,'mrs','Emilia','THOMASSEY','CASAL SOMOZA','2011-11-11','Lieu de naissance','FRA','3 rue Joseph Bedel','','SAINT JEAN DU FALGA','09100',NULL,'06 50 23 53 70',0,NULL,NULL,'2022-11-27 17:50:38','2022-11-27 17:50:38'),(182,184,'mrs','Catherine','TINE','LEBREUX','2011-11-11','Lieu de naissance','FRA','2 rue Victor Déqué','','TOULOUSE','31500',NULL,'06 30 82 45 71',0,NULL,NULL,'2022-11-27 19:43:24','2022-11-27 19:43:24'),(183,185,'mrs','Lidia','TRZASKO','','2011-11-11','Lieu de naissance','FRA','71 rue de Bayard','Le Clos du prince','TOULOUSE','31000',NULL,'06 23 14 37 59',0,NULL,NULL,'2022-11-27 19:49:50','2022-11-27 19:49:50'),(184,186,'mrs','Priscilla','TUERNAL VATRAN','','2011-11-11','Lieu de naissance','FRA','10 hameau de la Vallée','Ravine Vilaine','FORT DE FRANCE','97200',NULL,'06 75 82 59 02',0,NULL,NULL,'2022-11-27 19:56:34','2022-11-27 19:56:34'),(185,187,'mrs','Yen-Ying','TU-RODRIGUES','','2011-11-11','Lieu de naissance','FRA','47 rue du Haut Samoreau','','SAMOREAU','77210',NULL,'06 72 11 78 44',0,NULL,NULL,'2022-11-27 20:04:57','2022-11-27 20:04:57'),(186,188,'mr','Elef','VAKALIS','','2011-11-11','Lieu de naissance','FRA','119 avenue André Morizet','','BOULOGNE BILLANCOURT','92100',NULL,'06 89 87 27 53',0,NULL,NULL,'2022-11-27 20:23:29','2022-11-27 20:23:29'),(187,189,'mrs','Fang','VERRECCHIA','XIA','2011-11-11','Lieu de naissance','FRA','147 rue Armand Silvestre','','COURBEVOIE','92400',NULL,'07 82 74 83 38',0,NULL,NULL,'2022-11-27 20:31:03','2022-11-27 20:31:03'),(188,190,'mrs','Anne','VIENNOT','','2011-11-11','Lieu de naissance','FRA','2 bis avenue Joliot Curie','','MALAKOFF','92240',NULL,'06 07 39 37 31',0,NULL,NULL,'2022-11-27 20:36:27','2022-11-27 20:36:27'),(189,191,'mr','Jérôme','VIGUIER','','2011-11-11','Lieu de naissance','FRA','2 impasse Fortunat','','TOULOUSE','31200',NULL,'06 31 99 83 69',0,NULL,NULL,'2022-11-27 20:41:31','2022-11-27 20:41:31'),(190,192,'mrs','Britta','VINCENT','ZEMECKIS','2011-11-11','Lieu de naissance','FRA','38 rue de la Marbellière','','JOUE LES TOURS','37300',NULL,'06 17 36 33 91',0,NULL,NULL,'2022-11-27 20:46:23','2022-11-27 20:46:23'),(191,193,'mrs','Yu','WANG','','2011-11-11','Lieu de naissance','FRA','8 ter rue Pierre Curie','','VERSAILLES','78000',NULL,'06 89 30 64 28',0,NULL,NULL,'2022-11-27 20:53:07','2022-11-27 20:53:07'),(192,194,'mrs','Claudia','WECK','','2011-11-11','Lieu de naissance','FRA','2 rue d\'Al Bireh','','GENNEVILLIERS','92230',NULL,'06 83 88 05 00',0,NULL,NULL,'2022-11-27 20:58:46','2022-11-27 20:58:46'),(193,195,'mrs','Olga','WORONKIEWICZ','KRENDZELAK','2011-11-11','Lieu de naissance','FRA','15 ter rue des Mesliers','','CHAMBRAY LES TOURS','37170',NULL,'06 30 94 08 68',0,NULL,NULL,'2022-11-27 21:03:48','2022-11-27 21:03:48'),(194,196,'mrs','Natalia','YOUSSEF-WARDEH','','2011-11-11','Lieu de naissance','FRA','4 place Aristide Briand','','PONTOISE','95300',NULL,'06 17 94 81 83',0,NULL,NULL,'2022-11-27 21:08:50','2022-11-27 21:08:50'),(195,197,'mrs','Maria Soledad','ZAMUDIO PIZARRO','','2011-11-11','Lieu de naissance','FRA','1 rue de la République','','ARGENTEUIL','95100',NULL,'06 10 69 46 60',0,NULL,NULL,'2022-11-27 21:13:21','2022-11-27 21:13:21'),(196,198,'mr','Jean-Pierre','ZHANG','','2011-11-11','Lieu de naissance','FRA','6/8 rue Gustave Lebon','','PARIS','75014',NULL,'06 23 42 71 82',0,NULL,NULL,'2022-11-27 21:18:12','2022-11-27 21:18:12'),(197,199,'mr','Mohammed','ZIT','','2011-11-11','Lieu de naissance','FRA','67 avenue Charles de Gaulle','','MONTMORENCY','95160',NULL,'06 85 85 03 84',0,NULL,NULL,'2022-11-27 21:22:38','2022-11-27 21:22:38'),(198,200,'mrs','Mathilde','BLAQUE','','2011-11-11','Lieu de naissance','FRA','115 avenue Raymond Naves','Bâtiment 4','TOULOUSE','31500',NULL,'06 24 40 19 70',0,NULL,NULL,'2022-12-30 07:42:08','2022-12-30 07:42:08'),(199,201,'mrs','Alexandra','BOTH','ANDREESCU','2011-11-11','Lieu de naissance','FRA','11 rue des Tournesols','','PIBRAC','31820',NULL,'0000000000',1,NULL,NULL,'2022-12-30 07:48:51','2022-12-30 07:48:51'),(200,202,'mrs','Liliya','CHEREDNICHENKO','','2011-11-11','Lieu de naissance','FRA','Chemin des amandiers','','BEAUZELLE','31700',NULL,'06 20 04 69 02',0,NULL,NULL,'2022-12-30 08:04:09','2022-12-30 08:04:09'),(201,203,'mrs','Marie-Pierre','DONADIEU','','2011-11-11','Lieu de naissance','FRA','56 allée Paul Rue','','LE POINÇONNET','36330',NULL,'06 74 89 33 29',0,NULL,NULL,'2022-12-30 08:10:48','2022-12-30 08:10:48'),(202,204,'mrs','Jana','HENRION','KOZLOVA','2011-11-11','Lieu de naissance','FRA','10 rue des Camparols','','CASTANET-TOLOSAN','31320',NULL,'05 62 26 65 68',0,NULL,NULL,'2022-12-30 08:18:08','2022-12-30 08:18:08'),(203,205,'mrs','Ewa','KNOTHE','','2011-11-11','Lieu de naissance','FRA','14 bis quai du Génie','','HERBLAY','95220',NULL,'01 34 50 12 60',0,NULL,NULL,'2022-12-30 08:23:51','2022-12-30 08:23:51'),(204,206,'mrs','Sanath','RATHNAYAKE','','2011-11-11','Lieu de naissance','FRA','1 rue Carnot','','MONTREUIL','93100',NULL,'06 60 49 79 84',0,NULL,NULL,'2022-12-30 08:32:16','2022-12-30 08:32:16'),(205,207,'mrs','Ewa','WAWRZAK','','2011-11-11','Lieu de naissance','FRA','21 square des Saisons','Appt n° 176','COURBEVOIE','92400',NULL,'06 69 65 10 96',0,NULL,NULL,'2022-12-30 08:37:28','2022-12-30 08:37:28'),(206,208,'mrs','San San','HNIN TUN','','2011-11-11','Lieu de naissance','FRA','146 boulevard de Charonne','','PARIS','75020',NULL,'01 81 70 10 14',0,NULL,NULL,'2022-12-30 08:53:44','2022-12-30 08:53:44'),(207,209,'mr','Paul','DELORME','','2011-11-11','Lieu de naissance','FRA','1167 chemin de la Roquette','','MONTFAVET','84140',NULL,'06 68 34 75 22',1,NULL,NULL,'2023-01-30 09:58:24','2023-01-30 09:58:24'),(209,211,'mrs','Test','EXPERTABC','','2011-11-11','Lieu de naissance','FRA','22 bis rue Georges Flament','','POISSY','78300',NULL,'0000000000',0,NULL,NULL,'2023-01-30 17:05:33','2023-01-30 17:05:33'),(210,212,'mrs','Marie-Françoise','FOEX','','2011-11-11','Lieu de naissance','FRA','37 rue d\'Inkermann','','VILLEURBANNE','69100',NULL,'04 78 24 93 02',1,NULL,NULL,'2023-01-30 21:18:38','2023-01-30 21:18:38'),(211,213,'mrs','Taffy','MARTIN','','2011-11-11','Lieu de naissance','FRA','Lieu dit Caminel','','FAJOLES','46300',NULL,'06 32 84 85 54',1,NULL,NULL,'2023-01-30 21:22:48','2023-01-30 21:22:48'),(212,214,'mr','Nicolas','MATUSIAK','','2011-11-11','Lieu de naissance','FRA','1 allée de la Fosse Moizard','','JARGEAU','45150',NULL,'06 60 57 61 61',1,NULL,NULL,'2023-01-30 21:26:39','2023-01-30 21:26:39'),(213,215,'mrs','Denisa','SEDEF','ALTDORFFEROVA','2011-11-11','Lieu de naissance','FRA','100 avenue Charles de Gaulle','','MONTMORENCY','95160',NULL,'07 83 55 01 50',1,NULL,NULL,'2023-01-30 21:32:05','2023-01-30 21:32:05');

--
