-- Table structure for table `system_mail_layouts`
--

CREATE TABLE `system_mail_layouts` (
  `id` int unsigned NOT NULL AUTO_INCREMENT,
  `name` varchar(191) CHARACTER SET utf8mb4 COLLATE utf8mb4_unicode_ci DEFAULT NULL,
  `code` varchar(191) CHARACTER SET utf8mb4 COLLATE utf8mb4_unicode_ci DEFAULT NULL,
  `content_html` text CHARACTER SET utf8mb4 COLLATE utf8mb4_unicode_ci,
  `content_text` text CHARACTER SET utf8mb4 COLLATE utf8mb4_unicode_ci,
  `content_css` text CHARACTER SET utf8mb4 COLLATE utf8mb4_unicode_ci,
  `is_locked` tinyint(1) NOT NULL DEFAULT '0',
  `options` text CHARACTER SET utf8mb4 COLLATE utf8mb4_unicode_ci,
  `created_at` timestamp NULL DEFAULT NULL,
  `updated_at` timestamp NULL DEFAULT NULL,
  PRIMARY KEY (`id`)
) ENGINE=InnoDB AUTO_INCREMENT=3 DEFAULT CHARSET=utf8mb4 COLLATE=utf8mb4_unicode_ci;

--
-- Dumping data for table `system_mail_layouts`
--

INSERT INTO `system_mail_layouts` VALUES (1,'Default layout','default','<!DOCTYPE html PUBLIC \"-//W3C//DTD XHTML 1.0 Transitional//EN\" \"http://www.w3.org/TR/xhtml1/DTD/xhtml1-transitional.dtd\">\n<html xmlns=\"http://www.w3.org/1999/xhtml\">\n<head>\n    <meta name=\"viewport\" content=\"width=device-width, initial-scale=1.0\" />\n    <meta http-equiv=\"Content-Type\" content=\"text/html; charset=UTF-8\" />\n</head>\n<body>\n    <style type=\"text/css\" media=\"screen\">\n        {{ brandCss|raw }}\n        {{ css|raw }}\n    </style>\n\n    <table class=\"wrapper layout-default\" width=\"100%\" cellpadding=\"0\" cellspacing=\"0\">\n\n        <!-- Header -->\n        {% partial \'header\' body %}\n            {{ subject|raw }}\n        {% endpartial %}\n\n        <tr>\n            <td align=\"center\">\n                <table class=\"content\" width=\"100%\" cellpadding=\"0\" cellspacing=\"0\">\n                    <!-- Email Body -->\n                    <tr>\n                        <td class=\"body\" width=\"100%\" cellpadding=\"0\" cellspacing=\"0\">\n                            <table class=\"inner-body\" align=\"center\" width=\"570\" cellpadding=\"0\" cellspacing=\"0\">\n                                <!-- Body content -->\n                                <tr>\n                                    <td class=\"content-cell\">\n                                        {{ content|raw }}\n                                    </td>\n                                </tr>\n                            </table>\n                        </td>\n                    </tr>\n                </table>\n            </td>\n        </tr>\n\n        <!-- Footer -->\n        {% partial \'footer\' body %}\n            &copy; {{ \"now\"|date(\"Y\") }} {{ appName }}. All rights reserved.\n        {% endpartial %}\n\n    </table>\n\n</body>\n</html>','{{ content|raw }}','@media only screen and (max-width: 600px) {\n    .inner-body {\n        width: 100% !important;\n    }\n\n    .footer {\n        width: 100% !important;\n    }\n}\n\n@media only screen and (max-width: 500px) {\n    .button {\n        width: 100% !important;\n    }\n}',1,NULL,'2021-11-10 14:27:29','2021-11-10 14:27:29'),(2,'System layout','system','<!DOCTYPE html PUBLIC \"-//W3C//DTD XHTML 1.0 Transitional//EN\" \"http://www.w3.org/TR/xhtml1/DTD/xhtml1-transitional.dtd\">\n<html xmlns=\"http://www.w3.org/1999/xhtml\">\n<head>\n    <meta name=\"viewport\" content=\"width=device-width, initial-scale=1.0\" />\n    <meta http-equiv=\"Content-Type\" content=\"text/html; charset=UTF-8\" />\n</head>\n<body>\n    <style type=\"text/css\" media=\"screen\">\n        {{ brandCss|raw }}\n        {{ css|raw }}\n    </style>\n\n    <table class=\"wrapper layout-system\" width=\"100%\" cellpadding=\"0\" cellspacing=\"0\">\n        <tr>\n            <td align=\"center\">\n                <table class=\"content\" width=\"100%\" cellpadding=\"0\" cellspacing=\"0\">\n                    <!-- Email Body -->\n                    <tr>\n                        <td class=\"body\" width=\"100%\" cellpadding=\"0\" cellspacing=\"0\">\n                            <table class=\"inner-body\" align=\"center\" width=\"570\" cellpadding=\"0\" cellspacing=\"0\">\n                                <!-- Body content -->\n                                <tr>\n                                    <td class=\"content-cell\">\n                                        {{ content|raw }}\n\n                                        <!-- Subcopy -->\n                                        {% partial \'subcopy\' body %}\n                                            **This is an automatic message. Please do not reply to it.**\n                                        {% endpartial %}\n                                    </td>\n                                </tr>\n                            </table>\n                        </td>\n                    </tr>\n                </table>\n            </td>\n        </tr>\n    </table>\n\n</body>\n</html>','{{ content|raw }}\n\n\n---\nThis is an automatic message. Please do not reply to it.','@media only screen and (max-width: 600px) {\n    .inner-body {\n        width: 100% !important;\n    }\n\n    .footer {\n        width: 100% !important;\n    }\n}\n\n@media only screen and (max-width: 500px) {\n    .button {\n        width: 100% !important;\n    }\n}',1,NULL,'2021-11-10 14:27:29','2021-11-10 14:27:29');

--
-- Table structure for table `system_mail_partials`
--

CREATE TABLE `system_mail_partials` (
  `id` int unsigned NOT NULL AUTO_INCREMENT,
  `name` varchar(191) CHARACTER SET utf8mb4 COLLATE utf8mb4_unicode_ci DEFAULT NULL,
  `code` varchar(191) CHARACTER SET utf8mb4 COLLATE utf8mb4_unicode_ci DEFAULT NULL,
  `content_html` text CHARACTER SET utf8mb4 COLLATE utf8mb4_unicode_ci,
  `content_text` text CHARACTER SET utf8mb4 COLLATE utf8mb4_unicode_ci,
  `is_custom` tinyint(1) NOT NULL DEFAULT '0',
  `created_at` timestamp NULL DEFAULT NULL,
  `updated_at` timestamp NULL DEFAULT NULL,
  PRIMARY KEY (`id`)
) ENGINE=InnoDB AUTO_INCREMENT=8 DEFAULT CHARSET=utf8mb4 COLLATE=utf8mb4_unicode_ci;

--
-- Dumping data for table `system_mail_partials`
--

INSERT INTO `system_mail_partials` VALUES (1,'Header','header','<tr>\n    <td class=\"header\">\n        {% if url %}\n            <a href=\"{{ url }}\">\n                {{ body }}\n            </a>\n        {% else %}\n            <span>\n                {{ body }}\n            </span>\n        {% endif %}\n    </td>\n</tr>','*** {{ body|trim }} <{{ url }}>',0,'2021-11-11 07:38:04','2021-11-11 07:38:04'),(2,'Footer','footer','<tr>\n    <td>\n        <table class=\"footer\" align=\"center\" width=\"570\" cellpadding=\"0\" cellspacing=\"0\">\n            <tr>\n                <td class=\"content-cell\" align=\"center\">\n                    {{ body|md_safe }}\n                </td>\n            </tr>\n        </table>\n    </td>\n</tr>','-------------------\n{{ body|trim }}',0,'2021-11-11 07:38:04','2021-11-11 07:38:04'),(3,'Button','button','<table class=\"action\" align=\"center\" width=\"100%\" cellpadding=\"0\" cellspacing=\"0\">\n    <tr>\n        <td align=\"center\">\n            <table width=\"100%\" border=\"0\" cellpadding=\"0\" cellspacing=\"0\">\n                <tr>\n                    <td align=\"center\">\n                        <table border=\"0\" cellpadding=\"0\" cellspacing=\"0\">\n                            <tr>\n                                <td>\n                                    <a href=\"{{ url }}\" class=\"button button-{{ type ?: \'primary\' }}\" target=\"_blank\">\n                                        {{ body }}\n                                    </a>\n                                </td>\n                            </tr>\n                        </table>\n                    </td>\n                </tr>\n            </table>\n        </td>\n    </tr>\n</table>','{{ body|trim }} <{{ url }}>',0,'2021-11-11 07:38:04','2021-11-11 07:38:04'),(4,'Panel','panel','<table class=\"panel break-all\" width=\"100%\" cellpadding=\"0\" cellspacing=\"0\">\n    <tr>\n        <td class=\"panel-content\">\n            <table width=\"100%\" cellpadding=\"0\" cellspacing=\"0\">\n                <tr>\n                    <td class=\"panel-item\">\n                        {{ body|md_safe }}\n                    </td>\n                </tr>\n            </table>\n        </td>\n    </tr>\n</table>','{{ body|trim }}',0,'2021-11-11 07:38:04','2021-11-11 07:38:04'),(5,'Table','table','<div class=\"table\">\n    {{ body|md_safe }}\n</div>','{{ body|trim }}',0,'2021-11-11 07:38:04','2021-11-11 07:38:04'),(6,'Subcopy','subcopy','<table class=\"subcopy\" width=\"100%\" cellpadding=\"0\" cellspacing=\"0\">\n    <tr>\n        <td>\n            {{ body|md_safe }}\n        </td>\n    </tr>\n</table>','-----\n{{ body|trim }}',0,'2021-11-11 07:38:04','2021-11-11 07:38:04'),(7,'Promotion','promotion','<table class=\"promotion break-all\" align=\"center\" width=\"100%\" cellpadding=\"0\" cellspacing=\"0\">\n    <tr>\n        <td align=\"center\">\n            {{ body|md_safe }}\n        </td>\n    </tr>\n</table>','{{ body|trim }}',0,'2021-11-11 07:38:04','2021-11-11 07:38:04');

--
-- Table structure for table `system_mail_templates`
--

CREATE TABLE `system_mail_templates` (
  `id` int unsigned NOT NULL AUTO_INCREMENT,
  `code` varchar(191) CHARACTER SET utf8mb4 COLLATE utf8mb4_unicode_ci DEFAULT NULL,
  `subject` varchar(191) CHARACTER SET utf8mb4 COLLATE utf8mb4_unicode_ci DEFAULT NULL,
  `description` text CHARACTER SET utf8mb4 COLLATE utf8mb4_unicode_ci,
  `content_html` text CHARACTER SET utf8mb4 COLLATE utf8mb4_unicode_ci,
  `content_text` text CHARACTER SET utf8mb4 COLLATE utf8mb4_unicode_ci,
  `layout_id` int DEFAULT NULL,
  `is_custom` tinyint(1) NOT NULL DEFAULT '0',
  `created_at` timestamp NULL DEFAULT NULL,
  `updated_at` timestamp NULL DEFAULT NULL,
  PRIMARY KEY (`id`),
  KEY `system_mail_templates_layout_id_index` (`layout_id`)
) ENGINE=InnoDB AUTO_INCREMENT=43 DEFAULT CHARSET=utf8mb4 COLLATE=utf8mb4_unicode_ci;

--
-- Dumping data for table `system_mail_templates`
--

INSERT INTO `system_mail_templates` VALUES (1,'winter.user::mail.activate',NULL,'Activate a new user',NULL,NULL,1,0,'2021-11-11 07:38:04','2021-11-11 07:38:04'),(2,'winter.user::mail.welcome',NULL,'User confirmed their account',NULL,NULL,1,0,'2021-11-11 07:38:04','2021-11-11 07:38:04'),(3,'winter.user::mail.restore',NULL,'User requests a password reset',NULL,NULL,1,0,'2021-11-11 07:38:04','2021-11-11 07:38:04'),(4,'winter.user::mail.new_user',NULL,'Notify admins of a new sign up',NULL,NULL,2,0,'2021-11-11 07:38:04','2021-11-11 07:38:04'),(5,'winter.user::mail.reactivate',NULL,'User has reactivated their account',NULL,NULL,1,0,'2021-11-11 07:38:04','2021-11-11 07:38:04'),(6,'winter.user::mail.invite',NULL,'Invite a new user to the website',NULL,NULL,1,0,'2021-11-11 07:38:04','2021-11-11 07:38:04'),(7,'codalia.membership::mail.alert_office','Nouvelle demande d’adhésion','Alerts office administrator about the latest candidate application.','Bonjour,\r\n\r\n{{ \"#{first_name} #{last_name}\" }} vient de déposer une demande d’adhésion. Merci d’en prendre connaissance.\r\n\r\nCordialement,\r\nEXPERTIJ','',1,1,'2021-11-11 07:38:04','2023-02-17 10:46:00'),(8,'codalia.membership::mail.alert_decision_makers','Nouvelle demande d’adhésion','Alerts members about the latest candidate application.','Bonjour,\r\n\r\n{{ \"#{first_name} #{last_name}\" }} vient de déposer une demande d’adhésion. Merci de donner votre avis.\r\n\r\nCordialement,<br>\r\nEXPERTIJ','',1,1,'2021-11-11 07:38:04','2022-07-21 05:20:06'),(9,'codalia.membership::mail.alert_vote','Vote d’un décisionnaire','Alerts office administrator about a member\'s vote.','Bonjour,\r\n\r\n{{ \"#{first_name} #{last_name}\" }} a donné son avis sur la demande d’adhésion de {{ \"#{candidate_first_name} #{candidate_last_name}\"  }}.\r\nVous pouvez consulter cet avis.\r\n\r\nCordialement,\r\nEXPERTIJ','',1,1,'2021-11-11 07:38:04','2023-02-17 10:47:21'),(10,'codalia.membership::mail.alert_document','Nouveau document','Alerts members about a new document.','Cher membre,\r\n\r\nUn document intitulé {{ title }} vient d’être publié dans votre espace membre.<br>\r\nMerci d’en prendre connaissance.\r\n\r\nCordialement,<br>\r\nEXPERTIJ','',1,1,'2021-11-11 07:38:04','2022-07-21 07:33:24'),(11,'codalia.membership::mail.candidate_application','Confirmation de réception demande d’adhésion','Giving information about the application procedure','Bonjour {{ \"#{first_name} #{last_name}\" }},\r\n\r\nNous avons bien reçu votre demande d’adhésion. Le secrétariat général vous informera prochainement de la décision du conseil d’administration et des membres fondateurs.\r\n\r\nCordialement,\r\nEXPERTIJ','',1,1,'2021-11-11 07:38:04','2023-02-17 11:03:40'),(12,'codalia.membership::mail.cancelled','Candidature annulée','Informs the candidate that their application is cancelled.','Bonjour {{ \"#{first_name} #{last_name}\" }}.\r\n\r\nVotre demande d’adhésion a été acceptée mais vous n’avez pas réglé votre cotisation. Nous annulons donc votre demande. Pour plus d’information, merci de contacter le secrétariat général.\r\n\r\nCordialement,\r\nEXPERTIJ','',1,1,'2021-11-11 07:38:04','2023-02-17 10:48:54'),(13,'codalia.membership::mail.cancellation','Annulation adhésion','Confirms the membership cancellation.','Bonjour {{ \"#{first_name} #{last_name}\" }},\r\n<br />\r\nNous avons bien noté que vous ne souhaitiez plus faire partie d’Expertij.<br><br />\r\nMerci de contacter le secrétariat général ou la présidence au sujet de l’accès à votre espace personnel.<br /><br />\r\n\r\n\r\nCordialement,<br>\r\nEXPERTIJ','',1,1,'2021-11-11 07:38:04','2023-02-17 10:58:50'),(14,'codalia.membership::mail.cancellation_admin','Annulation adhésion','Confirms the membership cancellation.','Bonjour,\r\n<br>\r\n\r\n\r\n{{ \"#{first_name} #{last_name}\" }} a annulé son adhésion.<br><br>\r\n \r\n\r\n\r\nCordialement,<br>\r\nEXPERTIJ','',1,1,'2021-11-11 07:38:04','2023-02-17 10:59:49'),(15,'codalia.membership::mail.new_member','Vous êtes bien membre d’EXPERTIJ','Congratulation email','Bonjour {{ \"#{first_name} #{last_name}\" }}.\r\n\r\nVous êtes maintenant membre d’Expertij. Bienvenue dans notre association !\r\n\r\nCordialement,\r\nEXPERTIJ','',1,1,'2021-11-11 07:38:04','2022-07-21 05:12:49'),(16,'codalia.membership::mail.pending_renewal','Renouvellement d’adhésion','Informs the member and gives informations about the renewal procedure.','Cher membre,\r\n\r\nVotre adhésion arrive à échéance le {{ renewal }}.<br>\r\nVeuillez aller dans votre espace personnel pour procéder à son renouvellement en payant votre cotisation d’un montant de  {{ subscription_fee }} euros.\r\n\r\nCordialement,<br>\r\nEXPERTIJ','',1,1,'2021-11-11 07:38:04','2022-07-21 07:23:16'),(17,'codalia.membership::mail.pending_renewal_reminder','Rappel renouvellement d’adhésion','Reminds the member about the renewal and gives informations about the renewal procedure.','Cher membre,\r\n\r\nVotre adhésion arrive à échéance le {{ renewal }} mais n’a pas été renouvelée à ce jour.<br>Veuillez aller dans votre espace personnel pour procéder à son renouvellement en payant votre cotisation d’un montant de {{ subscription_fee }} euros.\r\n\r\nCordialement,<br>\r\nEXPERTIJ','',1,1,'2021-11-11 07:38:04','2022-07-21 07:24:27'),(18,'codalia.membership::mail.pending_renewal_last_reminder','Dernier rappel de renouvellement d’adhésion','Last reminder to the member about the renewal.','Cher membre,\r\n\r\nVotre adhésion est arrivée à échéance et n’a pas été renouvelée à ce jour.<br>Veuillez aller dans votre espace personnel pour procéder à son renouvellement en payant votre cotisation d’un montant de {{ subscription_fee }} euros.\r\nCeci est un dernier rappel.<br>\r\nSi vous ne souhaitez plus faire partie de l’association merci de nous en informer.\r\n\r\nCordialement,\r\nEXPERTIJ','',1,1,'2021-11-11 07:38:04','2022-07-21 07:25:43'),(19,'codalia.membership::mail.pending_subscription','Candidature acceptée','Informs the candidate that their application is accepted and gives informations about the payment procedure.','Bonjour {{ \"#{first_name} #{last_name}\" }},\r\n\r\nVotre demande d’adhésion a été acceptée. Pour devenir membre de l’association, merci de vous rendre dans votre espace personnel et de régler votre cotisation d’un montant de  {{ subscription_fee }} euros.\r\n\r\nCordialement,\r\nEXPERTIJ','',1,1,'2021-11-11 07:38:04','2022-07-21 05:09:33'),(20,'codalia.membership::mail.refused','Candidature refusée','Informs the candidate that their application is refused.','Bonjour {{ \"#{first_name} #{last_name}\" }},\r\n\r\nNous sommes au regret de vous informer que le conseil d’administration et les membres fondateurs n’ont pas pu accepter votre demande d’adhésion.\r\nN’hésitez pas à nous contacter à ce sujet.\r\n\r\nCordialement.\r\nEXPERTIJ','',1,1,'2021-11-11 07:38:04','2023-02-17 10:48:15'),(21,'codalia.membership::mail.renewal_subscription','Adhésion renouvelée','Informs the member that their membership is renewed.','Bonjour {{ \"#{first_name} #{last_name}\" }},\r\n\r\nMerci d’avoir renouvelé votre adhésion à EXPERTIJ et de continuer à nous faire confiance.\r\n\r\nCordialement,<br>\r\nEXPERTIJ','',1,1,'2021-11-11 07:38:04','2022-07-21 07:27:08'),(22,'codalia.membership::mail.revoked','Radiation membre','Informs the user that they are no longer member.','Bonjour {{ \"#{first_name} #{last_name}\" }},\r\n\r\nNous vous avons radié de la liste des membres. Vous ne faites plus partie d’EXPERTIJ.<br>\r\nVous pouvez contacter le secrétariat général ou la présidence pour de plus amples informations\r\n\r\nCordialement,<br>\r\nEXPERTIJ','',1,1,'2021-11-11 07:38:04','2022-07-21 07:28:57'),(23,'codalia.membership::mail.cheque_payment','Envoi d’un règlement par chèque','Informs the member regarding the cheque payment process.','Bonjour {{ \"#{first_name} #{last_name}\" }},\r\n\r\nVous avez choisi de régler votre cotisation par chèque. Merci d’envoyer le chèque libellé à l’ordre d’Expertij au trésorier :<br/>\r\nMme Isabelle DAMAY<br/>\r\n13 rue des Glycines<br/>\r\n92300 ANTONY\r\n\r\nCordialement,\r\nEXPERTIJ','',1,1,'2021-11-11 07:38:04','2022-07-21 05:14:56'),(24,'codalia.membership::mail.alert_cheque_payment','Envoi d’un règlement par chèque','Informs the administrator regarding the cheque payment process.','Cher administrateur,\r\n\r\n{{ \"#{first_name} #{last_name}\" }} a choisi de régler sa cotisation d’un montant de {{ subscription_fee }} euros par chèque.\r\n\r\nCordialement,<br/>\r\nEXPERTIJ','',1,1,'2021-11-11 07:38:04','2022-07-21 05:16:49'),(25,'codalia.membership::mail.payment_completed','Règlement reçu','Informs the member that their payment is completed.','Bonjour {{ \"#{first_name} #{last_name}\" }},\r\n\r\nVotre règlement d’un montant de {{ amount }} euros en paiement de votre {{ item_name }} par {{ payment_mode }} est confirmé.\r\nVeuillez trouver le justificatif en pièce jointe.\r\nVotre attestation d’assurance est accessible dans votre espace personnel.\r\n\r\n\r\nCordialement,\r\nEXPERTIJ','',1,1,'2021-11-11 07:38:04','2023-02-17 10:50:17'),(26,'codalia.membership::mail.payment_completed_admin','Règlement reçu','Informs the administrators that a member payment is completed.','Bonjour,\r\n\r\n{{ \"#{first_name} #{last_name}\" }} a réglé un montant de {{ amount }} euros pour : {{ item_name }} par : {{ payment_mode }}. \r\nLe justificatif lui a été envoyé.\r\n\r\nCordialement,<br>\r\nEXPERTIJ','',1,1,'2021-11-11 07:38:04','2023-02-17 10:53:12'),(27,'codalia.membership::mail.free_period_validated','Validation période de gratuité','Informs the member that they have validated the free period privilege.','Bonjour {{ \"#{first_name} #{last_name}\" }},\r\n<br /><br />\r\nLa période pendant laquelle vous étiez membre d’Expertij gratuitement est écoulée. Votre cotisation couvre l’année à venir.\r\n<br /><br />\r\n\r\n\r\nCordialement,<br>\r\nEXPERTIJ','',1,1,'2021-11-11 07:38:04','2023-02-17 15:24:50'),(28,'codalia.membership::mail.free_period_validated_admin','Validation période de gratuité','Informs the administrators that a member has validated their free period privilege.','Bonjour,\r\n\r\nLa période de gratuité de l’adhésion de {{ \"#{first_name} #{last_name}\" }} vient de se terminer.\r\n<br />\r\nLa cotisation versée couvre l’année à venir.\r\n<br /><br />\r\n\r\n\r\nCordialement,<br>\r\nEXPERTIJ','',1,1,'2021-11-11 07:38:04','2023-02-17 15:26:33'),(29,'codalia.membership::mail.payment_error','Erreur de paiement','Informs the member that their payment has failed.','Bonjour {{ \"#{first_name} #{last_name}\" }},\r\n\r\nVotre règlement d’un montant de {{ amount }} euros en paiement de {{ item_name }} par {{ payment_mode }} n’a pas abouti.<br>\r\nMerci de contacter le trésorier.\r\n\r\n\r\nCordialement,<br>\r\nEXPERTIJ','',1,1,'2021-11-11 07:38:04','2022-07-21 05:58:53'),(30,'codalia.membership::mail.payment_error_admin','Erreur de paiement','Informs the administrators that a member payment has failed.','Bonjour,\r\n\r\nLe règlement de {{ \"#{first_name} #{last_name}\" }} par {{ payment_mode }} d’un montant de {{ amount }} pour {{ item }} a échoué.\r\n<br>Il lui a été demandé de contacter le trésorier.\r\n\r\nCordialement,<br>\r\nEXPERTIJ','',1,1,'2021-11-11 07:38:04','2023-02-17 10:54:05'),(31,'codalia.membership::mail.payment_cancelled','Annulation de paiement','Informs the member that their payment has been cancelled.','Bonjour {{ \"#{first_name} #{last_name}\" }},\r\n\r\nVotre règlement d’un montant de {{ amount }} euros pour {{ item }} par {{ payment_mode }} a été annulé.<br>En cas de règlement par chèque, celui-ci vous sera retourné.\r\n\r\nCordialement,<br>\r\nEXPERTIJ','',1,1,'2021-11-11 07:38:04','2022-07-21 06:02:20'),(32,'codalia.membership::mail.payment_cancelled_admin','Annulation de paiement','Informs the administrators that a member payment has been cancelled.','Bonjour,\r\n\r\nLe règlement de {{ \"#{first_name} #{last_name}\" }} d’un montant de {{ amount }} euros pour {{ item }} par {{ payment_mode }} a été annulé.<br>\r\nIl faut penser, le cas échéant, à retourner le chèque.\r\n\r\nCordialement,<br>\r\nEXPERTIJ','',1,1,'2021-11-11 07:38:04','2023-02-17 10:55:01'),(33,'backend::mail.invite',NULL,'Invite new admin to the site',NULL,NULL,2,0,'2021-11-11 07:38:04','2021-11-11 07:38:04'),(34,'backend::mail.restore',NULL,'Reset an admin password',NULL,NULL,2,0,'2021-11-11 07:38:04','2021-11-11 07:38:04'),(35,'codalia.membership::mail.cheque_payment_subscription','Envoi d’un règlement de cotisation par chèque','Informs the member/candidate regarding the payment process of the subscription cheque.','Bonjour {{ \"#{first_name} #{last_name}\" }},\r\n\r\nVous avez choisi de régler votre cotisation par chèque pour un montant de {{ subscription_fee }} euros. Merci d’envoyer le chèque libellé à l’ordre d’Expertij au trésorier :<br/>\r\nMme Isabelle DAMAY<br/>\r\n13 rue des Glycines<br/>\r\n92300 ANTONY','',1,1,'2022-08-01 05:02:16','2022-08-01 05:18:39'),(36,'codalia.membership::mail.cheque_payment_insurance','Envoi d’un règlement d\'assurance par chèque','Informs the member/candidate regarding the payment process of the insurance cheque.','Bonjour {{ \"#{first_name} #{last_name}\" }},\r\n\r\nVous avez choisi de régler votre assurance {{ insurance_formula }} d\'un montant de {{ insurance_fee }} euros par chèque. Merci d’envoyer le chèque libellé à l’ordre d’Expertij au trésorier :<br/>\r\nMme Isabelle DAMAY<br/>\r\n13 rue des Glycines<br/>\r\n92300 ANTONY','',1,1,'2022-08-01 05:02:16','2022-08-02 12:50:47'),(37,'codalia.membership::mail.cheque_payment_subscription_insurance','Envoi d’un règlement de cotisation et d\'assurance par chèque','Informs the member regarding the payment process of the subscription and insurance cheques.','Bonjour {{ \"#{first_name} #{last_name}\" }},\r\n\r\nVous avez choisi de régler votre cotisation et votre assurance {{ insurance_formula }} d\'un montant de {{ subscription_fee }} euros + {{ insurance_fee }} euros par chèque. Merci d’envoyer le chèque libellé à l’ordre d’Expertij au trésorier :<br/>\r\nMme Isabelle DAMAY<br/>\r\n13 rue des Glycines<br/>\r\n92300 ANTONY','',1,1,'2022-08-01 05:02:16','2022-08-04 05:14:29'),(38,'codalia.membership::mail.alert_cheque_payment_subscription','Envoi d’un règlement de cotisation par chèque','Informs the administrator regarding the subscription cheque payment process.','Cher administrateur,\r\n\r\n{{ \"#{first_name} #{last_name}\" }} a choisi de régler sa cotisation d’un montant de {{ subscription_fee }} euros par chèque.\r\n\r\nCordialement,<br/>\r\nEXPERTIJ','',1,1,'2022-08-01 05:02:16','2022-08-01 05:20:26'),(39,'codalia.membership::mail.alert_cheque_payment_insurance','Envoi d’un règlement d\'assurance par chèque','Informs the administrator regarding the insurance cheque payment process.','Cher administrateur,\r\n\r\n{{ \"#{first_name} #{last_name}\" }} a choisi de régler son assurance {{ insurance_formula }} d’un montant de {{ insurance_fee }} euros par chèque.\r\n\r\nCordialement,<br/>\r\nEXPERTIJ','',1,1,'2022-08-01 05:02:16','2022-08-01 05:20:56'),(40,'codalia.membership::mail.alert_cheque_payment_subscription_insurance','Envoi d’un règlement de cotisation et d\'assurance par chèque','Informs the administrator regarding the subscription and insurance cheques payment process.','Cher administrateur,\r\n\r\n{{ \"#{first_name} #{last_name}\" }} a choisi de régler sa cotisation et son assurance {{ insurance_formula }} d’un montant de {{ subscription_fee }} euros + {{ insurance_fee }} euros par chèque.\r\n\r\nCordialement,<br/>\r\nEXPERTIJ','',1,1,'2022-08-01 05:02:16','2022-08-01 05:19:54'),(41,'abwebdevelopers.forms::mail.autoreply',NULL,'ABWebDevelopers Form Automatic reply for form submissions (requires email field as recipient)',NULL,NULL,1,0,'2023-06-22 10:42:12','2023-06-22 10:42:12'),(42,'abwebdevelopers.forms::mail.notification',NULL,NULL,NULL,NULL,1,0,'2023-06-22 10:42:12','2023-06-22 10:42:12');

--
-- Table structure for table `system_parameters`
--

CREATE TABLE `system_parameters` (
  `id` int unsigned NOT NULL AUTO_INCREMENT,
  `namespace` varchar(100) CHARACTER SET utf8mb4 COLLATE utf8mb4_unicode_ci NOT NULL,
  `group` varchar(50) CHARACTER SET utf8mb4 COLLATE utf8mb4_unicode_ci NOT NULL,
  `item` varchar(150) CHARACTER SET utf8mb4 COLLATE utf8mb4_unicode_ci NOT NULL,
  `value` text CHARACTER SET utf8mb4 COLLATE utf8mb4_unicode_ci,
  PRIMARY KEY (`id`),
  KEY `item_index` (`namespace`,`group`,`item`)
) ENGINE=InnoDB AUTO_INCREMENT=6 DEFAULT CHARSET=utf8mb4 COLLATE=utf8mb4_unicode_ci;

--
-- Dumping data for table `system_parameters`
--

INSERT INTO `system_parameters` VALUES (1,'system','update','count','0'),(2,'system','update','retry','1687883537'),(3,'system','core','build','\"1.1.6\"'),(4,'system','core','modified','0'),(5,'cms','theme','active','\"codalia\"');

--
-- Table structure for table `system_plugin_history`
--

CREATE TABLE `system_plugin_history` (
  `id` int unsigned NOT NULL AUTO_INCREMENT,
  `code` varchar(191) CHARACTER SET utf8mb4 COLLATE utf8mb4_unicode_ci NOT NULL,
  `type` varchar(20) CHARACTER SET utf8mb4 COLLATE utf8mb4_unicode_ci NOT NULL,
  `version` varchar(50) CHARACTER SET utf8mb4 COLLATE utf8mb4_unicode_ci NOT NULL,
  `detail` text CHARACTER SET utf8mb4 COLLATE utf8mb4_unicode_ci,
  `created_at` timestamp NULL DEFAULT NULL,
  PRIMARY KEY (`id`),
  KEY `system_plugin_history_code_index` (`code`),
  KEY `system_plugin_history_type_index` (`type`)
) ENGINE=InnoDB AUTO_INCREMENT=271 DEFAULT CHARSET=utf8mb4 COLLATE=utf8mb4_unicode_ci;

--
-- Dumping data for table `system_plugin_history`
--

INSERT INTO `system_plugin_history` VALUES (1,'Winter.Demo','comment','1.0.1','First version of Demo','2021-11-10 14:27:29'),(2,'Winter.User','script','1.0.1','v1.0.1/create_users_table.php','2021-11-11 06:37:24'),(3,'Winter.User','script','1.0.1','v1.0.1/create_throttle_table.php','2021-11-11 06:37:24'),(4,'Winter.User','comment','1.0.1','Initialize plugin.','2021-11-11 06:37:24'),(5,'Winter.User','comment','1.0.2','Seed tables.','2021-11-11 06:37:24'),(6,'Winter.User','comment','1.0.3','Translated hard-coded text to language strings.','2021-11-11 06:37:24'),(7,'Winter.User','comment','1.0.4','Improvements to user-interface for Location manager.','2021-11-11 06:37:24'),(8,'Winter.User','comment','1.0.5','Added contact details for users.','2021-11-11 06:37:24'),(9,'Winter.User','script','1.0.6','v1.0.6/create_mail_blockers_table.php','2021-11-11 06:37:24'),(10,'Winter.User','comment','1.0.6','Added Mail Blocker utility so users can block specific mail templates.','2021-11-11 06:37:24'),(11,'Winter.User','comment','1.0.7','Add back-end Settings page.','2021-11-11 06:37:24'),(12,'Winter.User','comment','1.0.8','Updated the Settings page.','2021-11-11 06:37:24'),(13,'Winter.User','comment','1.0.9','Adds new welcome mail message for users and administrators.','2021-11-11 06:37:24'),(14,'Winter.User','comment','1.0.10','Adds administrator-only activation mode.','2021-11-11 06:37:24'),(15,'Winter.User','script','1.0.11','v1.0.11/users_add_login_column.php','2021-11-11 06:37:24'),(16,'Winter.User','comment','1.0.11','Users now have an optional login field that defaults to the email field.','2021-11-11 06:37:24'),(17,'Winter.User','script','1.0.12','v1.0.12/users_rename_login_to_username.php','2021-11-11 06:37:24'),(18,'Winter.User','comment','1.0.12','Create a dedicated setting for choosing the login mode.','2021-11-11 06:37:24'),(19,'Winter.User','comment','1.0.13','Minor fix to the Account sign in logic.','2021-11-11 06:37:24'),(20,'Winter.User','comment','1.0.14','Minor improvements to the code.','2021-11-11 06:37:24'),(21,'Winter.User','script','1.0.15','v1.0.15/users_add_surname.php','2021-11-11 06:37:24'),(22,'Winter.User','comment','1.0.15','Adds last name column to users table (surname).','2021-11-11 06:37:24'),(23,'Winter.User','comment','1.0.16','Require permissions for settings page too.','2021-11-11 06:37:24'),(24,'Winter.User','comment','1.1.0','!!! Profile fields and Locations have been removed.','2021-11-11 06:37:24'),(25,'Winter.User','script','1.1.1','v1.1.1/create_user_groups_table.php','2021-11-11 06:37:24'),(26,'Winter.User','script','1.1.1','v1.1.1/seed_user_groups_table.php','2021-11-11 06:37:24'),(27,'Winter.User','comment','1.1.1','Users can now be added to groups.','2021-11-11 06:37:24'),(28,'Winter.User','comment','1.1.2','A raw URL can now be passed as the redirect property in the Account component.','2021-11-11 06:37:24'),(29,'Winter.User','comment','1.1.3','Adds a super user flag to the users table, reserved for future use.','2021-11-11 06:37:24'),(30,'Winter.User','comment','1.1.4','User list can be filtered by the group they belong to.','2021-11-11 06:37:24'),(31,'Winter.User','comment','1.1.5','Adds a new permission to hide the User settings menu item.','2021-11-11 06:37:24'),(32,'Winter.User','script','1.2.0','v1.2.0/users_add_deleted_at.php','2021-11-11 06:37:24'),(33,'Winter.User','comment','1.2.0','Users can now deactivate their own accounts.','2021-11-11 06:37:24'),(34,'Winter.User','comment','1.2.1','New feature for checking if a user is recently active/online.','2021-11-11 06:37:24'),(35,'Winter.User','comment','1.2.2','Add bulk action button to user list.','2021-11-11 06:37:24'),(36,'Winter.User','comment','1.2.3','Included some descriptive paragraphs in the Reset Password component markup.','2021-11-11 06:37:24'),(37,'Winter.User','comment','1.2.4','Added a checkbox for blocking all mail sent to the user.','2021-11-11 06:37:24'),(38,'Winter.User','script','1.2.5','v1.2.5/update_timestamp_nullable.php','2021-11-11 06:37:24'),(39,'Winter.User','comment','1.2.5','Database maintenance. Updated all timestamp columns to be nullable.','2021-11-11 06:37:24'),(40,'Winter.User','script','1.2.6','v1.2.6/users_add_last_seen.php','2021-11-11 06:37:24'),(41,'Winter.User','comment','1.2.6','Add a dedicated last seen column for users.','2021-11-11 06:37:24'),(42,'Winter.User','comment','1.2.7','Minor fix to user timestamp attributes.','2021-11-11 06:37:24'),(43,'Winter.User','comment','1.2.8','Add date range filter to users list. Introduced a logout event.','2021-11-11 06:37:24'),(44,'Winter.User','comment','1.2.9','Add invitation mail for new accounts created in the back-end.','2021-11-11 06:37:24'),(45,'Winter.User','script','1.3.0','v1.3.0/users_add_guest_flag.php','2021-11-11 06:37:24'),(46,'Winter.User','script','1.3.0','v1.3.0/users_add_superuser_flag.php','2021-11-11 06:37:24'),(47,'Winter.User','comment','1.3.0','Introduced guest user accounts.','2021-11-11 06:37:24'),(48,'Winter.User','comment','1.3.1','User notification variables can now be extended.','2021-11-11 06:37:24'),(49,'Winter.User','comment','1.3.2','Minor fix to the Auth::register method.','2021-11-11 06:37:24'),(50,'Winter.User','comment','1.3.3','Allow prevention of concurrent user sessions via the user settings.','2021-11-11 06:37:24'),(51,'Winter.User','comment','1.3.4','Added force secure protocol property to the account component.','2021-11-11 06:37:24'),(52,'Winter.User','comment','1.4.0','!!! The Notifications tab in User settings has been removed.','2021-11-11 06:37:24'),(53,'Winter.User','comment','1.4.1','Added support for user impersonation.','2021-11-11 06:37:24'),(54,'Winter.User','comment','1.4.2','Fixes security bug in Password Reset component.','2021-11-11 06:37:24'),(55,'Winter.User','comment','1.4.3','Fixes session handling for AJAX requests.','2021-11-11 06:37:24'),(56,'Winter.User','comment','1.4.4','Fixes bug where impersonation touches the last seen timestamp.','2021-11-11 06:37:24'),(57,'Winter.User','comment','1.4.5','Added token fallback process to Account / Reset Password components when parameter is missing.','2021-11-11 06:37:24'),(58,'Winter.User','comment','1.4.6','Fixes Auth::register method signature mismatch with core Winter CMS Auth library','2021-11-11 06:37:24'),(59,'Winter.User','comment','1.4.7','Fixes redirect bug in Account component / Update translations and separate user and group management.','2021-11-11 06:37:24'),(60,'Winter.User','comment','1.4.8','Fixes a bug where calling MailBlocker::removeBlock could remove all mail blocks for the user.','2021-11-11 06:37:24'),(61,'Winter.User','comment','1.5.0','!!! Required password length is now a minimum of 8 characters. Previous passwords will not be affected until the next password change.','2021-11-11 06:37:24'),(62,'Winter.User','script','1.5.1','v1.5.1/users_add_ip_address.php','2021-11-11 06:37:24'),(63,'Winter.User','comment','1.5.1','User IP addresses are now logged. Introduce registration throttle.','2021-11-11 06:37:24'),(64,'Winter.User','comment','1.5.2','Whitespace from usernames is now trimmed, allowed for username to be added to Reset Password mail templates.','2021-11-11 06:37:24'),(65,'Winter.User','comment','1.5.3','Fixes a bug in the user update functionality if password is not changed. Added highlighting for banned users in user list.','2021-11-11 06:37:24'),(66,'Winter.User','comment','1.5.4','Multiple translation improvements. Added view events to extend user preview and user listing toolbars.','2021-11-11 06:37:24'),(67,'Winter.User','script','2.0.0','v2.0.0/rename_tables.php','2021-11-11 06:37:24'),(68,'Winter.User','comment','2.0.0','Rebrand to Winter.User','2021-11-11 06:37:24'),(69,'Winter.User','comment','2.0.0','Update Russian language','2021-11-11 06:37:24'),(70,'Renatio.DynamicPDF','script','1.0.1','create_pdf_layouts_table.php','2021-11-11 06:39:28'),(71,'Renatio.DynamicPDF','script','1.0.1','create_pdf_templates_table.php','2021-11-11 06:39:28'),(72,'Renatio.DynamicPDF','comment','1.0.1','Initialize plugin.','2021-11-11 06:39:28'),(73,'Renatio.DynamicPDF','comment','1.0.2','Minor changes.','2021-11-11 06:39:28'),(74,'Renatio.DynamicPDF','comment','1.1.0','Important update.','2021-11-11 06:39:28'),(75,'Renatio.DynamicPDF','comment','1.1.1','Use Twig::parse() facade. Only update for October build 300 and above.','2021-11-11 06:39:28'),(76,'Renatio.DynamicPDF','comment','1.1.2','Minor changes.','2021-11-11 06:39:28'),(77,'Renatio.DynamicPDF','comment','1.1.3','Add stream parameters and Czech locale. Thanks to @vojtasvoboda.','2021-11-11 06:39:28'),(78,'Renatio.DynamicPDF','comment','1.1.4','Add Spanish and Spanish-Argentina locale. Thanks to @kocholes.','2021-11-11 06:39:28'),(79,'Renatio.DynamicPDF','comment','1.1.5','UI improvements. Thanks to @kocholes.','2021-11-11 06:39:28'),(80,'Renatio.DynamicPDF','comment','2.0.0','This is an important update that contains breaking changes.','2021-11-11 06:39:28'),(81,'Renatio.DynamicPDF','comment','2.0.1','Add preview HTML buttons.','2021-11-11 06:39:28'),(82,'Renatio.DynamicPDF','comment','2.1.0','This is an important update that contains breaking changes.','2021-11-11 06:39:28'),(83,'Renatio.DynamicPDF','comment','2.1.1','Upgrade to DOMPDF 0.7.','2021-11-11 06:39:28'),(84,'Renatio.DynamicPDF','comment','2.1.2','Database maintenance. Updated all timestamp columns to be nullable.','2021-11-11 06:39:28'),(85,'Renatio.DynamicPDF','comment','2.1.3','Upgrade to DOMPDF 0.8.','2021-11-11 06:39:28'),(86,'Renatio.DynamicPDF','comment','2.1.4','German language. Thanks to @TimFoerster.','2021-11-11 06:39:28'),(87,'Renatio.DynamicPDF','comment','2.1.5','Fix open_basedir restriction on some hostings. Set isRemoteEnabled flag to allow absolute paths.','2021-11-11 06:39:28'),(88,'Renatio.DynamicPDF','comment','2.1.6','Allow Laravel 5.5.','2021-11-11 06:39:28'),(89,'Renatio.DynamicPDF','comment','3.0.0','Add support for Laravel 5.5.','2021-11-11 06:39:28'),(90,'Renatio.DynamicPDF','comment','3.0.1','Add support for RainLab.Translate plugin.','2021-11-11 06:39:28'),(91,'Renatio.DynamicPDF','comment','3.0.2','Fix creating fonts directory.','2021-11-11 06:39:28'),(92,'Renatio.DynamicPDF','comment','3.0.3','Allow to use CMS partials and filters.','2021-11-11 06:39:28'),(93,'Renatio.DynamicPDF','script','3.0.4','add_paper_configuration_to_templates_table.php','2021-11-11 06:39:28'),(94,'Renatio.DynamicPDF','comment','3.0.4','Add paper size and orientation configuration.','2021-11-11 06:39:28'),(95,'Renatio.DynamicPDF','comment','3.0.5','Support LESS in PDF layouts.','2021-11-11 06:39:28'),(96,'Renatio.DynamicPDF','comment','4.0.0','Require PHP 7.1. Please see upgrade guide before update.','2021-11-11 06:39:28'),(97,'Renatio.DynamicPDF','comment','4.0.1','Fix error when active theme is not set.','2021-11-11 06:39:28'),(98,'Renatio.DynamicPDF','script','4.0.2','add_is_custom_to_templates_table.php','2021-11-11 06:39:28'),(99,'Renatio.DynamicPDF','script','4.0.2','add_is_locked_to_layouts_table.php','2021-11-11 06:39:28'),(100,'Renatio.DynamicPDF','comment','4.0.2','Allow to register mail templates and layouts.','2021-11-11 06:39:28'),(101,'Renatio.DynamicPDF','script','4.0.3','fix_custom_templates_error.php','2021-11-11 06:39:28'),(102,'Renatio.DynamicPDF','comment','4.0.3','Fix custom templates error.','2021-11-11 06:39:28'),(103,'Renatio.DynamicPDF','comment','4.0.4','Fix composer installation.','2021-11-11 06:39:28'),(104,'Renatio.DynamicPDF','comment','4.0.5','Fix custom template error.','2021-11-11 06:39:28'),(105,'Renatio.DynamicPDF','comment','4.0.6','Allow to reset view template to default.','2021-11-11 06:39:28'),(106,'Renatio.DynamicPDF','comment','4.0.7','Add Polish translation.','2021-11-11 06:39:29'),(107,'Renatio.DynamicPDF','comment','4.0.8','Allow to set dompdf option with dynamic method.','2021-11-11 06:39:29'),(108,'Renatio.DynamicPDF','comment','5.0.1','Support October v2.0 and upgrade to DOMPDF 1.0.','2021-11-11 06:39:29'),(109,'Codalia.Membership','comment','1.0.1','First version of Membership','2021-11-11 06:45:05'),(110,'Codalia.Membership','script','1.0.2','create_members_table.php','2021-11-11 06:45:05'),(111,'Codalia.Membership','script','1.0.2','create_categories_table.php','2021-11-11 06:45:05'),(112,'Codalia.Membership','script','1.0.2','create_documents_table.php','2021-11-11 06:45:06'),(113,'Codalia.Membership','comment','1.0.2','Created members table','2021-11-11 06:45:06'),(114,'Codalia.Membership','comment','1.0.2','Created categories table','2021-11-11 06:45:06'),(115,'Codalia.Membership','comment','1.0.2','Created documents table','2021-11-11 06:45:06'),(116,'Codalia.Membership','script','1.0.3','create_votes_table.php','2021-11-11 06:45:06'),(117,'Codalia.Membership','script','1.0.3','create_payments_table.php','2021-11-11 06:45:06'),(118,'Codalia.Membership','comment','1.0.3','Created votes table','2021-11-11 06:45:06'),(119,'Codalia.Membership','comment','1.0.3','Created payments table','2021-11-11 06:45:06'),(120,'Codalia.Membership','script','1.0.4','create_insurances_table.php','2021-11-11 06:45:06'),(121,'Codalia.Membership','comment','1.0.4','Created insurance table','2021-11-11 06:45:06'),(122,'Codalia.Membership','script','1.0.5','create_cat_documents_table.php','2021-11-11 06:45:06'),(123,'Codalia.Membership','comment','1.0.5','Created cat_documents table','2021-11-11 06:45:06'),(124,'Codalia.Membership','script','1.0.6','update_documents_table.php','2021-11-11 06:45:06'),(125,'Codalia.Membership','comment','1.0.6','Updated documents table','2021-11-11 06:45:06'),(126,'Codalia.Profile','comment','1.0.1','First version of Profile','2021-11-11 06:45:06'),(127,'Codalia.Profile','script','1.0.2','create_profiles_table.php','2021-11-11 06:45:06'),(128,'Codalia.Profile','comment','1.0.2','Created profiles table','2021-11-11 06:45:06'),(129,'Codalia.Profile','script','1.0.3','update_profiles_table.php','2021-11-11 06:45:06'),(130,'Codalia.Profile','comment','1.0.3','Updated profiles table','2021-11-11 06:45:06'),(131,'Codalia.Profile','script','1.0.4','create_appeal_court_list_table.php','2021-11-11 06:45:06'),(132,'Codalia.Profile','script','1.0.4','create_country_list_table.php','2021-11-11 06:45:06'),(133,'Codalia.Profile','script','1.0.4','create_language_list_table.php','2021-11-11 06:45:06'),(134,'Codalia.Profile','script','1.0.4','seed_list_tables.php','2021-11-11 06:45:08'),(135,'Codalia.Profile','comment','1.0.4','Created appeal court table','2021-11-11 06:45:08'),(136,'Codalia.Profile','comment','1.0.4','Created country table','2021-11-11 06:45:08'),(137,'Codalia.Profile','comment','1.0.4','Created language table','2021-11-11 06:45:08'),(138,'Codalia.Profile','comment','1.0.4','Seeded list tables','2021-11-11 06:45:08'),(139,'Codalia.Profile','script','1.0.5','create_licences_table.php','2021-11-11 06:45:08'),(140,'Codalia.Profile','script','1.0.5','create_languages_table.php','2021-11-11 06:45:08'),(141,'Codalia.Profile','comment','1.0.5','Created licences table','2021-11-11 06:45:08'),(142,'Codalia.Profile','comment','1.0.5','Created languages table','2021-11-11 06:45:08'),(143,'Codalia.Profile','script','1.0.6','create_attestations_table.php','2021-11-11 06:45:08'),(144,'Codalia.Profile','comment','1.0.6','Created attestations table','2021-11-11 06:45:08'),(145,'Codalia.Profile','script','1.0.7','create_court_list_table.php','2021-11-11 06:45:08'),(146,'Codalia.Profile','script','1.0.7','seed_court_table.php','2021-11-11 06:45:09'),(147,'Codalia.Profile','comment','1.0.7','Created court table','2021-11-11 06:45:09'),(148,'Codalia.Profile','comment','1.0.7','Seeded court tables','2021-11-11 06:45:09'),(149,'Winter.Blog','script','1.0.1','v1.0.1/create_posts_table.php','2022-05-20 12:24:31'),(150,'Winter.Blog','script','1.0.1','v1.0.1/create_categories_table.php','2022-05-20 12:24:31'),(151,'Winter.Blog','script','1.0.1','v1.0.1/seed_all_tables.php','2022-05-20 12:24:31'),(152,'Winter.Blog','comment','1.0.1','Initialize plugin.','2022-05-20 12:24:31'),(153,'Winter.Blog','comment','1.0.2','Added the processed HTML content column to the posts table.','2022-05-20 12:24:31'),(154,'Winter.Blog','comment','1.0.3','Category component has been merged with Posts component.','2022-05-20 12:24:31'),(155,'Winter.Blog','comment','1.0.4','Improvements to the Posts list management UI.','2022-05-20 12:24:31'),(156,'Winter.Blog','comment','1.0.5','Removes the Author column from blog post list.','2022-05-20 12:24:31'),(157,'Winter.Blog','comment','1.0.6','Featured images now appear in the Post component.','2022-05-20 12:24:31'),(158,'Winter.Blog','comment','1.0.7','Added support for the Static Pages menus.','2022-05-20 12:24:31'),(159,'Winter.Blog','comment','1.0.8','Added total posts to category list.','2022-05-20 12:24:31'),(160,'Winter.Blog','comment','1.0.9','Added support for the Sitemap plugin.','2022-05-20 12:24:31'),(161,'Winter.Blog','comment','1.0.10','Added permission to prevent users from seeing posts they did not create.','2022-05-20 12:24:31'),(162,'Winter.Blog','comment','1.0.11','Deprecate \"idParam\" component property in favour of \"slug\" property.','2022-05-20 12:24:31'),(163,'Winter.Blog','comment','1.0.12','Fixes issue where images cannot be uploaded caused by latest Markdown library.','2022-05-20 12:24:31'),(164,'Winter.Blog','comment','1.0.13','Fixes problem with providing pages to Sitemap and Pages plugins.','2022-05-20 12:24:31'),(165,'Winter.Blog','comment','1.0.14','Add support for CSRF protection feature added to core.','2022-05-20 12:24:31'),(166,'Winter.Blog','comment','1.1.0','Replaced the Post editor with the new core Markdown editor.','2022-05-20 12:24:31'),(167,'Winter.Blog','comment','1.1.1','Posts can now be imported and exported.','2022-05-20 12:24:31'),(168,'Winter.Blog','comment','1.1.2','Posts are no longer visible if the published date has not passed.','2022-05-20 12:24:31'),(169,'Winter.Blog','comment','1.1.3','Added a New Post shortcut button to the blog menu.','2022-05-20 12:24:31'),(170,'Winter.Blog','script','1.2.0','v1.2.0/categories_add_nested_fields.php','2022-05-20 12:24:31'),(171,'Winter.Blog','comment','1.2.0','Categories now support nesting.','2022-05-20 12:24:31'),(172,'Winter.Blog','comment','1.2.1','Post slugs now must be unique.','2022-05-20 12:24:31'),(173,'Winter.Blog','comment','1.2.2','Fixes issue on new installs.','2022-05-20 12:24:31'),(174,'Winter.Blog','comment','1.2.3','Minor user interface update.','2022-05-20 12:24:31'),(175,'Winter.Blog','script','1.2.4','v1.2.4/update_timestamp_nullable.php','2022-05-20 12:24:31'),(176,'Winter.Blog','comment','1.2.4','Database maintenance. Updated all timestamp columns to be nullable.','2022-05-20 12:24:31'),(177,'Winter.Blog','comment','1.2.5','Added translation support for blog posts.','2022-05-20 12:24:32'),(178,'Winter.Blog','comment','1.2.6','The published field can now supply a time with the date.','2022-05-20 12:24:32'),(179,'Winter.Blog','comment','1.2.7','Introduced a new RSS feed component.','2022-05-20 12:24:32'),(180,'Winter.Blog','comment','1.2.8','Fixes issue with translated `content_html` attribute on blog posts.','2022-05-20 12:24:32'),(181,'Winter.Blog','comment','1.2.9','Added translation support for blog categories.','2022-05-20 12:24:32'),(182,'Winter.Blog','comment','1.2.10','Added translation support for post slugs.','2022-05-20 12:24:32'),(183,'Winter.Blog','comment','1.2.11','Fixes bug where excerpt is not translated.','2022-05-20 12:24:32'),(184,'Winter.Blog','comment','1.2.12','Description field added to category form.','2022-05-20 12:24:32'),(185,'Winter.Blog','comment','1.2.13','Improved support for Static Pages menus, added a blog post and all blog posts.','2022-05-20 12:24:32'),(186,'Winter.Blog','comment','1.2.14','Added post exception property to the post list component, useful for showing related posts.','2022-05-20 12:24:32'),(187,'Winter.Blog','comment','1.2.15','Back-end navigation sort order updated.','2022-05-20 12:24:32'),(188,'Winter.Blog','comment','1.2.16','Added `nextPost` and `previousPost` to the blog post component.','2022-05-20 12:24:32'),(189,'Winter.Blog','comment','1.2.17','Improved the next and previous logic to sort by the published date.','2022-05-20 12:24:32'),(190,'Winter.Blog','comment','1.2.18','Minor change to internals.','2022-05-20 12:24:32'),(191,'Winter.Blog','comment','1.2.19','Improved support for Build 420+','2022-05-20 12:24:32'),(192,'Winter.Blog','script','1.3.0','v1.3.0/posts_add_metadata.php','2022-05-20 12:24:32'),(193,'Winter.Blog','comment','1.3.0','Added metadata column for plugins to store data in','2022-05-20 12:24:32'),(194,'Winter.Blog','comment','1.3.1','Fixed metadata column not being jsonable','2022-05-20 12:24:32'),(195,'Winter.Blog','comment','1.3.2','Allow custom slug name for components, add 404 handling for missing blog posts, allow exporting of blog images.','2022-05-20 12:24:32'),(196,'Winter.Blog','comment','1.3.3','Fixed \'excluded categories\' filter from being run when value is empty.','2022-05-20 12:24:32'),(197,'Winter.Blog','comment','1.3.4','Allow post author to be specified. Improved translations.','2022-05-20 12:24:32'),(198,'Winter.Blog','comment','1.3.5','Fixed missing user info from breaking initial seeder in migrations. Fixed a PostgreSQL issue with blog exports.','2022-05-20 12:24:32'),(199,'Winter.Blog','comment','1.3.6','Improved French translations.','2022-05-20 12:24:32'),(200,'Winter.Blog','comment','1.4.0','Stability improvements. Rollback custom slug names for components','2022-05-20 12:24:32'),(201,'Winter.Blog','comment','1.4.1','Fixes potential security issue with unsafe Markdown. Allow blog bylines to be translated.','2022-05-20 12:24:32'),(202,'Winter.Blog','comment','1.4.2','Fix 404 redirects for missing blog posts. Assign current category to the listed posts when using the Posts component on a page with the category parameter available.','2022-05-20 12:24:32'),(203,'Winter.Blog','comment','1.4.3','Fixes incompatibility with locale switching when plugin is used in conjunction with the Translate plugin. Fixes undefined category error.','2022-05-20 12:24:32'),(204,'Winter.Blog','comment','1.4.4','Rollback translated bylines, please move or override the default component markup instead.','2022-05-20 12:24:32'),(205,'Winter.Blog','comment','1.5.0','Implement support for October CMS v2.0','2022-05-20 12:24:32'),(206,'Winter.Blog','script','2.0.0','v2.0.0/rename_tables.php','2022-05-20 12:24:32'),(207,'Winter.Blog','comment','2.0.0','Rebrand to Winter.Blog','2022-05-20 12:24:32'),(208,'Winter.Blog','script','2.0.1','v2.0.1/rename_indexes.php','2022-05-20 12:24:32'),(209,'Winter.Blog','script','2.0.1','v2.0.1/fix_translate_records.php','2022-05-20 12:24:32'),(210,'Winter.Blog','comment','2.0.1','Rebrand table indexes','2022-05-20 12:24:32'),(211,'Winter.Blog','comment','2.0.1','Add migrations for translate plugin attributes and indexes tables','2022-05-20 12:24:32'),(212,'Winter.Blog','comment','2.0.2','Fixes js events incorrectly remapped to wn namespace.','2022-05-20 12:24:32'),(213,'Winter.GoogleAnalytics','comment','1.0.1','Initialize plugin','2022-05-20 12:24:32'),(214,'Winter.GoogleAnalytics','comment','1.0.2','Fixed a minor bug in the Top Pages widget','2022-05-20 12:24:32'),(215,'Winter.GoogleAnalytics','comment','1.0.3','Minor improvements to the code','2022-05-20 12:24:32'),(216,'Winter.GoogleAnalytics','comment','1.0.4','Fixes a bug where the certificate upload fails','2022-05-20 12:24:32'),(217,'Winter.GoogleAnalytics','comment','1.0.5','Minor fix to support the updated Google Analytics library','2022-05-20 12:24:32'),(218,'Winter.GoogleAnalytics','comment','1.0.6','Fixes dashboard widget using latest Google Analytics library','2022-05-20 12:24:32'),(219,'Winter.GoogleAnalytics','comment','1.0.7','Removes Client ID from settings because the workflow no longer needs it','2022-05-20 12:24:32'),(220,'Winter.GoogleAnalytics','comment','1.1.0','!!! Updated to the latest Google API library','2022-05-20 12:24:32'),(221,'Winter.GoogleAnalytics','comment','1.2.0','Update Guzzle library to version 6.0','2022-05-20 12:24:32'),(222,'Winter.GoogleAnalytics','comment','1.2.1','Update the plugin compatibility with RC8 Google API client','2022-05-20 12:24:32'),(223,'Winter.GoogleAnalytics','comment','1.2.2','Improve translations, bump version requirement to PHP 7','2022-05-20 12:24:32'),(224,'Winter.GoogleAnalytics','comment','1.2.3','Added a switch for forceSSL','2022-05-20 12:24:32'),(225,'Winter.GoogleAnalytics','comment','1.2.4','Added permission for dashboard widgets. Added Turkish, Spanish and Estonian translations.','2022-05-20 12:24:32'),(226,'Winter.GoogleAnalytics','comment','1.2.5','Fixed issues with PHP 7.4 compatibility.','2022-05-20 12:24:32'),(227,'Winter.GoogleAnalytics','comment','1.3.0','!!! Upgraded tracker code to Universal Analytics (gtag.js)','2022-05-20 12:24:32'),(228,'Winter.GoogleAnalytics','comment','1.3.1','!!! Package renamed to rainlab/googleanalytics-plugin','2022-05-20 12:24:32'),(229,'Winter.GoogleAnalytics','script','2.0.0','v2.0.0/convert_data.php','2022-05-20 12:24:32'),(230,'Winter.GoogleAnalytics','comment','2.0.0','Rebrand to Winter.GoogleAnalytics','2022-05-20 12:24:32'),(231,'Winter.Sitemap','comment','1.0.1','First version of Sitemap','2022-05-20 12:24:32'),(232,'Winter.Sitemap','script','1.0.2','v1.0.2/create_definitions_table.php','2022-05-20 12:24:32'),(233,'Winter.Sitemap','comment','1.0.2','Create definitions table','2022-05-20 12:24:32'),(234,'Winter.Sitemap','comment','1.0.3','Minor improvements to the code.','2022-05-20 12:24:32'),(235,'Winter.Sitemap','comment','1.0.4','Fixes issue where correct headers not being sent.','2022-05-20 12:24:32'),(236,'Winter.Sitemap','comment','1.0.5','Minor back-end styling fix.','2022-05-20 12:24:32'),(237,'Winter.Sitemap','comment','1.0.6','Minor fix to internal API.','2022-05-20 12:24:32'),(238,'Winter.Sitemap','comment','1.0.7','Added access premissions.','2022-05-20 12:24:33'),(239,'Winter.Sitemap','comment','1.0.8','Minor styling updates.','2022-05-20 12:24:33'),(240,'Winter.Sitemap','comment','1.0.9','Replaced the 500 error with 404 when no definition is found. Added Czech translation. Improved Turkish, Hungarian and Portuguese (Brazil) translations.','2022-05-20 12:24:33'),(241,'Winter.Sitemap','script','2.0.0','v2.0.0/rename_tables.php','2022-05-20 12:24:33'),(242,'Winter.Sitemap','comment','2.0.0','Rebrand to Winter.sitemap','2022-05-20 12:24:33'),(243,'ABWebDevelopers.Forms','script','1.0.1','initialise_database.php','2023-03-27 09:17:14'),(244,'ABWebDevelopers.Forms','comment','1.0.1','Initialize plugin.','2023-03-27 09:17:14'),(245,'ABWebDevelopers.Forms','comment','1.0.2','Stable release','2023-03-27 09:17:14'),(246,'ABWebDevelopers.Forms','comment','1.0.3','Events, more tests, more stable release','2023-03-27 09:17:14'),(247,'ABWebDevelopers.Forms','comment','1.0.4','Implement IP throttle','2023-03-27 09:17:14'),(248,'ABWebDevelopers.Forms','script','1.0.5','add_options_to_fields_table.php','2023-03-27 09:17:14'),(249,'ABWebDevelopers.Forms','comment','1.0.5','Add options field for select, radio and checkbox fields','2023-03-27 09:17:14'),(250,'ABWebDevelopers.Forms','comment','1.0.6','Add events for mailable instances when sending a notification and/or reply','2023-03-27 09:17:14'),(251,'ABWebDevelopers.Forms','comment','1.0.7','Fix missing values in the labels \"for\" attributes','2023-03-27 09:17:14'),(252,'ABWebDevelopers.Forms','script','1.1.0','add_default_show_description_and_attributes_to_fields_table.php','2023-03-27 09:17:14'),(253,'ABWebDevelopers.Forms','comment','1.1.0','Change templating engine from Twig to HtmlElement. Add more field types, show description in form flag, default value field, custom attributes area','2023-03-27 09:17:14'),(254,'ABWebDevelopers.Forms','script','1.1.1','migrate_options_to_new_repeater_system.php','2023-03-27 09:17:14'),(255,'ABWebDevelopers.Forms','comment','1.1.1','Migrate old v1.0.6 options','2023-03-27 09:17:14'),(256,'ABWebDevelopers.Forms','script','1.1.2','add_show_in_email_fields_to_fields_table.php','2023-03-27 09:17:14'),(257,'ABWebDevelopers.Forms','comment','1.1.2','Add option to show/hide fields in certain emails','2023-03-27 09:17:14'),(258,'ABWebDevelopers.Forms','comment','1.1.3','Fix error on submission view page','2023-03-27 09:17:14'),(259,'ABWebDevelopers.Forms','comment','1.2.0','Fix auto reply for non-required email field - now aborts without JSON error','2023-03-27 09:17:14'),(260,'ABWebDevelopers.Forms','script','1.2.1','remove_foreign_key_constraints.php','2023-03-27 09:17:14'),(261,'ABWebDevelopers.Forms','comment','1.2.1','Remove obsolete foreign key constraints for tables','2023-03-27 09:17:14'),(262,'ABWebDevelopers.Forms','comment','1.2.2','Add permissions to the plugin','2023-03-27 09:17:14'),(263,'ABWebDevelopers.Forms','comment','1.2.3','Add ordering for fields','2023-03-27 09:17:14'),(264,'ABWebDevelopers.Forms','comment','1.2.4','Update lang for successful ordering of fields','2023-03-27 09:17:15'),(265,'ABWebDevelopers.Forms','comment','1.2.5','Add support for HTML Attributes in TextArea field','2023-03-27 09:17:15'),(266,'ABWebDevelopers.Forms','script','1.2.6','add_replyto_to_forms_table.php','2023-03-27 09:17:15'),(267,'ABWebDevelopers.Forms','comment','1.2.6','Add notification reply-to fields','2023-03-27 09:17:15'),(268,'ABWebDevelopers.Forms','comment','1.2.7','Add German translation','2023-03-27 09:17:15'),(269,'ABWebDevelopers.Forms','comment','1.2.8','Include google recaptcha URL when needed','2023-03-27 09:17:15'),(270,'ABWebDevelopers.Forms','comment','1.3.0','Update custom form JS to use better jQuery dependency checker','2023-03-27 09:17:15');

--
-- Table structure for table `system_plugin_versions`
--

CREATE TABLE `system_plugin_versions` (
  `id` int unsigned NOT NULL AUTO_INCREMENT,
  `code` varchar(191) CHARACTER SET utf8mb4 COLLATE utf8mb4_unicode_ci NOT NULL,
  `version` varchar(50) CHARACTER SET utf8mb4 COLLATE utf8mb4_unicode_ci NOT NULL,
  `created_at` timestamp NULL DEFAULT NULL,
  `is_disabled` tinyint(1) NOT NULL DEFAULT '0',
  `is_frozen` tinyint(1) NOT NULL DEFAULT '0',
  PRIMARY KEY (`id`),
  KEY `system_plugin_versions_code_index` (`code`)
) ENGINE=InnoDB AUTO_INCREMENT=10 DEFAULT CHARSET=utf8mb4 COLLATE=utf8mb4_unicode_ci;

--
-- Dumping data for table `system_plugin_versions`
--

INSERT INTO `system_plugin_versions` VALUES (1,'Winter.Demo','1.0.1','2021-11-10 14:27:29',0,0),(2,'Winter.User','2.0.0','2021-11-11 06:37:24',0,0),(3,'Renatio.DynamicPDF','5.0.1','2021-11-11 06:39:29',0,0),(4,'Codalia.Membership','1.0.6','2021-11-11 06:45:06',0,0),(5,'Codalia.Profile','1.0.7','2021-11-11 06:45:09',0,0),(6,'Winter.Blog','2.0.2','2022-05-20 12:24:32',0,0),(7,'Winter.GoogleAnalytics','2.0.0','2022-05-20 12:24:32',0,0),(8,'Winter.Sitemap','2.0.0','2022-05-20 12:24:33',0,0),(9,'ABWebDevelopers.Forms','1.3.0','2023-03-27 09:17:15',0,0);

--
-- Table structure for table `system_request_logs`
--

CREATE TABLE `system_request_logs` (
  `id` int unsigned NOT NULL AUTO_INCREMENT,
  `status_code` int DEFAULT NULL,
  `url` varchar(191) CHARACTER SET utf8mb4 COLLATE utf8mb4_unicode_ci DEFAULT NULL,
  `referer` text CHARACTER SET utf8mb4 COLLATE utf8mb4_unicode_ci,
  `count` int NOT NULL DEFAULT '0',
  `created_at` timestamp NULL DEFAULT NULL,
  `updated_at` timestamp NULL DEFAULT NULL,
  PRIMARY KEY (`id`)
) ENGINE=InnoDB DEFAULT CHARSET=utf8mb4 COLLATE=utf8mb4_unicode_ci;

--
-- Dumping data for table `system_request_logs`
--


--
-- Table structure for table `system_revisions`
--

CREATE TABLE `system_revisions` (
  `id` int unsigned NOT NULL AUTO_INCREMENT,
  `user_id` int unsigned DEFAULT NULL,
  `field` varchar(191) CHARACTER SET utf8mb4 COLLATE utf8mb4_unicode_ci DEFAULT NULL,
  `cast` varchar(191) CHARACTER SET utf8mb4 COLLATE utf8mb4_unicode_ci DEFAULT NULL,
  `old_value` text CHARACTER SET utf8mb4 COLLATE utf8mb4_unicode_ci,
  `new_value` text CHARACTER SET utf8mb4 COLLATE utf8mb4_unicode_ci,
  `revisionable_type` varchar(191) CHARACTER SET utf8mb4 COLLATE utf8mb4_unicode_ci NOT NULL,
  `revisionable_id` int NOT NULL,
  `created_at` timestamp NULL DEFAULT NULL,
  `updated_at` timestamp NULL DEFAULT NULL,
  PRIMARY KEY (`id`),
  KEY `system_revisions_revisionable_id_revisionable_type_index` (`revisionable_id`,`revisionable_type`),
  KEY `system_revisions_user_id_index` (`user_id`),
  KEY `system_revisions_field_index` (`field`)
) ENGINE=InnoDB DEFAULT CHARSET=utf8mb4 COLLATE=utf8mb4_unicode_ci;

--
-- Dumping data for table `system_revisions`
--


--
-- Table structure for table `system_settings`
--

CREATE TABLE `system_settings` (
  `id` int unsigned NOT NULL AUTO_INCREMENT,
  `item` varchar(191) CHARACTER SET utf8mb4 COLLATE utf8mb4_unicode_ci DEFAULT NULL,
  `value` mediumtext CHARACTER SET utf8mb4 COLLATE utf8mb4_unicode_ci,
  PRIMARY KEY (`id`),
  KEY `system_settings_item_index` (`item`)
) ENGINE=InnoDB AUTO_INCREMENT=5 DEFAULT CHARSET=utf8mb4 COLLATE=utf8mb4_unicode_ci;

--
-- Dumping data for table `system_settings`
--

INSERT INTO `system_settings` VALUES (1,'codalia_membership_settings','{\"renewal_day\":\"01\",\"renewal_month\":\"01\",\"renewal_period\":\"30\",\"reminder_renewal\":\"-7\",\"free_period\":\"10\",\"subscription_fee\":\"70\",\"insurance_fee_f1\":\"36\",\"insurance_fee_f2\":\"45\",\"insurance_fee_f3\":\"80\",\"insurance_fee_f4\":\"54\",\"insurance_fee_f5\":\"75\",\"insurance_fee_f6\":\"110\",\"insurance_fee_f7\":\"90\",\"insurance_fee_f8\":\"120\",\"insurance_fee_f9\":\"190\",\"honorary_subscription_fee\":\"30\"}'),(2,'system_mail_settings','{\"send_mode\":\"mail\",\"sender_name\":\"EXPERTIJ\",\"sender_email\":\"admin@expertij.xyz\",\"sendmail_path\":\"\\/usr\\/sbin\\/sendmail -bs\",\"smtp_address\":\"smtp.mailgun.org\",\"smtp_port\":\"587\",\"smtp_user\":\"admin\",\"smtp_password\":\"i4fS$XB@b8SsoKy2\",\"smtp_authorization\":\"0\",\"smtp_encryption\":\"tls\",\"mailgun_domain\":\"\",\"mailgun_secret\":\"\",\"mandrill_secret\":\"\",\"ses_key\":\"\",\"ses_secret\":\"\",\"ses_region\":\"\",\"sparkpost_secret\":\"\"}'),(3,'user_settings','{\"require_activation\":\"1\",\"activate_mode\":\"auto\",\"use_throttle\":\"1\",\"block_persistence\":\"0\",\"allow_registration\":\"1\",\"login_attribute\":\"email\",\"remember_login\":\"always\",\"use_register_throttle\":\"0\"}'),(4,'backend_editor_settings','{\"html_allow_empty_tags\":\"textarea, a, iframe, object, video, style, script, .fa, .fr-emoticon, .fr-inner, path, line, hr, i\",\"html_allow_tags\":\"a, abbr, address, area, article, aside, audio, b, bdi, bdo, blockquote, br, button, canvas, caption, cite, code, col, colgroup, datalist, dd, del, details, dfn, dialog, div, dl, dt, em, embed, fieldset, figcaption, figure, footer, form, h1, h2, h3, h4, h5, h6, header, hgroup, hr, i, iframe, img, input, ins, kbd, keygen, label, legend, li, link, main, map, mark, menu, menuitem, meter, nav, noscript, object, ol, optgroup, option, output, p, param, pre, progress, queue, rp, rt, ruby, s, samp, script, style, section, select, small, source, span, strike, strong, sub, summary, sup, table, tbody, td, textarea, tfoot, th, thead, time, title, tr, track, u, ul, var, video, wbr\",\"html_allow_attributes\":\"accept, accept-charset, accesskey, action, align, allowfullscreen, allowtransparency, alt, aria-.*, async, autocomplete, autofocus, autoplay, autosave, background, bgcolor, border, charset, cellpadding, cellspacing, checked, cite, class, color, cols, colspan, content, contenteditable, contextmenu, controls, coords, data, data-.*, datetime, default, defer, dir, dirname, disabled, download, draggable, dropzone, enctype, for, form, formaction, frameborder, headers, height, hidden, high, href, hreflang, http-equiv, icon, id, ismap, itemprop, keytype, kind, label, lang, language, list, loop, low, max, maxlength, media, method, min, mozallowfullscreen, multiple, muted, name, novalidate, open, optimum, pattern, ping, placeholder, playsinline, poster, preload, pubdate, radiogroup, readonly, rel, required, reversed, rows, rowspan, sandbox, scope, scoped, scrolling, seamless, selected, shape, size, sizes, span, src, srcdoc, srclang, srcset, start, step, summary, spellcheck, style, tabindex, target, title, type, translate, usemap, value, valign, webkitallowfullscreen, width, wrap\",\"html_no_wrap_tags\":\"figure, script, style\",\"html_remove_tags\":\"script, style, base\",\"html_line_breaker_tags\":\"figure, table, hr, iframe, form, dl\",\"html_custom_styles\":\"\\/*\\r\\n * Text\\r\\n *\\/\\r\\n.wn-text-gray,\\r\\n.oc-text-gray {\\r\\n    color: #AAA !important;\\r\\n}\\r\\n.wn-text-bordered,\\r\\n.oc-text-bordered {\\r\\n    border-top: solid 1px #222;\\r\\n    border-bottom: solid 1px #222;\\r\\n    padding: 10px 0;\\r\\n}\\r\\n.wn-text-spaced,\\r\\n.oc-text-spaced {\\r\\n    letter-spacing: 1px;\\r\\n}\\r\\n.wn-text-uppercase,\\r\\n.oc-text-uppercase {\\r\\n    text-transform: uppercase;\\r\\n}\\r\\n\\r\\n\\/*\\r\\n * Links\\r\\n *\\/\\r\\na.wn-link-strong,\\r\\na.oc-link-strong {\\r\\n    font-weight: 700;\\r\\n}\\r\\na.wn-link-green,\\r\\na.oc-link-green {\\r\\n    color: green;\\r\\n}\\r\\n\\r\\n\\/*\\r\\n * Table\\r\\n *\\/\\r\\ntable.wn-dashed-borders td,\\r\\ntable.wn-dashed-borders th\\r\\ntable.oc-dashed-borders td,\\r\\ntable.oc-dashed-borders th {\\r\\n    border-style: dashed;\\r\\n}\\r\\ntable.wn-alternate-rows tbody tr:nth-child(2n),\\r\\ntable.oc-alternate-rows tbody tr:nth-child(2n) {\\r\\n    background: #f5f5f5;\\r\\n}\\r\\n\\r\\n\\/*\\r\\n * Table cell\\r\\n *\\/\\r\\ntable td.wn-cell-highlighted,\\r\\ntable th.wn-cell-highlighted,\\r\\ntable td.oc-cell-highlighted,\\r\\ntable th.oc-cell-highlighted {\\r\\n    border: 1px double red;\\r\\n}\\r\\ntable td.wn-cell-thick-border,\\r\\ntable th.wn-cell-thick-border,\\r\\ntable td.oc-cell-thick-border,\\r\\ntable th.oc-cell-thick-border {\\r\\n    border-width: 2px;\\r\\n}\\r\\n\\r\\n\\/*\\r\\n * Images\\r\\n *\\/\\r\\nimg.wn-img-rounded,\\r\\nimg.oc-img-rounded {\\r\\n    border-radius: 100%;\\r\\n    background-clip: padding-box;\\r\\n}\\r\\nimg.wn-img-bordered,\\r\\nimg.oc-img-bordered {\\r\\n    border: solid 10px #CCC;\\r\\n    box-sizing: content-box;\\r\\n}\",\"html_style_image\":[{\"class_label\":\"Rounded\",\"class_name\":\"oc-img-rounded\"},{\"class_label\":\"Bordered\",\"class_name\":\"oc-img-bordered\"}],\"html_style_link\":[{\"class_label\":\"Green\",\"class_name\":\"oc-link-green\"},{\"class_label\":\"Strong\",\"class_name\":\"oc-link-strong\"}],\"html_style_paragraph\":[{\"class_label\":\"Bordered\",\"class_name\":\"oc-text-bordered\"},{\"class_label\":\"Gray\",\"class_name\":\"oc-text-gray\"},{\"class_label\":\"Spaced\",\"class_name\":\"oc-text-spaced\"},{\"class_label\":\"Uppercase\",\"class_name\":\"oc-text-uppercase\"}],\"html_style_table\":[{\"class_label\":\"Dashed Borders\",\"class_name\":\"oc-dashed-borders\"},{\"class_label\":\"Alternate Rows\",\"class_name\":\"oc-alternate-rows\"}],\"html_style_table_cell\":[{\"class_label\":\"Highlighted\",\"class_name\":\"oc-cell-highlighted\"},{\"class_label\":\"Thick Border\",\"class_name\":\"oc-cell-thick-border\"}],\"html_paragraph_formats\":[{\"format_label\":\"Normal\",\"format_tag\":\"N\"},{\"format_label\":\"Heading 1\",\"format_tag\":\"H1\"},{\"format_label\":\"Heading 2\",\"format_tag\":\"H2\"},{\"format_label\":\"Heading 3\",\"format_tag\":\"H3\"},{\"format_label\":\"Heading 4\",\"format_tag\":\"H4\"},{\"format_label\":\"Code\",\"format_tag\":\"PRE\"}],\"html_toolbar_buttons\":\"\"}');

--
-- Table structure for table `user_groups`
--

CREATE TABLE `user_groups` (
  `id` int unsigned NOT NULL AUTO_INCREMENT,
  `name` varchar(191) CHARACTER SET utf8mb4 COLLATE utf8mb4_unicode_ci NOT NULL,
  `code` varchar(191) CHARACTER SET utf8mb4 COLLATE utf8mb4_unicode_ci DEFAULT NULL,
  `description` text CHARACTER SET utf8mb4 COLLATE utf8mb4_unicode_ci,
  `created_at` timestamp NULL DEFAULT NULL,
  `updated_at` timestamp NULL DEFAULT NULL,
  PRIMARY KEY (`id`),
  KEY `user_groups_code_index` (`code`)
) ENGINE=InnoDB AUTO_INCREMENT=3 DEFAULT CHARSET=utf8mb4 COLLATE=utf8mb4_unicode_ci;

--
-- Dumping data for table `user_groups`
--

INSERT INTO `user_groups` VALUES (1,'Guest','guest','Default group for guest users.','2021-11-11 06:37:24','2021-11-11 06:37:24'),(2,'Registered','registered','Default group for registered users.','2021-11-11 06:37:24','2021-11-11 06:37:24');

--
-- Table structure for table `user_throttle`
--

CREATE TABLE `user_throttle` (
  `id` int unsigned NOT NULL AUTO_INCREMENT,
  `user_id` int unsigned DEFAULT NULL,
  `ip_address` varchar(191) CHARACTER SET utf8mb4 COLLATE utf8mb4_unicode_ci DEFAULT NULL,
  `attempts` int NOT NULL DEFAULT '0',
  `last_attempt_at` timestamp NULL DEFAULT NULL,
  `is_suspended` tinyint(1) NOT NULL DEFAULT '0',
  `suspended_at` timestamp NULL DEFAULT NULL,
  `is_banned` tinyint(1) NOT NULL DEFAULT '0',
  `banned_at` timestamp NULL DEFAULT NULL,
  PRIMARY KEY (`id`),
  KEY `user_throttle_user_id_index` (`user_id`),
  KEY `user_throttle_ip_address_index` (`ip_address`)
) ENGINE=InnoDB AUTO_INCREMENT=464 DEFAULT CHARSET=utf8mb4 COLLATE=utf8mb4_unicode_ci;

--
-- Dumping data for table `user_throttle`
--

INSERT INTO `user_throttle` VALUES (1,1,'86.202.222.135',0,NULL,0,NULL,0,NULL),(2,2,'86.202.222.135',0,NULL,0,NULL,0,NULL),(3,3,'86.202.222.135',0,NULL,0,NULL,0,NULL),(4,2,'90.65.162.193',0,NULL,0,NULL,0,NULL),(5,4,'90.65.162.193',0,NULL,0,NULL,0,NULL),(6,2,'90.66.49.36',0,NULL,0,NULL,0,NULL),(7,1,'90.66.49.36',0,NULL,0,NULL,0,NULL),(8,5,'90.66.49.36',0,NULL,0,NULL,0,NULL),(9,6,'90.66.49.36',0,NULL,0,NULL,0,NULL),(10,7,'90.66.49.36',0,NULL,0,NULL,0,NULL),(11,8,'90.66.49.36',0,NULL,0,NULL,0,NULL),(12,9,'90.66.49.36',0,NULL,0,NULL,0,NULL),(13,3,'92.90.8.56',0,NULL,0,NULL,0,NULL),(14,4,'176.129.0.229',0,NULL,0,NULL,0,NULL),(15,1,'2a01:cb14:540:da00:6044:a006:1767:f819',0,NULL,0,NULL,0,NULL),(16,2,'2a01:cb14:540:da00:6044:a006:1767:f819',0,NULL,0,NULL,0,NULL),(17,3,'2a01:cb14:540:da00:6044:a006:1767:f819',0,NULL,0,NULL,0,NULL),(18,1,'92.90.8.56',1,'2022-08-03 10:57:07',0,NULL,0,NULL),(19,4,'2a01:cb14:540:da00:6044:a006:1767:f819',0,NULL,0,NULL,0,NULL),(20,5,'2a01:cb14:540:da00:6044:a006:1767:f819',0,NULL,0,NULL,0,NULL),(21,6,'2a01:cb14:540:da00:6044:a006:1767:f819',0,NULL,0,NULL,0,NULL),(22,7,'2a01:cb14:540:da00:6044:a006:1767:f819',0,NULL,0,NULL,0,NULL),(23,1,'2a02:8440:4440:5528:577:3cc7:fc43:fb1d',0,NULL,0,NULL,0,NULL),(24,2,'88.139.75.11',0,NULL,0,NULL,0,NULL),(25,1,'88.139.75.11',0,NULL,0,NULL,0,NULL),(26,3,'88.139.75.11',0,NULL,0,NULL,0,NULL),(27,4,'88.139.75.11',0,NULL,0,NULL,0,NULL),(28,5,'92.90.8.56',0,NULL,0,NULL,0,NULL),(29,6,'88.139.75.11',0,NULL,0,NULL,0,NULL),(30,7,'92.90.8.56',0,NULL,0,NULL,0,NULL),(31,8,'88.139.75.11',0,NULL,0,NULL,0,NULL),(32,9,'92.90.8.56',0,NULL,0,NULL,0,NULL),(33,10,'92.90.8.56',0,NULL,0,NULL,0,NULL),(34,11,'92.90.8.56',0,NULL,0,NULL,0,NULL),(35,12,'92.90.8.56',0,NULL,0,NULL,0,NULL),(36,13,'92.90.8.56',0,NULL,0,NULL,0,NULL),(37,14,'92.90.8.56',0,NULL,0,NULL,0,NULL),(38,15,'92.90.8.56',0,NULL,0,NULL,0,NULL),(39,16,'92.90.8.56',0,NULL,0,NULL,0,NULL),(40,5,'88.139.75.11',0,NULL,0,NULL,0,NULL),(41,7,'88.139.75.11',0,NULL,0,NULL,0,NULL),(42,9,'88.139.75.11',0,NULL,0,NULL,0,NULL),(43,10,'88.139.75.11',0,NULL,0,NULL,0,NULL),(44,11,'88.139.75.11',0,NULL,0,NULL,0,NULL),(45,12,'88.139.75.11',0,NULL,0,NULL,0,NULL),(46,13,'88.139.75.11',0,NULL,0,NULL,0,NULL),(47,14,'88.139.75.11',0,NULL,0,NULL,0,NULL),(48,2,'86.202.12.85',0,NULL,0,NULL,0,NULL),(49,15,'88.139.75.11',0,NULL,0,NULL,0,NULL),(50,16,'88.139.75.11',0,NULL,0,NULL,0,NULL),(51,17,'88.139.75.11',0,NULL,0,NULL,0,NULL),(52,18,'88.139.75.11',0,NULL,0,NULL,0,NULL),(53,19,'88.139.75.11',0,NULL,0,NULL,0,NULL),(54,20,'88.139.75.11',0,NULL,0,NULL,0,NULL),(55,21,'88.139.75.11',0,NULL,0,NULL,0,NULL),(56,22,'88.139.75.11',0,NULL,0,NULL,0,NULL),(57,23,'88.139.75.11',0,NULL,0,NULL,0,NULL),(58,24,'88.139.75.11',0,NULL,0,NULL,0,NULL),(59,25,'88.139.75.11',0,NULL,0,NULL,0,NULL),(60,26,'88.139.75.11',0,NULL,0,NULL,0,NULL),(61,27,'88.139.75.11',0,NULL,0,NULL,0,NULL),(62,28,'88.139.75.11',0,NULL,0,NULL,0,NULL),(63,29,'88.139.75.11',0,NULL,0,NULL,0,NULL),(64,30,'88.139.75.11',0,NULL,0,NULL,0,NULL),(65,31,'88.139.75.11',0,NULL,0,NULL,0,NULL),(66,32,'88.139.75.11',0,NULL,0,NULL,0,NULL),(67,33,'88.139.75.11',0,NULL,0,NULL,0,NULL),(68,34,'88.139.75.11',0,NULL,0,NULL,0,NULL),(69,35,'88.139.75.11',0,NULL,0,NULL,0,NULL),(70,36,'88.139.75.11',0,NULL,0,NULL,0,NULL),(71,38,'88.139.75.11',0,NULL,0,NULL,0,NULL),(72,39,'88.139.75.11',0,NULL,0,NULL,0,NULL),(73,40,'88.139.75.11',0,NULL,0,NULL,0,NULL),(74,41,'88.139.75.11',0,NULL,0,NULL,0,NULL),(75,42,'88.139.75.11',0,NULL,0,NULL,0,NULL),(76,43,'88.139.75.11',0,NULL,0,NULL,0,NULL),(77,44,'88.139.75.11',0,NULL,0,NULL,0,NULL),(78,45,'88.139.75.11',0,NULL,0,NULL,0,NULL),(79,46,'88.139.75.11',0,NULL,0,NULL,0,NULL),(80,47,'88.139.75.11',0,NULL,0,NULL,0,NULL),(81,48,'88.139.75.11',0,NULL,0,NULL,0,NULL),(82,49,'88.139.75.11',0,NULL,0,NULL,0,NULL),(83,50,'88.139.75.11',0,NULL,0,NULL,0,NULL),(84,51,'88.139.75.11',0,NULL,0,NULL,0,NULL),(85,52,'2a01:cb09:e052:4dfa:f857:9f8c:d9a7:409e',0,NULL,0,NULL,0,NULL),(86,53,'2a01:cb09:e052:4dfa:f857:9f8c:d9a7:409e',0,NULL,0,NULL,0,NULL),(87,53,'92.184.107.81',0,NULL,0,NULL,0,NULL),(88,54,'2a01:cb09:e052:4dfa:f857:9f8c:d9a7:409e',0,NULL,0,NULL,0,NULL),(89,56,'2a01:cb09:e052:4dfa:f857:9f8c:d9a7:409e',0,NULL,0,NULL,0,NULL),(90,56,'92.184.107.81',0,NULL,0,NULL,0,NULL),(91,57,'88.139.75.11',0,NULL,0,NULL,0,NULL),(92,58,'88.139.75.11',0,NULL,0,NULL,0,NULL),(93,59,'88.139.75.11',0,NULL,0,NULL,0,NULL),(94,60,'88.139.75.11',0,NULL,0,NULL,0,NULL),(95,61,'88.139.75.11',0,NULL,0,NULL,0,NULL),(96,62,'88.139.75.11',0,NULL,0,NULL,0,NULL),(97,63,'88.139.75.11',0,NULL,0,NULL,0,NULL),(98,64,'88.139.75.11',0,NULL,0,NULL,0,NULL),(99,65,'88.139.75.11',0,NULL,0,NULL,0,NULL),(100,66,'88.139.75.11',0,NULL,0,NULL,0,NULL),(101,67,'88.139.75.11',0,NULL,0,NULL,0,NULL),(102,68,'88.139.75.11',0,NULL,0,NULL,0,NULL),(103,69,'88.139.75.11',0,NULL,0,NULL,0,NULL),(104,70,'88.139.75.11',0,NULL,0,NULL,0,NULL),(105,71,'88.139.75.11',0,NULL,0,NULL,0,NULL),(106,72,'88.139.75.11',0,NULL,0,NULL,0,NULL),(107,73,'88.139.75.11',0,NULL,0,NULL,0,NULL),(108,74,'88.139.75.11',0,NULL,0,NULL,0,NULL),(109,75,'88.139.75.11',0,NULL,0,NULL,0,NULL),(110,76,'88.139.75.11',0,NULL,0,NULL,0,NULL),(111,77,'88.139.75.11',0,NULL,0,NULL,0,NULL),(112,78,'88.139.75.11',0,NULL,0,NULL,0,NULL),(113,79,'88.139.75.11',0,NULL,0,NULL,0,NULL),(114,80,'88.139.75.11',0,NULL,0,NULL,0,NULL),(115,81,'88.139.75.11',0,NULL,0,NULL,0,NULL),(116,82,'88.139.75.11',0,NULL,0,NULL,0,NULL),(117,83,'88.139.75.11',0,NULL,0,NULL,0,NULL),(118,84,'88.139.75.11',0,NULL,0,NULL,0,NULL),(119,85,'88.139.75.11',0,NULL,0,NULL,0,NULL),(120,86,'88.139.75.11',0,NULL,0,NULL,0,NULL),(121,87,'88.139.75.11',0,NULL,0,NULL,0,NULL),(122,88,'88.139.75.11',0,NULL,0,NULL,0,NULL),(123,89,'88.139.75.11',0,NULL,0,NULL,0,NULL),(124,90,'88.139.75.11',0,NULL,0,NULL,0,NULL),(125,91,'88.139.75.11',0,NULL,0,NULL,0,NULL),(126,92,'88.139.75.11',0,NULL,0,NULL,0,NULL),(127,93,'88.139.75.11',0,NULL,0,NULL,0,NULL),(128,94,'88.139.75.11',0,NULL,0,NULL,0,NULL),(129,95,'88.139.75.11',0,NULL,0,NULL,0,NULL),(130,96,'88.139.75.11',0,NULL,0,NULL,0,NULL),(131,97,'88.139.75.11',0,NULL,0,NULL,0,NULL),(132,98,'88.139.75.11',0,NULL,0,NULL,0,NULL),(133,99,'88.139.75.11',0,NULL,0,NULL,0,NULL),(134,100,'88.139.75.11',0,NULL,0,NULL,0,NULL),(135,101,'88.139.75.11',0,NULL,0,NULL,0,NULL),(136,102,'88.139.75.11',0,NULL,0,NULL,0,NULL),(137,103,'88.139.75.11',0,NULL,0,NULL,0,NULL),(138,104,'2a01:cb01:2024:700e:352c:5e67:8784:383a',0,NULL,0,NULL,0,NULL),(139,104,'92.184.97.211',0,NULL,0,NULL,0,NULL),(140,105,'2a01:cb01:2024:700e:352c:5e67:8784:383a',0,NULL,0,NULL,0,NULL),(141,106,'88.139.75.11',0,NULL,0,NULL,0,NULL),(142,107,'88.139.75.11',0,NULL,0,NULL,0,NULL),(143,108,'88.139.75.11',0,NULL,0,NULL,0,NULL),(144,109,'88.139.75.11',0,NULL,0,NULL,0,NULL),(145,110,'88.139.75.11',0,NULL,0,NULL,0,NULL),(146,111,'88.139.75.11',0,NULL,0,NULL,0,NULL),(147,112,'88.139.75.11',0,NULL,0,NULL,0,NULL),(148,113,'88.139.75.11',0,NULL,0,NULL,0,NULL),(149,114,'88.139.75.11',0,NULL,0,NULL,0,NULL),(150,115,'88.139.75.11',0,NULL,0,NULL,0,NULL),(151,116,'88.139.75.11',0,NULL,0,NULL,0,NULL),(152,117,'88.139.75.11',0,NULL,0,NULL,0,NULL),(153,118,'88.139.75.11',0,NULL,0,NULL,0,NULL),(154,119,'88.139.75.11',0,NULL,0,NULL,0,NULL),(155,120,'88.139.75.11',0,NULL,0,NULL,0,NULL),(156,121,'88.139.75.11',0,NULL,0,NULL,0,NULL),(157,122,'88.139.75.11',0,NULL,0,NULL,0,NULL),(158,123,'88.139.75.11',0,NULL,0,NULL,0,NULL),(159,124,'88.139.75.11',0,NULL,0,NULL,0,NULL),(160,125,'88.139.75.11',0,NULL,0,NULL,0,NULL),(161,126,'88.139.75.11',0,NULL,0,NULL,0,NULL),(162,127,'88.139.75.11',0,NULL,0,NULL,0,NULL),(163,128,'88.139.75.11',0,NULL,0,NULL,0,NULL),(164,129,'88.139.75.11',0,NULL,0,NULL,0,NULL),(165,130,'88.139.75.11',0,NULL,0,NULL,0,NULL),(166,131,'88.139.75.11',0,NULL,0,NULL,0,NULL),(167,132,'88.139.75.11',0,NULL,0,NULL,0,NULL),(168,133,'88.139.75.11',0,NULL,0,NULL,0,NULL),(169,134,'88.139.75.11',0,NULL,0,NULL,0,NULL),(170,135,'88.139.75.11',0,NULL,0,NULL,0,NULL),(171,136,'88.139.75.11',0,NULL,0,NULL,0,NULL),(172,137,'88.139.75.11',0,NULL,0,NULL,0,NULL),(173,138,'88.139.75.11',0,NULL,0,NULL,0,NULL),(174,139,'88.139.75.11',0,NULL,0,NULL,0,NULL),(175,140,'88.139.75.11',0,NULL,0,NULL,0,NULL),(176,141,'88.139.75.11',0,NULL,0,NULL,0,NULL),(177,142,'88.139.75.11',0,NULL,0,NULL,0,NULL),(178,143,'88.139.75.11',0,NULL,0,NULL,0,NULL),(179,144,'88.139.75.11',0,NULL,0,NULL,0,NULL),(180,145,'88.139.75.11',0,NULL,0,NULL,0,NULL),(181,146,'88.139.75.11',0,NULL,0,NULL,0,NULL),(182,147,'88.139.75.11',0,NULL,0,NULL,0,NULL),(183,148,'88.139.75.11',0,NULL,0,NULL,0,NULL),(184,149,'88.139.75.11',0,NULL,0,NULL,0,NULL),(185,150,'88.139.75.11',0,NULL,0,NULL,0,NULL),(186,151,'88.139.75.11',0,NULL,0,NULL,0,NULL),(187,152,'88.139.75.11',0,NULL,0,NULL,0,NULL),(188,153,'88.139.75.11',0,NULL,0,NULL,0,NULL),(189,154,'88.139.75.11',0,NULL,0,NULL,0,NULL),(190,155,'88.139.75.11',0,NULL,0,NULL,0,NULL),(191,156,'88.139.75.11',0,NULL,0,NULL,0,NULL),(192,157,'88.139.75.11',0,NULL,0,NULL,0,NULL),(193,158,'88.139.75.11',0,NULL,0,NULL,0,NULL),(194,159,'88.139.75.11',0,NULL,0,NULL,0,NULL),(195,160,'88.139.75.11',0,NULL,0,NULL,0,NULL),(196,161,'88.139.75.11',0,NULL,0,NULL,0,NULL),(197,162,'88.139.75.11',0,NULL,0,NULL,0,NULL),(198,163,'88.139.75.11',0,NULL,0,NULL,0,NULL),(199,164,'88.139.75.11',0,NULL,0,NULL,0,NULL),(200,165,'88.139.75.11',0,NULL,0,NULL,0,NULL),(201,166,'88.139.75.11',0,NULL,0,NULL,0,NULL),(202,167,'88.139.75.11',0,NULL,0,NULL,0,NULL),(203,168,'88.139.75.11',0,NULL,0,NULL,0,NULL),(204,169,'88.139.75.11',0,NULL,0,NULL,0,NULL),(205,170,'88.139.75.11',0,NULL,0,NULL,0,NULL),(206,171,'88.139.75.11',0,NULL,0,NULL,0,NULL),(207,172,'88.139.75.11',0,NULL,0,NULL,0,NULL),(208,173,'88.139.75.11',0,NULL,0,NULL,0,NULL),(209,174,'88.139.75.11',0,NULL,0,NULL,0,NULL),(210,175,'88.139.75.11',0,NULL,0,NULL,0,NULL),(211,176,'88.139.75.11',0,NULL,0,NULL,0,NULL),(212,177,'88.139.75.11',0,NULL,0,NULL,0,NULL),(213,178,'88.139.75.11',0,NULL,0,NULL,0,NULL),(214,179,'88.139.75.11',0,NULL,0,NULL,0,NULL),(215,180,'88.139.75.11',0,NULL,0,NULL,0,NULL),(216,181,'88.139.75.11',0,NULL,0,NULL,0,NULL),(217,182,'88.139.75.11',0,NULL,0,NULL,0,NULL),(218,183,'88.139.75.11',0,NULL,0,NULL,0,NULL),(219,184,'88.139.75.11',0,NULL,0,NULL,0,NULL),(220,185,'88.139.75.11',0,NULL,0,NULL,0,NULL),(221,186,'88.139.75.11',0,NULL,0,NULL,0,NULL),(222,187,'88.139.75.11',0,NULL,0,NULL,0,NULL),(223,188,'88.139.75.11',0,NULL,0,NULL,0,NULL),(224,189,'88.139.75.11',0,NULL,0,NULL,0,NULL),(225,190,'88.139.75.11',0,NULL,0,NULL,0,NULL),(226,191,'88.139.75.11',0,NULL,0,NULL,0,NULL),(227,192,'88.139.75.11',0,NULL,0,NULL,0,NULL),(228,193,'88.139.75.11',0,NULL,0,NULL,0,NULL),(229,194,'88.139.75.11',0,NULL,0,NULL,0,NULL),(230,195,'88.139.75.11',0,NULL,0,NULL,0,NULL),(231,196,'88.139.75.11',0,NULL,0,NULL,0,NULL),(232,197,'88.139.75.11',0,NULL,0,NULL,0,NULL),(233,198,'88.139.75.11',0,NULL,0,NULL,0,NULL),(234,199,'88.139.75.11',0,NULL,0,NULL,0,NULL),(235,200,'88.139.75.11',0,NULL,0,NULL,0,NULL),(236,201,'88.139.75.11',0,NULL,0,NULL,0,NULL),(237,202,'88.139.75.11',0,NULL,0,NULL,0,NULL),(238,203,'88.139.75.11',0,NULL,0,NULL,0,NULL),(239,204,'88.139.75.11',0,NULL,0,NULL,0,NULL),(240,205,'88.139.75.11',0,NULL,0,NULL,0,NULL),(241,206,'88.139.75.11',0,NULL,0,NULL,0,NULL),(242,207,'88.139.75.11',0,NULL,0,NULL,0,NULL),(243,208,'88.139.75.11',0,NULL,0,NULL,0,NULL),(244,209,'88.139.75.11',0,NULL,0,NULL,0,NULL),(245,210,'88.139.75.11',0,NULL,0,NULL,0,NULL),(246,211,'88.139.75.11',0,NULL,0,NULL,0,NULL),(247,212,'88.139.75.11',0,NULL,0,NULL,0,NULL),(248,213,'88.139.75.11',0,NULL,0,NULL,0,NULL),(249,214,'88.139.75.11',0,NULL,0,NULL,0,NULL),(250,215,'88.139.75.11',0,NULL,0,NULL,0,NULL),(251,35,'2a01:e35:39f5:49b0:e561:cf14:49c5:bf40',0,NULL,0,NULL,0,NULL),(252,35,'2a01:e35:39f5:49b0:b8d5:fe4f:1679:2ea',0,NULL,0,NULL,0,NULL),(253,35,'2a01:e35:39f5:49b0:b48f:6d58:3432:b41',0,NULL,0,NULL,0,NULL),(254,137,'2a01:e35:39f5:49b0:2cb3:5e1:12b9:e500',0,NULL,0,NULL,0,NULL),(255,214,'2a01:e35:39f5:49b0:2cb3:5e1:12b9:e500',0,NULL,0,NULL,0,NULL),(256,35,'2a01:e35:39f5:49b0:2cb3:5e1:12b9:e500',0,NULL,0,NULL,0,NULL),(257,35,'2a01:e35:39f5:49b0:a025:ac2e:addc:8db3',0,NULL,0,NULL,0,NULL),(258,35,'2a01:e35:39f5:49b0:314d:601e:9edb:4fb7',0,NULL,0,NULL,0,NULL),(259,214,'2a01:e35:39f5:49b0:314d:601e:9edb:4fb7',0,NULL,0,NULL,0,NULL),(260,1,'90.66.51.103',0,NULL,0,NULL,0,NULL),(261,2,'90.66.51.103',0,NULL,0,NULL,0,NULL),(262,3,'90.66.51.103',0,NULL,0,NULL,0,NULL),(263,4,'90.66.51.103',0,NULL,0,NULL,0,NULL),(264,5,'90.66.51.103',0,NULL,0,NULL,0,NULL),(265,6,'90.66.51.103',0,NULL,0,NULL,0,NULL),(266,7,'90.66.51.103',0,NULL,0,NULL,0,NULL),(267,10,'90.66.51.103',0,NULL,0,NULL,0,NULL),(268,11,'90.66.51.103',0,NULL,0,NULL,0,NULL),(269,12,'90.66.51.103',0,NULL,0,NULL,0,NULL),(270,13,'90.66.51.103',0,NULL,0,NULL,0,NULL),(271,14,'90.66.51.103',0,NULL,0,NULL,0,NULL),(272,15,'90.66.51.103',0,NULL,0,NULL,0,NULL),(273,16,'90.66.51.103',0,NULL,0,NULL,0,NULL),(274,17,'90.66.51.103',0,NULL,0,NULL,0,NULL),(275,18,'90.66.51.103',0,NULL,0,NULL,0,NULL),(276,19,'90.66.51.103',0,NULL,0,NULL,0,NULL),(277,20,'90.66.51.103',0,NULL,0,NULL,0,NULL),(278,21,'90.66.51.103',0,NULL,0,NULL,0,NULL),(279,200,'90.66.51.103',0,NULL,0,NULL,0,NULL),(280,22,'90.66.51.103',0,NULL,0,NULL,0,NULL),(281,24,'90.66.51.103',2,'2023-06-19 13:51:00',0,NULL,0,NULL),(282,201,'90.66.51.103',0,NULL,0,NULL,0,NULL),(283,28,'90.66.51.103',0,NULL,0,NULL,0,NULL),(284,25,'90.66.51.103',0,NULL,0,NULL,0,NULL),(285,26,'90.66.51.103',0,NULL,0,NULL,0,NULL),(286,27,'90.66.51.103',0,NULL,0,NULL,0,NULL),(287,29,'90.66.51.103',0,NULL,0,NULL,0,NULL),(288,30,'90.66.51.103',0,NULL,0,NULL,0,NULL),(289,31,'90.66.51.103',0,NULL,0,NULL,0,NULL),(290,32,'90.66.51.103',0,NULL,0,NULL,0,NULL),(291,33,'90.66.51.103',0,NULL,0,NULL,0,NULL),(292,34,'90.66.51.103',0,NULL,0,NULL,0,NULL),(293,35,'90.66.51.103',0,NULL,0,NULL,0,NULL),(294,36,'90.66.51.103',0,NULL,0,NULL,0,NULL),(295,38,'90.66.51.103',0,NULL,0,NULL,0,NULL),(296,39,'90.66.51.103',0,NULL,0,NULL,0,NULL),(297,40,'90.66.51.103',0,NULL,0,NULL,0,NULL),(298,41,'90.66.51.103',0,NULL,0,NULL,0,NULL),(299,43,'90.66.51.103',0,NULL,0,NULL,0,NULL),(300,44,'90.66.51.103',0,NULL,0,NULL,0,NULL),(301,52,'90.66.51.103',0,NULL,0,NULL,0,NULL),(302,45,'90.66.51.103',0,NULL,0,NULL,0,NULL),(303,202,'90.66.51.103',0,NULL,0,NULL,0,NULL),(304,46,'90.66.51.103',0,NULL,0,NULL,0,NULL),(305,47,'90.66.51.103',0,NULL,0,NULL,0,NULL),(306,48,'90.66.51.103',0,NULL,0,NULL,0,NULL),(307,49,'90.66.51.103',0,NULL,0,NULL,0,NULL),(308,50,'90.66.51.103',0,NULL,0,NULL,0,NULL),(309,51,'90.66.51.103',0,NULL,0,NULL,0,NULL),(310,53,'90.66.51.103',0,NULL,0,NULL,0,NULL),(311,67,'90.66.51.103',0,NULL,0,NULL,0,NULL),(312,54,'90.66.51.103',0,NULL,0,NULL,0,NULL),(313,56,'90.66.51.103',0,NULL,0,NULL,0,NULL),(314,57,'90.66.51.103',0,NULL,0,NULL,0,NULL),(315,59,'90.66.51.103',0,NULL,0,NULL,0,NULL),(316,58,'90.66.51.103',0,NULL,0,NULL,0,NULL),(317,60,'90.66.51.103',0,NULL,0,NULL,0,NULL),(318,61,'90.66.51.103',0,NULL,0,NULL,0,NULL),(319,62,'90.66.51.103',0,NULL,0,NULL,0,NULL),(320,63,'90.66.51.103',0,NULL,0,NULL,0,NULL),(321,64,'90.66.51.103',0,NULL,0,NULL,0,NULL),(322,209,'90.66.51.103',0,NULL,0,NULL,0,NULL),(323,65,'90.66.51.103',0,NULL,0,NULL,0,NULL),(324,66,'90.66.51.103',0,NULL,0,NULL,0,NULL),(325,68,'90.66.51.103',0,NULL,0,NULL,0,NULL),(326,69,'90.66.51.103',0,NULL,0,NULL,0,NULL),(327,203,'90.66.51.103',0,NULL,0,NULL,0,NULL),(328,70,'90.66.51.103',0,NULL,0,NULL,0,NULL),(329,71,'90.66.51.103',0,NULL,0,NULL,0,NULL),(330,72,'90.66.51.103',0,NULL,0,NULL,0,NULL),(331,73,'90.66.51.103',0,NULL,0,NULL,0,NULL),(332,74,'83.159.84.155',0,NULL,0,NULL,0,NULL),(333,75,'83.159.84.155',0,NULL,0,NULL,0,NULL),(334,76,'83.159.84.155',0,NULL,0,NULL,0,NULL),(335,78,'83.159.84.155',0,NULL,0,NULL,0,NULL),(336,79,'83.159.84.155',0,NULL,0,NULL,0,NULL),(337,212,'83.159.84.155',0,NULL,0,NULL,0,NULL),(338,80,'83.159.84.155',0,NULL,0,NULL,0,NULL),(339,81,'83.159.84.155',0,NULL,0,NULL,0,NULL),(340,82,'83.159.84.155',0,NULL,0,NULL,0,NULL),(341,84,'83.159.84.155',0,NULL,0,NULL,0,NULL),(342,85,'83.159.84.155',0,NULL,0,NULL,0,NULL),(343,86,'83.159.84.155',0,NULL,0,NULL,0,NULL),(344,87,'83.159.84.155',0,NULL,0,NULL,0,NULL),(345,88,'83.159.84.155',0,NULL,0,NULL,0,NULL),(346,89,'83.159.84.155',0,NULL,0,NULL,0,NULL),(347,90,'83.159.84.155',0,NULL,0,NULL,0,NULL),(348,91,'83.159.84.155',0,NULL,0,NULL,0,NULL),(349,94,'83.159.84.155',0,NULL,0,NULL,0,NULL),(350,95,'83.159.84.155',0,NULL,0,NULL,0,NULL),(351,96,'83.159.84.155',0,NULL,0,NULL,0,NULL),(352,204,'83.159.84.155',0,NULL,0,NULL,0,NULL),(353,97,'83.159.84.155',0,NULL,0,NULL,0,NULL),(354,98,'83.159.84.155',0,NULL,0,NULL,0,NULL),(355,208,'83.159.84.155',0,NULL,0,NULL,0,NULL),(356,100,'83.159.84.155',0,NULL,0,NULL,0,NULL),(357,101,'83.159.84.155',0,NULL,0,NULL,0,NULL),(358,102,'83.159.84.155',0,NULL,0,NULL,0,NULL),(359,103,'83.159.84.155',0,NULL,0,NULL,0,NULL),(360,104,'83.159.84.155',0,NULL,0,NULL,0,NULL),(361,105,'83.159.84.155',0,NULL,0,NULL,0,NULL),(362,106,'83.159.84.155',0,NULL,0,NULL,0,NULL),(363,107,'83.159.84.155',0,NULL,0,NULL,0,NULL),(364,108,'83.159.84.155',0,NULL,0,NULL,0,NULL),(365,110,'83.159.84.155',0,NULL,0,NULL,0,NULL),(366,111,'83.159.84.155',0,NULL,0,NULL,0,NULL),(367,109,'83.159.84.155',0,NULL,0,NULL,0,NULL),(368,112,'83.159.84.155',0,NULL,0,NULL,0,NULL),(369,205,'83.159.84.155',0,NULL,0,NULL,0,NULL),(370,113,'83.159.84.155',0,NULL,0,NULL,0,NULL),(371,177,'83.159.84.155',0,NULL,0,NULL,0,NULL),(372,114,'83.159.84.155',0,NULL,0,NULL,0,NULL),(373,114,'2a01:e35:39f5:4180:ddef:5c91:8499:9851',0,NULL,0,NULL,0,NULL),(374,115,'2a01:e35:39f5:4180:ddef:5c91:8499:9851',0,NULL,0,NULL,0,NULL),(375,116,'2a01:e35:39f5:4180:ddef:5c91:8499:9851',0,NULL,0,NULL,0,NULL),(376,117,'2a01:e35:39f5:4180:ddef:5c91:8499:9851',0,NULL,0,NULL,0,NULL),(377,118,'2a01:e35:39f5:4180:ddef:5c91:8499:9851',0,NULL,0,NULL,0,NULL),(378,119,'2a01:e35:39f5:4180:ddef:5c91:8499:9851',0,NULL,0,NULL,0,NULL),(379,121,'2a01:e35:39f5:4180:ddef:5c91:8499:9851',0,NULL,0,NULL,0,NULL),(380,120,'2a01:e35:39f5:4180:ddef:5c91:8499:9851',0,NULL,0,NULL,0,NULL),(381,123,'2a01:e35:39f5:4180:ddef:5c91:8499:9851',0,NULL,0,NULL,0,NULL),(382,124,'2a01:e35:39f5:4180:ddef:5c91:8499:9851',0,NULL,0,NULL,0,NULL),(383,125,'2a01:e35:39f5:4180:ddef:5c91:8499:9851',0,NULL,0,NULL,0,NULL),(384,128,'2a01:e35:39f5:4180:ddef:5c91:8499:9851',0,NULL,0,NULL,0,NULL),(385,213,'2a01:e35:39f5:4180:ddef:5c91:8499:9851',0,NULL,0,NULL,0,NULL),(386,127,'2a01:e35:39f5:4180:ddef:5c91:8499:9851',0,NULL,0,NULL,0,NULL),(387,126,'2a01:e35:39f5:4180:ddef:5c91:8499:9851',0,NULL,0,NULL,0,NULL),(388,214,'2a01:e35:39f5:4180:ddef:5c91:8499:9851',0,NULL,0,NULL,0,NULL),(389,129,'2a01:e35:39f5:4180:ddef:5c91:8499:9851',0,NULL,0,NULL,0,NULL),(390,130,'2a01:e35:39f5:4180:ddef:5c91:8499:9851',0,NULL,0,NULL,0,NULL),(391,131,'2a01:e35:39f5:4180:ddef:5c91:8499:9851',0,NULL,0,NULL,0,NULL),(392,132,'2a01:e35:39f5:4180:ddef:5c91:8499:9851',0,NULL,0,NULL,0,NULL),(393,133,'2a01:e35:39f5:4180:ddef:5c91:8499:9851',0,NULL,0,NULL,0,NULL),(394,134,'2a01:e35:39f5:4180:ddef:5c91:8499:9851',0,NULL,0,NULL,0,NULL),(395,92,'2a01:e35:39f5:4180:ddef:5c91:8499:9851',0,NULL,0,NULL,0,NULL),(396,135,'2a01:e35:39f5:4180:ddef:5c91:8499:9851',0,NULL,0,NULL,0,NULL),(397,136,'2a01:e35:39f5:4180:ddef:5c91:8499:9851',0,NULL,0,NULL,0,NULL),(398,137,'2a01:e35:39f5:4180:ddef:5c91:8499:9851',0,NULL,0,NULL,0,NULL),(399,138,'2a01:e35:39f5:4180:ddef:5c91:8499:9851',0,NULL,0,NULL,0,NULL),(400,139,'2a01:e35:39f5:4180:ddef:5c91:8499:9851',0,NULL,0,NULL,0,NULL),(401,140,'2a01:e35:39f5:4180:ddef:5c91:8499:9851',0,NULL,0,NULL,0,NULL),(402,141,'2a01:e35:39f5:4180:ddef:5c91:8499:9851',0,NULL,0,NULL,0,NULL),(403,143,'2a01:e35:39f5:4180:ddef:5c91:8499:9851',0,NULL,0,NULL,0,NULL),(404,142,'2a01:e35:39f5:4180:ddef:5c91:8499:9851',0,NULL,0,NULL,0,NULL),(405,144,'2a01:e35:39f5:4180:ddef:5c91:8499:9851',0,NULL,0,NULL,0,NULL),(406,145,'2a01:e35:39f5:4180:ddef:5c91:8499:9851',0,NULL,0,NULL,0,NULL),(407,146,'2a01:e35:39f5:4180:ddef:5c91:8499:9851',0,NULL,0,NULL,0,NULL),(408,148,'2a01:e35:39f5:4180:ddef:5c91:8499:9851',0,NULL,0,NULL,0,NULL),(409,147,'2a01:e35:39f5:4180:ddef:5c91:8499:9851',0,NULL,0,NULL,0,NULL),(410,149,'2a01:e35:39f5:4180:ddef:5c91:8499:9851',0,NULL,0,NULL,0,NULL),(411,150,'2a01:e35:39f5:4180:ddef:5c91:8499:9851',0,NULL,0,NULL,0,NULL),(412,152,'83.159.84.155',0,NULL,0,NULL,0,NULL),(413,153,'83.159.84.155',0,NULL,0,NULL,0,NULL),(414,154,'83.159.84.155',0,NULL,0,NULL,0,NULL),(415,155,'83.159.84.155',0,NULL,0,NULL,0,NULL),(416,156,'83.159.84.155',0,NULL,0,NULL,0,NULL),(417,157,'83.159.84.155',0,NULL,0,NULL,0,NULL),(418,158,'83.159.84.155',0,NULL,0,NULL,0,NULL),(419,159,'83.159.84.155',0,NULL,0,NULL,0,NULL),(420,160,'83.159.84.155',0,NULL,0,NULL,0,NULL),(421,161,'83.159.84.155',0,NULL,0,NULL,0,NULL),(422,162,'83.159.84.155',0,NULL,0,NULL,0,NULL),(423,206,'83.159.84.155',0,NULL,0,NULL,0,NULL),(424,163,'83.159.84.155',0,NULL,0,NULL,0,NULL),(425,164,'83.159.84.155',0,NULL,0,NULL,0,NULL),(426,165,'83.159.84.155',0,NULL,0,NULL,0,NULL),(427,166,'83.159.84.155',0,NULL,0,NULL,0,NULL),(428,167,'83.159.84.155',0,NULL,0,NULL,0,NULL),(429,168,'83.159.84.155',0,NULL,0,NULL,0,NULL),(430,169,'83.159.84.155',0,NULL,0,NULL,0,NULL),(431,171,'83.159.84.155',0,NULL,0,NULL,0,NULL),(432,172,'83.159.84.155',0,NULL,0,NULL,0,NULL),(433,215,'83.159.84.155',0,NULL,0,NULL,0,NULL),(434,173,'83.159.84.155',0,NULL,0,NULL,0,NULL),(435,174,'83.159.84.155',0,NULL,0,NULL,0,NULL),(436,175,'83.159.84.155',0,NULL,0,NULL,0,NULL),(437,176,'83.159.84.155',0,NULL,0,NULL,0,NULL),(438,178,'83.159.84.155',0,NULL,0,NULL,0,NULL),(439,180,'83.159.84.155',0,NULL,0,NULL,0,NULL),(440,181,'83.159.84.155',0,NULL,0,NULL,0,NULL),(441,183,'83.159.84.155',0,NULL,0,NULL,0,NULL),(442,184,'83.159.84.155',0,NULL,0,NULL,0,NULL),(443,187,'83.159.84.155',0,NULL,0,NULL,0,NULL),(444,83,'83.159.84.155',0,NULL,0,NULL,0,NULL),(445,188,'83.159.84.155',0,NULL,0,NULL,0,NULL),(446,189,'83.159.84.155',0,NULL,0,NULL,0,NULL),(447,190,'83.159.84.155',0,NULL,0,NULL,0,NULL),(448,191,'83.159.84.155',0,NULL,0,NULL,0,NULL),(449,192,'83.159.84.155',0,NULL,0,NULL,0,NULL),(450,193,'83.159.84.155',0,NULL,0,NULL,0,NULL),(451,207,'83.159.84.155',0,NULL,0,NULL,0,NULL),(452,194,'83.159.84.155',0,NULL,0,NULL,0,NULL),(453,195,'83.159.84.155',0,NULL,0,NULL,0,NULL),(454,196,'83.159.84.155',0,NULL,0,NULL,0,NULL),(455,197,'83.159.84.155',0,NULL,0,NULL,0,NULL),(456,198,'83.159.84.155',0,NULL,0,NULL,0,NULL),(457,199,'83.159.84.155',0,NULL,0,NULL,0,NULL),(458,185,'83.159.84.155',0,NULL,0,NULL,0,NULL),(459,9,'83.159.84.155',0,NULL,0,NULL,0,NULL),(460,24,'83.159.84.155',1,'2023-06-27 08:15:49',0,NULL,0,NULL),(461,72,'83.159.84.155',0,NULL,0,NULL,0,NULL),(462,179,'83.159.84.155',0,NULL,0,NULL,0,NULL),(463,139,'83.159.84.155',0,NULL,0,NULL,0,NULL);

--
-- Table structure for table `users`
--

CREATE TABLE `users` (
  `id` int unsigned NOT NULL AUTO_INCREMENT,
  `name` varchar(191) CHARACTER SET utf8mb4 COLLATE utf8mb4_unicode_ci DEFAULT NULL,
  `email` varchar(191) CHARACTER SET utf8mb4 COLLATE utf8mb4_unicode_ci NOT NULL,
  `password` varchar(191) CHARACTER SET utf8mb4 COLLATE utf8mb4_unicode_ci NOT NULL,
  `activation_code` varchar(191) CHARACTER SET utf8mb4 COLLATE utf8mb4_unicode_ci DEFAULT NULL,
  `persist_code` varchar(191) CHARACTER SET utf8mb4 COLLATE utf8mb4_unicode_ci DEFAULT NULL,
  `reset_password_code` varchar(191) CHARACTER SET utf8mb4 COLLATE utf8mb4_unicode_ci DEFAULT NULL,
  `permissions` text CHARACTER SET utf8mb4 COLLATE utf8mb4_unicode_ci,
  `is_activated` tinyint(1) NOT NULL DEFAULT '0',
  `activated_at` timestamp NULL DEFAULT NULL,
  `last_login` timestamp NULL DEFAULT NULL,
  `created_at` timestamp NULL DEFAULT NULL,
  `updated_at` timestamp NULL DEFAULT NULL,
  `username` varchar(191) CHARACTER SET utf8mb4 COLLATE utf8mb4_unicode_ci DEFAULT NULL,
  `surname` varchar(191) CHARACTER SET utf8mb4 COLLATE utf8mb4_unicode_ci DEFAULT NULL,
  `deleted_at` timestamp NULL DEFAULT NULL,
  `last_seen` timestamp NULL DEFAULT NULL,
  `is_guest` tinyint(1) NOT NULL DEFAULT '0',
  `is_superuser` tinyint(1) NOT NULL DEFAULT '0',
  `created_ip_address` varchar(191) CHARACTER SET utf8mb4 COLLATE utf8mb4_unicode_ci DEFAULT NULL,
  `last_ip_address` varchar(191) CHARACTER SET utf8mb4 COLLATE utf8mb4_unicode_ci DEFAULT NULL,
  PRIMARY KEY (`id`),
  UNIQUE KEY `users_email_unique` (`email`),
  UNIQUE KEY `users_login_unique` (`username`),
  KEY `users_activation_code_index` (`activation_code`),
  KEY `users_reset_password_code_index` (`reset_password_code`),
  KEY `users_login_index` (`username`)
) ENGINE=InnoDB AUTO_INCREMENT=216 DEFAULT CHARSET=utf8mb4 COLLATE=utf8mb4_unicode_ci;

--
-- Dumping data for table `users`
--

INSERT INTO `users` VALUES (1,'Jeannette ABI NADER-GELEBART','jang.trad@online.fr','$2y$10$pOTefvaU9xMWxgeY8.4Bme1oV.7tqexAfMpwqNTuGlEWTOAlq6OJO',NULL,NULL,NULL,NULL,1,'2022-10-02 09:13:10','2023-06-19 09:09:05','2022-10-02 09:13:10','2023-06-19 09:11:03','jang.trad@online.fr',NULL,NULL,'2023-06-19 09:09:05',0,0,'88.139.75.11','90.66.51.103'),(2,'Anissa ADAHCHOUR','annissa.adahchour34@gmail.com','$2y$10$pILX5rK1WP8d3B2WdWFvy.07fNuFYjS7oCDklDqXEYOAsaML.qz2y',NULL,NULL,NULL,NULL,1,'2022-10-02 09:57:10','2023-06-19 09:11:36','2022-10-02 09:57:10','2023-06-19 09:12:55','annissa.adahchour34@gmail.com',NULL,NULL,'2023-06-19 09:11:36',0,0,'88.139.75.11','90.66.51.103'),(3,'Hicham AIT EL ASRI','aitelasri@yahoo.fr','$2y$10$lfyMwizTnVG27v4pX7ubBe3GEnQgctt5MZKSj9gUK/LXXOWgexYHW',NULL,NULL,NULL,NULL,1,'2022-10-02 10:39:13','2023-06-22 10:40:14','2022-10-02 10:39:13','2023-06-22 10:41:00','aitelasri@yahoo.fr',NULL,NULL,'2023-06-22 10:40:14',0,0,'88.139.75.11','90.66.51.103'),(4,'Nadia AIT MOHAND','nadiazazi@yahoo.fr','$2y$10$o0BooiYwrCb7Fp1oZV1JrudTL3zfXJO.GxR7bHaKbeYEvRRfNIwsW',NULL,NULL,NULL,NULL,1,'2022-10-02 18:55:17','2023-06-19 09:24:12','2022-10-02 18:55:17','2023-06-19 09:26:04','nadiazazi@yahoo.fr',NULL,NULL,'2023-06-19 09:24:12',0,0,'88.139.75.11','90.66.51.103'),(5,'Nadia AIT OUSSAID','interprete.aitoussaid@gmail.com','$2y$10$YaUMdu0VoqT19mlPlOpSfOEF3JXgPgyBCVPI7Psi8ysCBPLXrP8WO',NULL,NULL,NULL,NULL,1,'2022-10-02 19:36:11','2023-06-19 10:53:12','2022-10-02 19:36:11','2023-06-19 10:58:47','interprete.aitoussaid@gmail.com',NULL,NULL,'2023-06-19 10:58:41',0,0,'88.139.75.11','90.66.51.103'),(6,'Naziha AMRANE','raceko.trad@hotmail.fr','$2y$10$n8sg5D8oRVTIABrFG8SjJ.j4j1bcNjADeeKBYVRTaWfVh0i9qyDrO',NULL,NULL,NULL,NULL,1,'2022-10-02 19:56:34','2023-06-19 10:59:03','2022-10-02 19:56:34','2023-06-19 11:01:01','raceko.trad@hotmail.fr',NULL,NULL,'2023-06-19 10:59:03',0,0,'88.139.75.11','90.66.51.103'),(7,'David ARBULU COLLAZOS','david_arbulu@hotmail.com','$2y$10$M4YwIrtbL1ZuwpaaPRMQUOLrpe9QbnEGKaqYr8aB/8jHExeUSriWa',NULL,NULL,NULL,NULL,1,'2022-10-02 20:07:50','2023-06-19 11:02:24','2022-10-02 20:07:50','2023-06-19 11:04:14','david_arbulu@hotmail.com',NULL,NULL,'2023-06-19 11:02:24',0,0,'88.139.75.11','90.66.51.103'),(8,'Melina ARELLANO CORTE','info@arecotraductions.com','$2y$10$8Gu9Eda.6ENM1iWM6RPhh.i5ttvdhRS5SyR2HRS0kgjh548j6NgIq',NULL,NULL,NULL,NULL,1,'2022-10-03 05:30:59','2022-12-30 08:42:06','2022-10-03 05:30:59','2022-12-30 08:49:58','info@arecotraductions.com',NULL,NULL,'2022-12-30 08:49:53',0,0,'88.139.75.11','88.139.75.11'),(9,'Abdelwahad ASSIDI','assiditraductions@free.fr','$2y$10$HxQVpnDdEHsJ0svEOUtaQ.pZ0MrhaCPkmKRHTn4Hliz.WUVCOtsGy',NULL,NULL,NULL,NULL,1,'2022-10-03 07:07:08','2023-06-27 08:14:28','2022-10-03 07:07:07','2023-06-27 08:15:45','assiditraductions@free.fr',NULL,NULL,'2023-06-27 08:14:28',0,0,'88.139.75.11','83.159.84.155'),(10,'Ana-Maria BALAN','balan_any@yahoo.com','$2y$10$LsZ88FbWT4ey3ACvRGLZWO8CaLzPzaJMnH92EjcT5uHtB2H4UwgTy',NULL,NULL,NULL,NULL,1,'2022-10-03 07:24:18','2023-06-19 11:08:12','2022-10-03 07:24:18','2023-06-19 11:09:07','balan_any@yahoo.com',NULL,NULL,'2023-06-19 11:08:12',0,0,'88.139.75.11','90.66.51.103'),(11,'Maria Laura BARDINET BROSO','trmlmabb@club-internet.fr','$2y$10$LKjuwPy41sEj7UctN14WMeDokNPyXOGw4zbAzkdFMpr5jchCme3i.',NULL,NULL,NULL,NULL,1,'2022-10-03 10:12:31','2023-06-19 11:10:32','2022-10-03 10:12:31','2023-06-19 11:11:52','trmlmabb@club-internet.fr',NULL,NULL,'2023-06-19 11:10:33',0,0,'88.139.75.11','90.66.51.103'),(12,'Emma BARKER','emma.barker@free.fr','$2y$10$7TUOU1v0rs8bUdGB2MSIs.ukA0ely0QOjYdYgKouzZsB0EmmrutsW',NULL,NULL,NULL,NULL,1,'2022-10-03 10:59:44','2023-06-19 11:14:44','2022-10-03 10:59:44','2023-06-19 11:15:45','emma.barker@free.fr',NULL,NULL,'2023-06-19 11:14:44',0,0,'88.139.75.11','90.66.51.103'),(13,'Christian BARRÉ','barre.christian.54@gmail.com','$2y$10$VipjTV.jvMqzFymtEFusoOTpcNhJO/xUwkWhQFX4Ch7oxyv6cG94u',NULL,NULL,NULL,NULL,1,'2022-10-03 11:10:10','2023-06-19 11:16:55','2022-10-03 11:10:10','2023-06-19 11:22:19','barre.christian.54@gmail.com',NULL,NULL,'2023-06-19 11:22:15',0,0,'88.139.75.11','90.66.51.103'),(14,'Andrea BATANY','andrea.batany@gmail.com','$2y$10$VwtLBcZqeSzQByQwifqrGuYt9bL2TnxiTowk5ow1Sixs0264oQ4Dq',NULL,NULL,NULL,NULL,1,'2022-10-03 11:18:07','2023-06-19 11:22:32','2022-10-03 11:18:07','2023-06-19 11:23:47','andrea.batany@gmail.com',NULL,NULL,'2023-06-19 11:22:32',0,0,'88.139.75.11','90.66.51.103'),(15,'Elena BEAU','camellia15@mail.ru','$2y$10$7b3HHbs5TW5oPTBPjFBF9.3QW1u4qEQrBivUmT3H7MqEppkcGO0K6',NULL,NULL,NULL,NULL,1,'2022-10-03 15:47:59','2023-06-19 11:25:43','2022-10-03 15:47:59','2023-06-19 11:26:50','camellia15@mail.ru',NULL,NULL,'2023-06-19 11:25:43',0,0,'88.139.75.11','90.66.51.103'),(16,'Olesya BEREZA','olesyaber@yahoo.fr','$2y$10$vdWXDVjczaQ6CRr5HAkys.iX5ckFGThwIkRP485WVkOdgYAA9PB7a',NULL,NULL,NULL,NULL,1,'2022-10-03 16:11:26','2023-06-19 13:35:26','2022-10-03 16:11:26','2023-06-19 13:36:32','olesyaber@yahoo.fr',NULL,NULL,'2023-06-19 13:35:26',0,0,'88.139.75.11','90.66.51.103'),(17,'Susan BERNARD','sbernard28@gmail.com','$2y$10$mLhk2apaZZNwIzr1mBAkOeneLvV8FUbXBfsF.50Uv4zvwGGIQS4Z2',NULL,NULL,NULL,NULL,1,'2022-10-03 16:18:17','2023-06-19 13:37:17','2022-10-03 16:18:17','2023-06-19 13:39:01','sbernard28@gmail.com',NULL,NULL,'2023-06-19 13:37:17',0,0,'88.139.75.11','90.66.51.103'),(18,'Irina BERTHELOT','irina.berthelot@orange.fr','$2y$10$Agu44W9c8QSXQWGV3fTjyOPinIC0D0SbX4yH4TZ7mO7baruGWc2ZC',NULL,NULL,NULL,NULL,1,'2022-10-03 18:07:04','2023-06-19 13:39:52','2022-10-03 18:07:03','2023-06-19 13:40:46','irina.berthelot@orange.fr',NULL,NULL,'2023-06-19 13:39:52',0,0,'88.139.75.11','90.66.51.103'),(19,'Elena BERTRAND','bertrandelena@gmail.com','$2y$10$CuyenYMUZ03VYXX74K/Ut.VvVgny3yVhVnvlvft4Zm9bMVhCKUuNm',NULL,NULL,NULL,NULL,1,'2022-10-03 18:15:24','2023-06-19 13:41:32','2022-10-03 18:15:24','2023-06-19 13:42:26','bertrandelena@gmail.com',NULL,NULL,'2023-06-19 13:41:32',0,0,'88.139.75.11','90.66.51.103'),(20,'Kellen BILLOT','billot.kellen@gmail.com','$2y$10$5bWAFkPMJAEUT6qE1rfE/uxKbyfe07jWSbqU6wO.tUuVG71zYapRm',NULL,NULL,NULL,NULL,1,'2022-10-03 18:26:17','2023-06-19 13:43:25','2022-10-03 18:26:17','2023-06-19 13:45:16','billot.kellen@gmail.com',NULL,NULL,'2023-06-19 13:43:25',0,0,'88.139.75.11','90.66.51.103'),(21,'Laurent BLANCHARD SANSIERRA','lplblanchard@gmail.com','$2y$10$Fh5ZEQPLOZL2ixOZSHqF4OKNDVV7wOdbvPhCHdPaqFCwQdaZiB5LC',NULL,NULL,NULL,NULL,1,'2022-10-03 18:33:47','2023-06-19 13:45:28','2022-10-03 18:33:47','2023-06-19 13:46:01','lplblanchard@gmail.com',NULL,NULL,'2023-06-19 13:45:28',0,0,'88.139.75.11','90.66.51.103'),(22,'Boguslawa BORAK','boguslawa.borak@orange.fr','$2y$10$V4XhPJmdSSKRzuQnL.1xZOC9.aechv8GC98lbFE1NeIb.kP5jTQDG',NULL,NULL,NULL,NULL,1,'2022-10-03 19:03:57','2023-06-19 13:48:49','2022-10-03 19:03:57','2023-06-19 13:49:36','boguslawa.borak@orange.fr',NULL,NULL,'2023-06-19 13:48:49',0,0,'88.139.75.11','90.66.51.103'),(23,'Jeanet BOS','jeanet@free.fr','$2y$10$2q50BJm0/I7EnNwOSoFQPuuP8UDMw7Ij.GVXEmYsLbCBget4keYui',NULL,NULL,NULL,NULL,1,'2022-10-03 19:09:36','2022-10-04 18:15:49','2022-10-03 19:09:36','2022-10-04 18:16:57','jeanet@free.fr',NULL,NULL,'2022-10-04 18:15:49',0,0,'88.139.75.11','88.139.75.11'),(24,'Carla BOSSI','bossicarla@gmail.com','$2y$10$DlaDym5c2tq/bjE9RjpfoOKG0ExvHGBKCZZVf9RR4ugl5ViLb2Klm',NULL,NULL,NULL,NULL,1,'2022-10-03 19:17:12','2022-10-03 19:17:12','2022-10-03 19:17:12','2022-10-03 19:18:52','bossicarla@gmail.com',NULL,NULL,NULL,0,0,'88.139.75.11','88.139.75.11'),(25,'Khadija BOURA','etaf.cours@gmail.com','$2y$10$sPBvAKB7cWXYBghwv/ooLuincymPNxqhT/eBvsXosqTKAkLBlgvka',NULL,NULL,NULL,NULL,1,'2022-10-03 19:23:54','2023-06-19 14:03:26','2022-10-03 19:23:53','2023-06-19 14:04:35','etaf.cours@gmail.com',NULL,NULL,'2023-06-19 14:03:26',0,0,'88.139.75.11','90.66.51.103'),(26,'Anne-Sophie BOURGEOIS','asbourgeois@yahoo.fr','$2y$10$q4uzEk7HKYG/JIQCNFuB1.0NtReuaEQTqjk.4YCSMcIZhQUzzijMy',NULL,NULL,NULL,NULL,1,'2022-10-03 19:31:34','2023-06-19 14:06:32','2022-10-03 19:31:34','2023-06-19 14:07:21','asbourgeois@yahoo.fr',NULL,NULL,'2023-06-19 14:06:32',0,0,'88.139.75.11','90.66.51.103'),(27,'Svetlana BOURGUIGNON','assermente.traducteur@gmail.com','$2y$10$MOK15dcCyv1Bqf4JSkddNe1OI.2p64eC2/c5GfEV8r2qlI12gjrjq',NULL,NULL,NULL,NULL,1,'2022-10-04 17:58:28','2023-06-19 14:08:26','2022-10-04 17:58:28','2023-06-19 14:09:09','assermente.traducteur@gmail.com',NULL,NULL,'2023-06-19 14:08:27',0,0,'88.139.75.11','90.66.51.103'),(28,'Nicole BOUCHEZ','nbouchez@free.fr','$2y$10$tJMBGEaTb/mVbDrqVcP.CuudXtQrwIdpEbF0/xCbKvcyXYJD5q9PS',NULL,NULL,NULL,NULL,1,'2022-10-04 18:23:47','2023-06-19 13:56:45','2022-10-04 18:23:47','2023-06-19 13:58:11','nbouchez@free.fr',NULL,NULL,'2023-06-19 13:56:45',0,0,'88.139.75.11','90.66.51.103'),(29,'Yuyao XIA BRETON','yuyao.xia.breton@gmail.com','$2y$10$bOZ9q1xv/nII6N.1oenYROwy2YxEYCB3iEzgwwtGa3duOFCLQCl76',NULL,NULL,NULL,NULL,1,'2022-10-04 18:36:55','2023-06-19 14:10:14','2022-10-04 18:36:55','2023-06-19 14:10:48','yuyao.xia.breton@gmail.com',NULL,NULL,'2023-06-19 14:10:14',0,0,'88.139.75.11','90.66.51.103'),(30,'Justine BUAND','justine.buand09@gmail.com','$2y$10$l3072Liy9ntENJWCABC19.zb.MLLXv8O.bnQvmQBD/rIsy7borg62',NULL,NULL,NULL,NULL,1,'2022-10-04 19:01:34','2023-06-19 14:11:49','2022-10-04 19:01:34','2023-06-19 14:12:59','justine.buand09@gmail.com',NULL,NULL,'2023-06-19 14:11:49',0,0,'88.139.75.11','90.66.51.103'),(31,'Tsismari BUCHUKURI','maricisa@yahoo.fr','$2y$10$BALEeDI8i3Dgi5R/6w/clOEh5LsWIOQIqb5Mvnda3Cz9b093t85se',NULL,NULL,NULL,NULL,1,'2022-10-04 19:11:03','2023-06-19 14:13:13','2022-10-04 19:11:03','2023-06-19 14:13:59','maricisa@yahoo.fr',NULL,NULL,'2023-06-19 14:13:13',0,0,'88.139.75.11','90.66.51.103'),(32,'Natallia CALVEL','natallia09@orange.fr','$2y$10$3mQdUVQdMmN5bw57r0Zzx.DkyhoSPNlz.Rkrjp/oJuJ32U1c.2RK2',NULL,NULL,NULL,NULL,1,'2022-10-04 19:20:10','2023-06-19 14:15:02','2022-10-04 19:20:10','2023-06-19 14:16:08','natallia09@orange.fr',NULL,NULL,'2023-06-19 14:15:02',0,0,'88.139.75.11','90.66.51.103'),(33,'Romina CARAVELLO','romina.caravello@gmail.com','$2y$10$OU.Yne9mc5UkXqSXyrWKS.mhf/15FKKCn.kvJ4hPrRq44cp0ZWCS.',NULL,NULL,NULL,NULL,1,'2022-10-04 19:25:46','2023-06-19 14:17:10','2022-10-04 19:25:46','2023-06-19 14:18:07','romina.caravello@gmail.com',NULL,NULL,'2023-06-19 14:17:10',0,0,'88.139.75.11','90.66.51.103'),(34,'Valérie CARDING LANGLOIS','vcarding@rv-traduction.fr','$2y$10$wsomckOhbpHurkFq3Itzr.Nc342QRCIYxDTEIaT0PvWlo5a/hWPHq',NULL,NULL,NULL,NULL,1,'2022-10-04 19:32:15','2023-06-19 14:19:15','2022-10-04 19:32:15','2023-06-19 14:19:54','vcarding@rv-traduction.fr',NULL,NULL,'2023-06-19 14:19:15',0,0,'88.139.75.11','90.66.51.103'),(35,'Marielle CARVALHO','mcarvalho@noos.fr','$2y$10$8h2/HaM1nc9gKnz3J539uOt1SheywE9DQK4nzseR1BDOjc/ANQ8a.',NULL,NULL,NULL,NULL,1,'2022-10-04 19:39:52','2023-06-19 14:20:40','2022-10-04 19:39:52','2023-06-19 14:21:42','mcarvalho@noos.fr',NULL,NULL,'2023-06-19 14:20:40',0,0,'88.139.75.11','90.66.51.103'),(36,'Katalin CASTELLAN','castellank@yahoo.fr','$2y$10$weosMUzN6.94JQKbkrAYbe26zdZsLmx9hn8gF25wSgoy2FJN6nWnm',NULL,NULL,NULL,NULL,1,'2022-10-04 19:57:17','2023-06-19 14:21:53','2022-10-04 19:57:16','2023-06-19 14:22:27','castellank@yahoo.fr',NULL,NULL,'2023-06-19 14:21:53',0,0,'88.139.75.11','90.66.51.103'),(38,'Julie CATOR-ROUILLER','julie@juliecator.eu','$2y$10$i6aUcK3AwxUJn1go.nL5nehwy/BOjou1ugAhIFcMJfvSkWWlpHNxi',NULL,NULL,NULL,NULL,1,'2022-10-04 20:04:29','2023-06-19 14:24:27','2022-10-04 20:04:29','2023-06-19 14:25:12','julie@juliecator.eu',NULL,NULL,'2023-06-19 14:24:27',0,0,'88.139.75.11','90.66.51.103'),(39,'Virginie CAURA','vcaura@hotmail.com','$2y$10$offDM/FXnqrXxJtKPvuVZu1f09xjVO0ccjGZIDP3MvtPC1Vm3j3Oe',NULL,NULL,NULL,NULL,1,'2022-10-04 20:11:11','2023-06-19 14:26:54','2022-10-04 20:11:11','2023-06-19 14:27:48','vcaura@hotmail.com',NULL,NULL,'2023-06-19 14:26:54',0,0,'88.139.75.11','90.66.51.103'),(40,'Ana CESAR GIULANI','anigiulianicesar@gmail.com','$2y$10$lMK4GQsHvXKZCAyuqExP2.qheJREYTdJHfsyYLulXOgYlNs1Qvu5C',NULL,NULL,NULL,NULL,1,'2022-10-04 20:20:54','2023-06-19 14:29:00','2022-10-04 20:20:54','2023-06-19 14:30:14','anigiulianicesar@gmail.com',NULL,NULL,'2023-06-19 14:29:00',0,0,'88.139.75.11','90.66.51.103'),(41,'Joël CESAR','info.acgtrad@gmail.com','$2y$10$4kVnTrsaYQF1GGBG37lBzuKdOhBEdIgIYzl5w.IAb/rA2v5s4.okC',NULL,NULL,NULL,NULL,1,'2022-10-04 20:26:09','2023-06-19 14:30:28','2022-10-04 20:26:09','2023-06-19 14:31:46','info.acgtrad@gmail.com',NULL,NULL,'2023-06-19 14:30:28',0,0,'88.139.75.11','90.66.51.103'),(42,'Anastasia CHABAS','chabaslanguerusse@gmail.com','$2y$10$Qthd64hNh8fj3iXFbt1Qm.0JJ9aUvbCaSCQc9o7EJFFyy.s1fYzQW',NULL,NULL,NULL,NULL,1,'2022-10-04 20:38:29','2022-10-04 20:38:29','2022-10-04 20:38:29','2022-10-04 20:39:46','chabaslanguerusse@gmail.com',NULL,NULL,NULL,0,0,'88.139.75.11','88.139.75.11'),(43,'Maria CHALLOT','mariachallot@gmail.com','$2y$10$RfYQGaq.yy5ZaovaqZ2rU.guN4opCOLMhqRBqrHQ7wvpvLlZKNCyG',NULL,NULL,NULL,NULL,1,'2022-10-04 20:44:52','2023-06-19 14:32:02','2022-10-04 20:44:52','2023-06-19 14:32:43','mariachallot@gmail.com',NULL,NULL,'2023-06-19 14:32:03',0,0,'88.139.75.11','90.66.51.103'),(44,'Michelle CHAPPELLE','misicka.m.m@gmail.com','$2y$10$dW.vKmZJDfjdriobUClYBOFYDmYzMxaKngMhpwFRVtgSeoUPmmmAC',NULL,NULL,NULL,NULL,1,'2022-10-04 20:51:38','2023-06-19 14:33:25','2022-10-04 20:51:38','2023-06-19 14:34:11','misicka.m.m@gmail.com',NULL,NULL,'2023-06-19 14:33:25',0,0,'88.139.75.11','90.66.51.103'),(45,'Meiqing CHEN-DURIVAUX','mei.durivaux@gmail.com','$2y$10$JOdyzyvO29jUYdepZFNrWOvZB0TAi9NdRQoZW17BShFD8ASywI4eW',NULL,NULL,NULL,NULL,1,'2022-10-04 21:16:27','2023-06-19 14:37:29','2022-10-04 21:16:27','2023-06-19 14:38:05','mei.durivaux@gmail.com',NULL,NULL,'2023-06-19 14:37:30',0,0,'88.139.75.11','90.66.51.103'),(46,'Vasile CHIPER','vasilechiper@yahoo.fr','$2y$10$m6iQfcGcbW5kD6dZxmc8vewIF/ilOybsMEsw3oLYKUCcJdqRl4fIC',NULL,NULL,NULL,NULL,1,'2022-10-04 21:23:41','2023-06-20 14:08:48','2022-10-04 21:23:41','2023-06-20 14:09:30','vasilechiper@yahoo.fr',NULL,NULL,'2023-06-20 14:08:48',0,0,'88.139.75.11','90.66.51.103'),(47,'Manuela CIURUC','manuela.ciuruc@gmail.com','$2y$10$k8rvWtfXNnM2kR0jse3LwO3f/jl9hV82rLpcUESaXKVtpilpxtBK6',NULL,NULL,NULL,NULL,1,'2022-10-04 21:30:40','2023-06-20 14:10:04','2022-10-04 21:30:40','2023-06-20 14:10:58','manuela.ciuruc@gmail.com',NULL,NULL,'2023-06-20 14:10:05',0,0,'88.139.75.11','90.66.51.103'),(48,'Nang Arya CHOUNRAMANY','aryaprof34@gmail.com','$2y$10$qPq03qlTx45Uqpl0BmC.BOztvZZN7tNo59Zx.E.3PVr/ygLdOpnpC',NULL,NULL,NULL,NULL,1,'2022-10-04 21:36:24','2023-06-20 14:12:19','2022-10-04 21:36:24','2023-06-20 14:13:14','aryaprof34@gmail.com',NULL,NULL,'2023-06-20 14:12:20',0,0,'88.139.75.11','90.66.51.103'),(49,'Laurent CHU','laurentchu33@gmail.com','$2y$10$f1nrEJhfDrluz3/PhJNRRu1W/YEgs6AF0nsfKKYEbtH/gBfAn1qkS',NULL,NULL,NULL,NULL,1,'2022-10-04 21:42:31','2023-06-20 14:15:18','2022-10-04 21:42:31','2023-06-20 14:16:19','laurentchu33@gmail.com',NULL,NULL,'2023-06-20 14:15:18',0,0,'88.139.75.11','90.66.51.103'),(50,'Giuseppina BATTAGLIA CIFFROY','battrad19@gmail.com','$2y$10$wh7W6OdahEyWqs.YgtwiY./bMUv3qdF9Rf2aqtr2w.iioadF3eAIm',NULL,NULL,NULL,NULL,1,'2022-10-04 21:48:47','2023-06-20 14:17:39','2022-10-04 21:48:46','2023-06-20 14:18:26','battrad19@gmail.com',NULL,NULL,'2023-06-20 14:17:39',0,0,'88.139.75.11','90.66.51.103'),(51,'Fernanda CLEMENTE PETROVIC','ftpetrovic@gmail.com','$2y$10$XMbhXSLQxbHs02HMR6uwcew0iAskGEzpDVws996Fd1thMbiYDg1WS',NULL,NULL,NULL,NULL,1,'2022-10-04 21:59:10','2023-06-20 14:20:30','2022-10-04 21:59:10','2023-06-20 14:21:05','ftpetrovic@gmail.com',NULL,NULL,'2023-06-20 14:20:30',0,0,'88.139.75.11','90.66.51.103'),(52,'Lina CHATAINIER','contact.tradlin@gmail.com','$2y$10$Meriq8PzX0iF93BCsiQhmOxOj/6ltu2ZWgpbC7cSFXcu56trg19Gy',NULL,NULL,NULL,NULL,1,'2022-10-05 10:08:46','2023-06-19 14:36:03','2022-10-05 10:08:46','2023-06-19 14:36:51','contact.tradlin@gmail.com',NULL,NULL,'2023-06-19 14:36:04',0,0,'2a01:cb09:e052:4dfa:f857:9f8c:d9a7:409e','90.66.51.103'),(53,'Constance COURCIERES','c.courcieres7@gmail.com','$2y$10$clVRjF3qouA6ENBA.kxUg.e24nzIeEglOhqC4/2jF7zKTTvvqjeb6',NULL,NULL,NULL,NULL,1,'2022-10-05 10:19:23','2023-06-20 14:22:27','2022-10-05 10:19:23','2023-06-20 14:23:07','c.courcieres7@gmail.com',NULL,NULL,'2023-06-20 14:22:27',0,0,'2a01:cb09:e052:4dfa:f857:9f8c:d9a7:409e','90.66.51.103'),(54,'Rina COVA','rinacova@yahoo.fr','$2y$10$CYPGm8MlcXIdhnZ1G/jLB.CFwtSA1YMl4ZIYyIzpXxUevLC9L12za',NULL,NULL,NULL,NULL,1,'2022-10-05 10:35:39','2023-06-20 14:25:16','2022-10-05 10:35:39','2023-06-20 14:26:12','rinacova@yahoo.fr',NULL,NULL,'2023-06-20 14:25:17',0,0,'2a01:cb09:e052:4dfa:f857:9f8c:d9a7:409e','90.66.51.103'),(56,'Sophie CURATO','s.curato@choroksanst.com','$2y$10$Z3.Roz2yHSo5J7YEfQJYZ.pMNr32l.hh5FvsqZNT/sMkSQMXL7chC',NULL,NULL,NULL,NULL,1,'2022-10-05 10:45:16','2023-06-20 14:27:19','2022-10-05 10:45:16','2023-06-20 14:28:06','s.curato@choroksanst.com',NULL,NULL,'2023-06-20 14:27:20',0,0,'2a01:cb09:e052:4dfa:f857:9f8c:d9a7:409e','90.66.51.103'),(57,'Jana CVIRKOVA','jcvirk31@gmail.com','$2y$10$6rn3sT2K6/TYke2Hiq2p/On/26oziO7PJjodSO5XB8Z/OtbRean2y',NULL,NULL,NULL,NULL,1,'2022-10-09 10:14:10','2023-06-20 14:30:05','2022-10-09 10:14:10','2023-06-20 14:31:06','jcvirk31@gmail.com',NULL,NULL,'2023-06-20 14:30:05',0,0,'88.139.75.11','90.66.51.103'),(58,'Nona DARJANIA','nona4365@aliceadsl.fr','$2y$10$0Ow7WOLcW4cxLKgR.G.SIerw8DcPGRclRsk62X2SL4lKsaa2JbXHi',NULL,NULL,NULL,NULL,1,'2022-10-15 08:49:08','2023-06-20 15:00:25','2022-10-15 08:49:08','2023-06-20 15:01:52','nona4365@aliceadsl.fr',NULL,NULL,'2023-06-20 15:00:25',0,0,'88.139.75.11','90.66.51.103'),(59,'Isabelle DAMAY','damay.isabelle@9business.fr','$2y$10$D3rqFQrpRmKfahVYzAwiX.MrG2tr6PNFHlD6NicLS2lterVmwNQEu',NULL,NULL,NULL,NULL,1,'2022-10-15 09:00:05','2023-06-20 14:31:59','2022-10-15 09:00:05','2023-06-20 14:32:44','damay.isabelle@9business.fr',NULL,NULL,'2023-06-20 14:31:59',0,0,'88.139.75.11','90.66.51.103'),(60,'Ninder DAVINDER PAL','hninder@hotmail.com','$2y$10$RYbaoCHxWkrcr4ibnH3n.OOfZhr8IwaONxsXQz1ZTn7XM8kRgGTxe',NULL,NULL,NULL,NULL,1,'2022-10-15 15:34:41','2023-06-20 15:02:46','2022-10-15 15:34:41','2023-06-20 15:03:51','hninder@hotmail.com',NULL,NULL,'2023-06-20 15:02:46',0,0,'88.139.75.11','90.66.51.103'),(61,'Katarzyna DE BURGHGRAVE','kdbes@sfr.fr','$2y$10$EtDCj6wYZWDD1CCctodLc.nasTtii0b1bD19xyInrMYktifY84TJe',NULL,NULL,NULL,NULL,1,'2022-10-15 15:43:36','2023-06-20 15:04:49','2022-10-15 15:43:36','2023-06-20 15:05:38','kdbes@sfr.fr',NULL,NULL,'2023-06-20 15:04:49',0,0,'88.139.75.11','90.66.51.103'),(62,'Marie-Laurence DEBAISIEUX VAN DER STERREN','laurence.de.baisieux@orange.fr','$2y$10$LRAe9z2g/ZgD90FSpBMFkeg0tF7srxtewdjbdON1U.CgmboRuNLWO',NULL,NULL,NULL,NULL,1,'2022-10-15 15:52:52','2023-06-20 15:06:21','2022-10-15 15:52:52','2023-06-20 15:07:14','laurence.de.baisieux@orange.fr',NULL,NULL,'2023-06-20 15:06:21',0,0,'88.139.75.11','90.66.51.103'),(63,'Valerie DE GERANDO','degerando@hotmail.com','$2y$10$VnR6XBWPY0jdknJTu.m4E.KKVxhk7RYjouPVaPWYFwPPBKBf1LrQm',NULL,NULL,NULL,NULL,1,'2022-10-15 16:03:09','2023-06-20 15:08:15','2022-10-15 16:03:09','2023-06-20 15:08:57','degerando@hotmail.com',NULL,NULL,'2023-06-20 15:08:15',0,0,'88.139.75.11','90.66.51.103'),(64,'Gigliola DELORME','gigliola.delorme@free.fr','$2y$10$eJMDmHyShAsRJU7/vcCh3uqMxRG9bFQZefwcug1QJbipmd8CX7/hy',NULL,NULL,NULL,NULL,1,'2022-10-15 17:07:39','2023-06-20 15:09:56','2022-10-15 17:07:39','2023-06-20 15:10:47','gigliola.delorme@free.fr',NULL,NULL,'2023-06-20 15:09:57',0,0,'88.139.75.11','90.66.51.103'),(65,'Sylwia DE STAMPA','sdestampa@gmail.com','$2y$10$qfl/N71SyubYzMFlfXbpSOO9UbAYFNC.E8387LKH2heB6LmwVybpG',NULL,NULL,NULL,NULL,1,'2022-10-15 17:14:21','2023-06-20 15:17:56','2022-10-15 17:14:21','2023-06-20 15:18:51','sdestampa@gmail.com',NULL,NULL,'2023-06-20 15:17:56',0,0,'88.139.75.11','90.66.51.103'),(66,'Marion DESTOOP-BOZTEPE','destoop.marion@gmail.com','$2y$10$w1WH5UtD4e.Tm0M61zRMl.BkV.lWkTlBg3y4bl.ZXhFqLlt0FUbiu',NULL,NULL,NULL,NULL,1,'2022-10-15 18:53:07','2023-06-20 15:19:29','2022-10-15 18:53:07','2023-06-20 15:20:17','destoop.marion@gmail.com',NULL,NULL,'2023-06-20 15:19:29',0,0,'88.139.75.11','90.66.51.103'),(67,'Maria Guadalupe DE ROTALIER COUTO','guadacouto@hotmail.com','$2y$10$d5s5ZouJLDm53dWfl8NPG.tXohnLHvvJiaCo.Nhwp1ifh.ndyEBy.',NULL,NULL,NULL,NULL,1,'2022-10-15 18:59:51','2023-06-20 14:23:51','2022-10-15 18:59:51','2023-06-20 14:24:36','guadacouto@hotmail.com',NULL,NULL,'2023-06-20 14:23:51',0,0,'88.139.75.11','90.66.51.103'),(68,'Sandrine DETIENNE','detienne.esit@gmail.com','$2y$10$u2O.7GmuIH1hjkBdlOfUFO7d/MkACYIHfNaHqZbUBMDlSUSsSbG2u',NULL,NULL,NULL,NULL,1,'2022-10-15 19:06:09','2023-06-20 15:21:28','2022-10-15 19:06:09','2023-06-20 15:21:59','detienne.esit@gmail.com',NULL,NULL,'2023-06-20 15:21:28',0,0,'88.139.75.11','90.66.51.103'),(69,'Alvaro DIEZ ALEJANDRE','trad.alvaro@gmail.com','$2y$10$294xCiyeWY.DaQ7a3XZL3OAWxPPl5l72.HKe11V96t/1fYij9zOSW',NULL,NULL,NULL,NULL,1,'2022-10-15 19:11:50','2023-06-20 15:22:49','2022-10-15 19:11:50','2023-06-20 15:23:31','trad.alvaro@gmail.com',NULL,NULL,'2023-06-20 15:22:49',0,0,'88.139.75.11','90.66.51.103'),(70,'Natalia DOS SANTOS','natalia.traduction78@gmail.com','$2y$10$SXjgozLGc6X13uMMCS7JX.pwz6gdxSckI8acx9D1e0doMfPLFvzKO',NULL,NULL,NULL,NULL,1,'2022-10-15 19:17:59','2023-06-20 15:25:41','2022-10-15 19:17:59','2023-06-20 15:26:16','natalia.traduction78@gmail.com',NULL,NULL,'2023-06-20 15:25:42',0,0,'88.139.75.11','90.66.51.103'),(71,'Rosanna D\'OVIDIO CIVARDI','ros.dovidio@gmail.com','$2y$10$A090piaClzBEyIp9L7103ew8wWdZqEhqcjgvBdIjGb2Qba2iPVceS',NULL,NULL,NULL,NULL,1,'2022-10-15 19:24:45','2023-06-20 15:26:58','2022-10-15 19:24:45','2023-06-20 15:27:45','ros.dovidio@gmail.com',NULL,NULL,'2023-06-20 15:26:58',0,0,'88.139.75.11','90.66.51.103'),(72,'Alain DUCOUDRET','a.ducoudret@orange.fr','$2y$10$0Wz6dWJltnUvEZ4mNFMCcO6Y9NkhMJ5RNeD/jTaE8rA3thL3xchPm',NULL,NULL,NULL,NULL,1,'2022-10-15 19:48:34','2023-06-27 08:16:53','2022-10-15 19:48:33','2023-06-27 08:17:29','a.ducoudret@orange.fr',NULL,NULL,'2023-06-27 08:16:53',0,0,'88.139.75.11','83.159.84.155'),(73,'Nao DUPONT','fujiwaranao.pro@gmail.com','$2y$10$gTrbK6SIk50qqmbbuieCNephrbafueI0c4BKSfpyYXndcntwHLa.6',NULL,NULL,NULL,NULL,1,'2022-10-15 19:54:15','2023-06-20 15:32:54','2022-10-15 19:54:15','2023-06-20 15:33:50','fujiwaranao.pro@gmail.com',NULL,NULL,'2023-06-20 15:32:54',0,0,'88.139.75.11','90.66.51.103'),(74,'Atsuko EGUCHI','atsukoeguchi371@gmail.com','$2y$10$S5WGecjnVwIWsVJJcCW/JexMSXu2yUYRzWsZiDVEayYUpvg1ItmbS',NULL,NULL,NULL,NULL,1,'2022-10-15 20:09:32','2023-06-22 09:17:40','2022-10-15 20:09:32','2023-06-22 09:39:54','atsukoeguchi371@gmail.com',NULL,NULL,'2023-06-22 09:38:13',0,0,'88.139.75.11','83.159.84.155'),(75,'Mohamed ELKADIB','elkadibtrad@gmail.com','$2y$10$2sYObW5z5aKsB27nSfvq2.uJF5hF6YJB6.abZPNZr1bWV7MW8eIXS',NULL,NULL,NULL,NULL,1,'2022-10-16 05:56:30','2023-06-22 09:41:05','2022-10-16 05:56:30','2023-06-22 09:43:05','elkadibtrad@gmail.com',NULL,NULL,'2023-06-22 09:41:05',0,0,'88.139.75.11','83.159.84.155'),(76,'Fabiola AMORIM SANTOS ENGEL','fabiola.engel@hotmail.com','$2y$10$sJzP8j7pNZUhsDRQpGJ6y.NDEjmpY1Oc5ofBTQVSHAymRqCwuT8k.',NULL,NULL,NULL,NULL,1,'2022-10-16 06:43:35','2023-06-22 09:43:27','2022-10-16 06:43:35','2023-06-22 09:44:54','fabiola.engel@hotmail.com',NULL,NULL,'2023-06-22 09:43:27',0,0,'88.139.75.11','83.159.84.155'),(77,'Sarah FALCETO','sarah1falceto@yahoo.fr','$2y$10$mA7sKuzlbqwYxhdeQAhPAukZvCk2aiX45KuSRhJimf.YCeLs7BXfW',NULL,NULL,NULL,NULL,1,'2022-10-16 06:51:37','2022-10-16 06:51:37','2022-10-16 06:51:37','2022-10-16 06:52:33','sarah1falceto@yahoo.fr',NULL,NULL,NULL,0,0,'88.139.75.11','88.139.75.11'),(78,'José FERNANDEZ','jfernandez@parisoviedo.es','$2y$10$zyi7DBgaxYloKdqiBq8RDubJdqK0zzvlQ3AQixdFjW8l/gAZ6Ovje',NULL,NULL,NULL,NULL,1,'2022-10-16 06:57:48','2023-06-22 09:45:18','2022-10-16 06:57:48','2023-06-22 09:46:40','jfernandez@parisoviedo.es',NULL,NULL,'2023-06-22 09:45:18',0,0,'88.139.75.11','83.159.84.155'),(79,'Simona FERRARI','simona.ferrari@hotmail.fr','$2y$10$Xt26rk0F/6ah26ZK.RVNMeyBMPzIsUev/zpYJ5ipy8KBx8VZv8ee.',NULL,NULL,NULL,NULL,1,'2022-10-16 07:05:40','2023-06-22 09:50:35','2022-10-16 07:05:40','2023-06-22 09:51:45','simona.ferrari@hotmail.fr',NULL,NULL,'2023-06-22 09:50:35',0,0,'88.139.75.11','83.159.84.155'),(80,'Marta GALLOTTA','gallottamt@gmail.com','$2y$10$LvB74oBZ2KysYwE/IJdnFOxmZ4.PL0JB0Vct3Px5gJdRoD.GK3rdS',NULL,NULL,NULL,NULL,1,'2022-10-16 07:12:21','2023-06-22 10:02:43','2022-10-16 07:12:20','2023-06-22 10:03:23','gallottamt@gmail.com',NULL,NULL,'2023-06-22 10:02:43',0,0,'88.139.75.11','83.159.84.155'),(81,'Ana Belén GARCIA CANO','annabelengarcia@hotmail.com','$2y$10$VefBIe1nGe4niUOVDyTMlus.UylR0f26Texdha7pjRFLU/0db5XUW',NULL,NULL,NULL,NULL,1,'2022-10-16 08:09:13','2023-06-22 10:03:44','2022-10-16 08:09:13','2023-06-22 10:04:23','annabelengarcia@hotmail.com',NULL,NULL,'2023-06-22 10:03:44',0,0,'88.139.75.11','83.159.84.155'),(82,'Hassan GHARIBI','hassan_gharibi@yahoo.fr','$2y$10$kSYu9wFp1GTzd8dltC2ZN.KyndJUFRlGeRAXvW.ybPVmCLBv197BK',NULL,NULL,NULL,NULL,1,'2022-10-16 08:14:46','2023-06-22 10:04:45','2022-10-16 08:14:46','2023-06-22 10:05:36','hassan_gharibi@yahoo.fr',NULL,NULL,'2023-06-22 10:04:45',0,0,'88.139.75.11','83.159.84.155'),(83,'Farideh GENOT - VAHEDI BODLA','f.vahedi@orange.fr','$2y$10$cMyKcQXDX4TVyBKIdkygoOAASjN89e4/PkeRhkp2/SDK7BIqJrpAm',NULL,NULL,NULL,NULL,1,'2022-10-16 08:46:55','2023-06-27 07:42:29','2022-10-16 08:46:55','2023-06-27 07:43:01','f.vahedi@orange.fr',NULL,NULL,'2023-06-27 07:42:29',0,0,'88.139.75.11','83.159.84.155'),(84,'Rodger GIANNICO','traducteur@wanadoo.fr','$2y$10$ULIyl6NePXmOd6IzNZiN7.dD/E1klzMMlft7fPYtqwg4Zeczg0IO6',NULL,NULL,NULL,NULL,1,'2022-10-16 12:18:01','2023-06-22 10:05:59','2022-10-16 12:18:01','2023-06-22 10:06:40','traducteur@wanadoo.fr',NULL,NULL,'2023-06-22 10:05:59',0,0,'88.139.75.11','83.159.84.155'),(85,'Aïcha GUENNOUNI','guennouniinterprete@gmail.com','$2y$10$pQqROZjV34UVtNRhFVAyVOVGubpYYDGmAlU61KoOwb0zFg7SBhfty',NULL,NULL,NULL,NULL,1,'2022-10-16 12:23:22','2023-06-22 10:09:29','2022-10-16 12:23:22','2023-06-22 10:10:58','guennouniinterprete@gmail.com',NULL,NULL,'2023-06-22 10:09:29',0,0,'88.139.75.11','83.159.84.155'),(86,'Emmanuelle GUERREIRO','emma.guerreiro@yahoo.fr','$2y$10$5Hpfg4Ce1YoCmOW0pZzEAenW2k28To29UoCMLBsUHWIXKqPN7hlOq',NULL,NULL,NULL,NULL,1,'2022-10-16 12:30:32','2023-06-22 10:11:20','2022-10-16 12:30:32','2023-06-22 10:11:55','emma.guerreiro@yahoo.fr',NULL,NULL,'2023-06-22 10:11:20',0,0,'88.139.75.11','83.159.84.155'),(87,'Döndü MAGARALI GÜLNERGIZ','dondugulnergiz2@gmail.com','$2y$10$LPNkpIcGRmNCwz1RL4K4deW/DhYTP/dCglYyFMvoZ0koZsKDnIj/W',NULL,NULL,NULL,NULL,1,'2022-10-16 12:39:23','2023-06-22 10:12:20','2022-10-16 12:39:22','2023-06-22 10:14:10','dondugulnergiz2@gmail.com',NULL,NULL,'2023-06-22 10:12:20',0,0,'88.139.75.11','83.159.84.155'),(88,'Maria Ester HABAS CASTRO','ester.habas@esterhabas-traduction.eu','$2y$10$A3mnSc9nRsoQULhUBRDkpeBHDRsjEsqqwIKLrkJpGTvJ3b64L1JzC',NULL,NULL,NULL,NULL,1,'2022-10-16 12:57:00','2023-06-22 10:17:02','2022-10-16 12:57:00','2023-06-22 10:17:32','ester.habas@esterhabas-traduction.eu',NULL,NULL,'2023-06-22 10:17:03',0,0,'88.139.75.11','83.159.84.155'),(89,'Anne-Leïla HADDAD','haddad_traductions@yahoo.fr','$2y$10$b8WK2ftZVYv3ooSoPpvk9eKJOktDIRRWIeOsl6WltwgLqjMO9dht6',NULL,NULL,NULL,NULL,1,'2022-10-16 13:05:59','2023-06-22 10:17:51','2022-10-16 13:05:59','2023-06-22 10:18:49','haddad_traductions@yahoo.fr',NULL,NULL,'2023-06-22 10:17:51',0,0,'88.139.75.11','83.159.84.155'),(90,'Iman HAGGAG','imane.haggag@gmail.com','$2y$10$BNZ8q3fxTBMnLaNDab2b4.iBn2m8HqT1Dy1zr2MpdY6npNBlCZkc2',NULL,NULL,NULL,NULL,1,'2022-10-16 13:11:06','2023-06-22 10:19:09','2022-10-16 13:11:06','2023-06-22 10:20:09','imane.haggag@gmail.com',NULL,NULL,'2023-06-22 10:19:10',0,0,'88.139.75.11','83.159.84.155'),(91,'Anaïs HAMADI','hamadianais06@gmail.com','$2y$10$t28jteYnPC2V0fuG99.4Tu5i1WS68aylRpVD8f35toEGbiILXtCaC',NULL,NULL,NULL,NULL,1,'2022-10-16 13:19:14','2023-06-22 10:20:32','2022-10-16 13:19:14','2023-06-22 10:21:22','hamadianais06@gmail.com',NULL,NULL,'2023-06-22 10:20:32',0,0,'88.139.75.11','83.159.84.155'),(92,'Rahma HAMDOUNI','miri.hamdouni@yahoo.fr','$2y$10$9ZT0.VKuu24ZGFg2SYlQH.yGh4ArpaRWxKl5Gzjt/KG2VbRpappz2',NULL,NULL,NULL,NULL,1,'2022-10-16 13:26:39','2023-06-23 09:56:57','2022-10-16 13:26:39','2023-06-23 09:57:26','miri.hamdouni@yahoo.fr',NULL,NULL,'2023-06-23 09:56:57',0,0,'88.139.75.11','2a01:e35:39f5:4180:ddef:5c91:8499:9851'),(93,'Shihab Ali HAQUE','Haque_sihab@hotmail.fr','$2y$10$HMzloZ0OEnHnz9LO47bvy.liW2V58Wzxx9dEVM4wl8EsaIMVyrD7K',NULL,NULL,NULL,NULL,1,'2022-10-16 13:35:47','2022-10-16 13:35:47','2022-10-16 13:35:47','2022-10-16 13:36:42','Haque_sihab@hotmail.fr',NULL,NULL,NULL,0,0,'88.139.75.11','88.139.75.11'),(94,'Anna HARLE D\'OPHOVE','annadophove@gmail.com','$2y$10$ZwBRuuTbnY4ylVWnIHJdgeigAcZIdQfxjIFyusSrMqG9X3dPpyG/.',NULL,NULL,NULL,NULL,1,'2022-10-16 13:41:54','2023-06-22 10:21:53','2022-10-16 13:41:54','2023-06-22 10:22:40','annadophove@gmail.com',NULL,NULL,'2023-06-22 10:21:54',0,0,'88.139.75.11','83.159.84.155'),(95,'Suzanne HARUTYUNYAN','armtrad@hotmail.fr','$2y$10$9LxbNHS5j4GPPseKuVSUDOiRcfDm2xoVba9e1jm6CRHVSmQvHsSba',NULL,NULL,NULL,NULL,1,'2022-10-16 19:05:26','2023-06-22 10:23:03','2022-10-16 19:05:26','2023-06-22 10:23:44','armtrad@hotmail.fr',NULL,NULL,'2023-06-22 10:23:04',0,0,'88.139.75.11','83.159.84.155'),(96,'Héba HELMY','hebalecocq@yahoo.fr','$2y$10$3cr9u/o/cUKvX0WNoI7BT.HimfurzzwXdsR.S0SiX3ZiBeS6LInIi',NULL,NULL,NULL,NULL,1,'2022-10-16 19:19:46','2023-06-22 10:24:04','2022-10-16 19:19:46','2023-06-22 10:25:05','hebalecocq@yahoo.fr',NULL,NULL,'2023-06-22 10:24:04',0,0,'88.139.75.11','83.159.84.155'),(97,'Elena HELSEN','elena.helsen@gmail.com','$2y$10$RYzP6jxfF8dssFW91eMNa.4hM85XvZootj66l47MzieAgx3icO0Y.',NULL,NULL,NULL,NULL,1,'2022-10-16 19:26:02','2023-06-22 10:26:50','2022-10-16 19:26:02','2023-06-22 10:27:26','elena.helsen@gmail.com',NULL,NULL,'2023-06-22 10:26:50',0,0,'88.139.75.11','83.159.84.155'),(98,'Roubik HENRIQUEL','r.sakajian.henriquel@gmail.com','$2y$10$Q8X/tpNKyFR68Ai7z4Aa1e8G0EpeOB7yYzC0ouBGcYBx6lFtlI5Oq',NULL,NULL,NULL,NULL,1,'2022-10-16 19:33:44','2023-06-22 10:27:50','2022-10-16 19:33:44','2023-06-22 10:28:19','r.sakajian.henriquel@gmail.com',NULL,NULL,'2023-06-22 10:27:50',0,0,'88.139.75.11','83.159.84.155'),(99,'Jane HENTGÈS','jane-hentges@orange.fr','$2y$10$QEbe2SayGFfa1UyoeQXj2OGEJlG059bEsctPpJi23A3lFzyFrH2IW',NULL,NULL,NULL,NULL,1,'2022-10-16 19:41:31','2022-10-16 19:41:32','2022-10-16 19:41:31','2022-10-16 19:42:34','jane-hentges@orange.fr',NULL,NULL,NULL,0,0,'88.139.75.11','88.139.75.11'),(100,'Jin HUANG-ANGLES','jinangles@gmail.com','$2y$10$2KpIFefsJ8nveJupZL6XYO4wXPnxy1g00oZU1lAiQEgi8t.4.bdYC',NULL,NULL,NULL,NULL,1,'2022-10-16 19:59:11','2023-06-22 10:29:36','2022-10-16 19:59:11','2023-06-22 10:30:01','jinangles@gmail.com',NULL,NULL,'2023-06-22 10:29:36',0,0,'88.139.75.11','83.159.84.155'),(101,'Mariette HUBERT','mariette.hubert@laposte.net','$2y$10$o3Q/2M5.19Cq6kF.vKR65uju33piKjvQyyPxIftxpAqiBjyqz37ci',NULL,NULL,NULL,NULL,1,'2022-10-16 20:04:47','2023-06-22 10:30:21','2022-10-16 20:04:47','2023-06-22 10:30:53','mariette.hubert@laposte.net',NULL,NULL,'2023-06-22 10:30:21',0,0,'88.139.75.11','83.159.84.155'),(102,'Sestawan HUYNH','piriya_sestawan@yahoo.fr','$2y$10$/VsM0f5GfuU65MyCWoagbuq071xV3jy0fZJ8EKJiUelxzeoo3QcJS',NULL,NULL,NULL,NULL,1,'2022-10-16 20:10:43','2023-06-22 10:31:17','2022-10-16 20:10:43','2023-06-22 10:31:53','piriya_sestawan@yahoo.fr',NULL,NULL,'2023-06-22 10:31:17',0,0,'88.139.75.11','83.159.84.155'),(103,'Riitta HYTTINEN','hyttinen.riitta@gmail.com','$2y$10$jSg1gVXWl/KZN.k0F0YJcem3BVDxXdt/SMfKHwCdEmBarVXhm/MZ6',NULL,NULL,NULL,NULL,1,'2022-11-23 12:44:57','2023-06-22 10:32:13','2022-11-23 12:44:57','2023-06-22 10:32:53','hyttinen.riitta@gmail.com',NULL,NULL,'2023-06-22 10:32:13',0,0,'88.139.75.11','83.159.84.155'),(104,'Katarzyna IBERHAMOVIC','kwiertel@hotmail.com','$2y$10$Ic92RfTsKxISlsWRcR3rl.ICsP7stt1BzkAKRFiggyFsSMvIKptbm',NULL,NULL,NULL,NULL,1,'2022-11-23 16:47:31','2023-06-22 10:33:14','2022-11-23 16:47:30','2023-06-22 10:33:41','kwiertel@hotmail.com',NULL,NULL,'2023-06-22 10:33:14',0,0,'2a01:cb01:2024:700e:352c:5e67:8784:383a','83.159.84.155'),(105,'Tea JORJIK\'IA','jorjikia31@gmail.com','$2y$10$0hQKzCOkTtp5Ig3ThUUxwu.SUbtUpcSSmowki/4VjgY86znwZuMXi',NULL,NULL,NULL,NULL,1,'2022-11-23 16:57:06','2023-06-22 10:37:30','2022-11-23 16:57:06','2023-06-22 10:38:14','jorjikia31@gmail.com',NULL,NULL,'2023-06-22 10:37:30',0,0,'2a01:cb01:2024:700e:352c:5e67:8784:383a','83.159.84.155'),(106,'Jacqueline JOSSET','j.josset@wanadoo.fr','$2y$10$JQj8SrXIXO48Iz2xPYheLuXJP1YYenMPwMm5ZG1ZefEB5ZsRvphym',NULL,NULL,NULL,NULL,1,'2022-11-23 18:25:46','2023-06-22 10:38:33','2022-11-23 18:25:46','2023-06-22 10:39:26','j.josset@wanadoo.fr',NULL,NULL,'2023-06-22 10:38:34',0,0,'88.139.75.11','83.159.84.155'),(107,'Selma KABAK','selma-kabak@hotmail.fr','$2y$10$TRliiq4lOT8xtS3dE5.VsudvhGHjCo4Ro7QgGiibhjs9ZzUG/R6Ja',NULL,NULL,NULL,NULL,1,'2022-11-23 18:42:53','2023-06-22 10:39:35','2022-11-23 18:42:52','2023-06-22 10:40:04','selma-kabak@hotmail.fr',NULL,NULL,'2023-06-22 10:39:35',0,0,'88.139.75.11','83.159.84.155'),(108,'Tsukasa KAWAMOTO','info@tktrad.com','$2y$10$wJuPrD3oHp9wBYv6nNzneOc/rwIjrijMy.OntXbdAEmg5PNLMRJMm',NULL,NULL,NULL,NULL,1,'2022-11-23 18:55:33','2023-06-22 10:40:27','2022-11-23 18:55:33','2023-06-22 10:40:57','info@tktrad.com',NULL,NULL,'2023-06-22 10:40:27',0,0,'88.139.75.11','83.159.84.155'),(109,'Marta KIRSCHKE PRZYBYLSKA','martakirschke@hotmail.com','$2y$10$6HJo6PEF10Fm0wJweD29DOiW5M/AYYV9oVd/zA4lS1LfrYtHJKHKe',NULL,NULL,NULL,NULL,1,'2022-11-23 19:54:28','2023-06-22 10:43:11','2022-11-23 19:54:28','2023-06-22 10:43:55','martakirschke@hotmail.com',NULL,NULL,'2023-06-22 10:43:11',0,0,'88.139.75.11','83.159.84.155'),(110,'Meriem KHETTAB','meriem.guessar@outlook.com','$2y$10$ysexfYX0PX7L89apLlZM8.j1qdjnZgnmpPwbcb9mVN1NIxI6O.EhK',NULL,NULL,NULL,NULL,1,'2022-11-23 20:01:12','2023-06-22 10:41:16','2022-11-23 20:01:12','2023-06-22 10:41:53','meriem.guessar@outlook.com',NULL,NULL,'2023-06-22 10:41:16',0,0,'88.139.75.11','83.159.84.155'),(111,'Sami KHOUZEIMI','sami_elshahat2000@yahoo.com','$2y$10$bqpJmJmQp74dK5rxDxciKueyb6UMbuhzMcs2LazD7Ji0cV3f2Snw6',NULL,NULL,NULL,NULL,1,'2022-11-23 20:06:01','2023-06-22 10:42:13','2022-11-23 20:06:01','2023-06-22 10:42:47','sami_elshahat2000@yahoo.com',NULL,NULL,'2023-06-22 10:42:13',0,0,'88.139.75.11','83.159.84.155'),(112,'Pawel KNOTHE','pt.knothe@gmail.com','$2y$10$HktOo2vUytQW33USEp4VNeggbjPphuvkFTQB83gYhKTOh13ZAHdKm',NULL,NULL,NULL,NULL,1,'2022-11-23 20:11:03','2023-06-22 10:44:04','2022-11-23 20:11:03','2023-06-22 10:44:54','pt.knothe@gmail.com',NULL,NULL,'2023-06-22 10:44:05',0,0,'88.139.75.11','83.159.84.155'),(113,'Charikleia KORNILAKI','chkornilaki@gmail.com','$2y$10$fbnMNb1LhPT48HnxgS/H4eF38/jIMvcDyEviEGZqR7QPAtoOCrKtK',NULL,NULL,NULL,NULL,1,'2022-11-23 20:17:47','2023-06-22 10:46:13','2022-11-23 20:17:47','2023-06-22 10:46:40','chkornilaki@gmail.com',NULL,NULL,'2023-06-22 10:46:13',0,0,'88.139.75.11','83.159.84.155'),(114,'Thi Kim Dung LAMOUREUX','lamykim@orange.fr','$2y$10$IMlHDPLNWYXu4U0ocLpmyO4Pf/pcJVcR4xcB24s6DE7EuE4tB5tBu',NULL,NULL,NULL,NULL,1,'2022-11-23 20:23:31','2023-06-22 10:52:33','2022-11-23 20:23:31','2023-06-23 09:35:24','lamykim@orange.fr',NULL,NULL,'2023-06-23 09:34:21',0,0,'88.139.75.11','83.159.84.155'),(115,'Elisabeth LANCZYK','lanczyk.elisabeth@gmail.com','$2y$10$9NjV3PhIvxKiV4r/5Jxm0.PW7OC7bxTBe7uYQ4nuzorRpICN0VqVS',NULL,NULL,NULL,NULL,1,'2022-11-23 20:28:59','2023-06-23 09:35:38','2022-11-23 20:28:59','2023-06-23 09:36:38','lanczyk.elisabeth@gmail.com',NULL,NULL,'2023-06-23 09:35:38',0,0,'88.139.75.11','2a01:e35:39f5:4180:ddef:5c91:8499:9851'),(116,'Liliana LATTE','liliana.latte@orange.fr','$2y$10$ZKPIDfry/DJhQZ9fAz/7n.nIjuf4lRT8SVkiMrB.mw/fEiMvm2G5.',NULL,NULL,NULL,NULL,1,'2022-11-23 20:33:57','2023-06-23 09:36:52','2022-11-23 20:33:57','2023-06-23 09:37:33','liliana.latte@orange.fr',NULL,NULL,'2023-06-23 09:36:53',0,0,'88.139.75.11','2a01:e35:39f5:4180:ddef:5c91:8499:9851'),(117,'Maria LEBRET-SANCHEZ','ma.ls@orange.fr','$2y$10$fbxR8SLps/nEeoEGzMGbYO6aA4fd0lrZCvmQuVY7836ljNJJAbYEK',NULL,NULL,NULL,NULL,1,'2022-11-24 13:44:39','2023-06-23 09:37:57','2022-11-24 13:44:38','2023-06-23 09:38:36','ma.ls@orange.fr',NULL,NULL,'2023-06-23 09:37:57',0,0,'88.139.75.11','2a01:e35:39f5:4180:ddef:5c91:8499:9851'),(118,'Gwénaëlle LE JAN-MOULART','gljm.traduction@proton.me','$2y$10$kxetlFIcnCteVr9BmeC4xOs5Y9xcOXAUiiIWhsA6RscCgQOWdTgPO',NULL,NULL,NULL,NULL,1,'2022-11-24 13:50:41','2023-06-23 09:39:24','2022-11-24 13:50:41','2023-06-23 09:39:53','gljm.traduction@proton.me',NULL,NULL,'2023-06-23 09:39:24',0,0,'88.139.75.11','2a01:e35:39f5:4180:ddef:5c91:8499:9851'),(119,'Julia LE LAY','julia.lelay@gmail.com','$2y$10$jEiK6A2hcrWTkTUnsxe4feI2GAu5fES.YjGNDqUFAfM/1xVN8UNW2',NULL,NULL,NULL,NULL,1,'2022-11-24 13:56:55','2023-06-23 09:40:11','2022-11-24 13:56:55','2023-06-23 09:40:36','julia.lelay@gmail.com',NULL,NULL,'2023-06-23 09:40:11',0,0,'88.139.75.11','2a01:e35:39f5:4180:ddef:5c91:8499:9851'),(120,'Marie-Christine LEMASSON','mclemass@club-internet.fr','$2y$10$Ex6NCXRXZC9cgzQ9.W/vP.P5kKXfleQuD093iEDZby2b/HcXOP2g6',NULL,NULL,NULL,NULL,1,'2022-11-24 14:01:26','2023-06-23 09:41:37','2022-11-24 14:01:26','2023-06-23 09:42:01','mclemass@club-internet.fr',NULL,NULL,'2023-06-23 09:41:37',0,0,'88.139.75.11','2a01:e35:39f5:4180:ddef:5c91:8499:9851'),(121,'Françoise LIEGEOIS','fliegeois@teaser.fr','$2y$10$re/BlGyQ7.fw7kLi9MNURu2Cpl2sVd7Mkgha2SRAldHjO4Obz.8Vy',NULL,NULL,NULL,NULL,1,'2022-11-24 14:05:40','2023-06-23 09:40:51','2022-11-24 14:05:39','2023-06-23 09:41:20','fliegeois@teaser.fr',NULL,NULL,'2023-06-23 09:40:51',0,0,'88.139.75.11','2a01:e35:39f5:4180:ddef:5c91:8499:9851'),(122,'Cristina LONGCHAMP','traducris@gmail.com','$2y$10$qW9px.gEmqyTfrwzOBF8YuRHzDpRtNeFqGR5sotbqokub9/avW4mG',NULL,NULL,NULL,NULL,1,'2022-11-24 14:14:31','2022-11-24 14:14:31','2022-11-24 14:14:31','2022-11-24 14:15:37','traducris@gmail.com',NULL,NULL,NULL,0,0,'88.139.75.11','88.139.75.11'),(123,'Layth MAHDI HASSAN','mhl.traducteur@hotmail.com','$2y$10$cZfMH2baUiOXEl98mJr1JurHLV5mvWO3W5QscmlnnqVqlhjWH/0RG',NULL,NULL,NULL,NULL,1,'2022-11-24 14:26:47','2023-06-23 09:43:37','2022-11-24 14:26:47','2023-06-23 09:44:00','mhl.traducteur@hotmail.com',NULL,NULL,'2023-06-23 09:43:37',0,0,'88.139.75.11','2a01:e35:39f5:4180:ddef:5c91:8499:9851'),(124,'Karima MAHTOUT','mahtout.karima@yahoo.fr','$2y$10$WFvgavZwubj1/.VUWa7cHedsQA114WJAjSavQBrXCU77FBRCcoH5S',NULL,NULL,NULL,NULL,1,'2022-11-25 06:51:31','2023-06-23 09:44:31','2022-11-25 06:51:31','2023-06-23 09:45:00','mahtout.karima@yahoo.fr',NULL,NULL,'2023-06-23 09:44:31',0,0,'88.139.75.11','2a01:e35:39f5:4180:ddef:5c91:8499:9851'),(125,'Dara MANG','daramang.expert@yahoo.fr','$2y$10$ruOHs.LV9eRIN6MH/TM3JuMsPhSP0gYo1gE4fnYNx3yKW7qShxkze',NULL,NULL,NULL,NULL,1,'2022-11-25 08:17:08','2023-06-23 09:45:15','2022-11-25 08:17:07','2023-06-23 09:45:46','daramang.expert@yahoo.fr',NULL,NULL,'2023-06-23 09:45:15',0,0,'88.139.75.11','2a01:e35:39f5:4180:ddef:5c91:8499:9851'),(126,'Ingrid MATA DUROCHER','ingridmata2002@yahoo.fr','$2y$10$sTUP190vGFNJAK7Xbf6oUOqjgzW1722209INBfTzYq6.8rq.2bAO2',NULL,NULL,NULL,NULL,1,'2022-11-25 08:26:07','2023-06-23 09:50:49','2022-11-25 08:26:07','2023-06-23 09:51:11','ingridmata2002@yahoo.fr',NULL,NULL,'2023-06-23 09:50:49',0,0,'88.139.75.11','2a01:e35:39f5:4180:ddef:5c91:8499:9851'),(127,'Neslihan MASTALSKI','neslihanmastalski@yahoo.fr','$2y$10$7ZBsX/IBx8IDoNNZx9thD.SWGN89kkMkPeMtu3maoThvclS5.m8Wa',NULL,NULL,NULL,NULL,1,'2022-11-25 08:42:29','2023-06-23 09:49:47','2022-11-25 08:42:29','2023-06-23 09:50:13','neslihanmastalski@yahoo.fr',NULL,NULL,'2023-06-23 09:49:47',0,0,'88.139.75.11','2a01:e35:39f5:4180:ddef:5c91:8499:9851'),(128,'Françoise MARIE-CLAIRE','traductions-fmc@orange.fr','$2y$10$yee7p/vTopSLZ4mee1f/oeiCqQzVhrPbhneuXdV2YfWqNr3U.N7yO',NULL,NULL,NULL,NULL,1,'2022-11-25 09:09:28','2023-06-23 09:46:08','2022-11-25 09:09:27','2023-06-23 09:46:34','traductions-fmc@orange.fr',NULL,NULL,'2023-06-23 09:46:08',0,0,'88.139.75.11','2a01:e35:39f5:4180:ddef:5c91:8499:9851'),(129,'Irina MATVIICHINE','neatrad@aol.com','$2y$10$5rhsAOWZf.AiRkeSAtFc7e385Cw/ppmOloRVAw8kaoh6Z/.kYkrTG',NULL,NULL,NULL,NULL,1,'2022-11-25 09:51:04','2023-06-23 09:52:09','2022-11-25 09:51:04','2023-06-23 09:52:37','neatrad@aol.com',NULL,NULL,'2023-06-23 09:52:10',0,0,'88.139.75.11','2a01:e35:39f5:4180:ddef:5c91:8499:9851'),(130,'Jackie MCCORQUODALE-DUPONT','jackiemcc@orange.fr','$2y$10$9gFzw5VsLbAW1MSL0wejdO55n1o49I8l49ALmqIU8B94/aglrcrWm',NULL,NULL,NULL,NULL,1,'2022-11-25 10:01:11','2023-06-23 09:52:53','2022-11-25 10:01:11','2023-06-23 09:53:23','jackiemcc@orange.fr',NULL,NULL,'2023-06-23 09:52:54',0,0,'88.139.75.11','2a01:e35:39f5:4180:ddef:5c91:8499:9851'),(131,'Abdel-Illah MEKKAOUI','mekkaoui.ab@gmail.com','$2y$10$RKyvn.Mu4ol3LQkfL6.MZ.dJZTFUiOhhfxR4Ku1ZdBb3tKX2RLeh2',NULL,NULL,NULL,NULL,1,'2022-11-25 10:07:04','2023-06-23 09:53:53','2022-11-25 10:07:03','2023-06-23 09:54:25','mekkaoui.ab@gmail.com',NULL,NULL,'2023-06-23 09:53:53',0,0,'88.139.75.11','2a01:e35:39f5:4180:ddef:5c91:8499:9851'),(132,'Mojan MEMBRADO','mojan.membrado@gmail.com','$2y$10$jHCnp1bLTnlTbTleTwp9seO.c94DWUETEKO0dRn7UNzAMTLl/Yy8y',NULL,NULL,NULL,NULL,1,'2022-11-25 12:05:52','2023-06-23 09:54:40','2022-11-25 12:05:52','2023-06-23 09:55:09','mojan.membrado@gmail.com',NULL,NULL,'2023-06-23 09:54:40',0,0,'88.139.75.11','2a01:e35:39f5:4180:ddef:5c91:8499:9851'),(133,'Danuta MERMOUD','danapol17@gmail.com','$2y$10$nkTCgI7kYN36Ao0U0CVXb.Y8bK7T47DKRzZ7lqk57o5WneWGMj2Pq',NULL,NULL,NULL,NULL,1,'2022-11-25 12:11:57','2023-06-23 09:55:27','2022-11-25 12:11:56','2023-06-23 09:55:56','danapol17@gmail.com',NULL,NULL,'2023-06-23 09:55:27',0,0,'88.139.75.11','2a01:e35:39f5:4180:ddef:5c91:8499:9851'),(134,'Eric MIGNOT-BONNEFOUS','eric.bonnefous@sotratech.com','$2y$10$4eascBY736WV1HjMmGao1etbLdv3rts7fkR2qig6dL82GfEtqkKSe',NULL,NULL,NULL,NULL,1,'2022-11-25 12:18:09','2023-06-23 09:56:25','2022-11-25 12:18:09','2023-06-23 09:56:41','eric.bonnefous@sotratech.com',NULL,NULL,'2023-06-23 09:56:25',0,0,'88.139.75.11','2a01:e35:39f5:4180:ddef:5c91:8499:9851'),(135,'Oksana MIZERAK','mizoksan@aol.com','$2y$10$J0vgj2X4H6udIgAzALLzAOVHiOLoC0ZHW6kUhzcSADqL99dI79FhK',NULL,NULL,NULL,NULL,1,'2022-11-25 14:21:34','2023-06-23 09:57:41','2022-11-25 14:21:34','2023-06-23 09:58:23','mizoksan@aol.com',NULL,NULL,'2023-06-23 09:57:41',0,0,'88.139.75.11','2a01:e35:39f5:4180:ddef:5c91:8499:9851'),(136,'Suzanne MOKHTARI DOLUI','suassadi@yahoo.fr','$2y$10$WrGuMyQBX6gccC78wX0tO.qFH6nc54q0v.uu7lGr9C.8YptJ3XnI2',NULL,NULL,NULL,NULL,1,'2022-11-25 14:27:17','2023-06-23 09:58:42','2022-11-25 14:27:16','2023-06-23 09:59:11','suassadi@yahoo.fr',NULL,NULL,'2023-06-23 09:58:42',0,0,'88.139.75.11','2a01:e35:39f5:4180:ddef:5c91:8499:9851'),(137,'Zohré MORTAZAVI','mortazavi.zohre@gmail.com','$2y$10$URqw.rYoCHJCwuyoBBPFO.q0GeVX01EqcTEc1Ib01CKT65qcbItEG',NULL,NULL,NULL,NULL,1,'2022-11-25 14:32:59','2023-06-23 09:59:35','2022-11-25 14:32:59','2023-06-23 09:59:56','mortazavi.zohre@gmail.com',NULL,NULL,'2023-06-23 09:59:35',0,0,'88.139.75.11','2a01:e35:39f5:4180:ddef:5c91:8499:9851'),(138,'Alessandra MOSCA','amoscatraduction@gmail.com','$2y$10$pYD8CeP4EMRFIlG3GYF8GeRaEoRjK.43AgR2B2QHb9ic9h.Gv7zra',NULL,NULL,NULL,NULL,1,'2022-11-25 14:50:21','2023-06-23 10:00:14','2022-11-25 14:50:20','2023-06-23 10:00:39','amoscatraduction@gmail.com',NULL,NULL,'2023-06-23 10:00:15',0,0,'88.139.75.11','2a01:e35:39f5:4180:ddef:5c91:8499:9851'),(139,'Giles MURRAY','mail@atelierdeslangues.com','$2y$10$DuTRkanidnaQfo19Q.zHgu1jZEced0aSqhQ5VuWkeP/RXR.PkvoEK',NULL,'$2y$10$k2vOCcX./7UcgsLl8gJZYuZoR5TNa0/6CQlTBVnmZPZKbLxQqG4LC',NULL,NULL,1,'2022-11-25 14:56:15','2023-06-27 15:20:41','2022-11-25 14:56:15','2023-06-27 15:20:41','mail@atelierdeslangues.com',NULL,NULL,'2023-06-27 15:20:41',0,0,'88.139.75.11','83.159.84.155'),(140,'Barbara MZYK','bm.traduction1@gmail.com','$2y$10$QcThJfcjEVkFznJsoCIGqOUTbwxIqM8RLkLkXoJGPJ0OGp5O.ryoC',NULL,NULL,NULL,NULL,1,'2022-11-26 19:58:20','2023-06-23 10:05:04','2022-11-26 19:58:20','2023-06-23 10:05:24','bm.traduction1@gmail.com',NULL,NULL,'2023-06-23 10:05:04',0,0,'88.139.75.11','2a01:e35:39f5:4180:ddef:5c91:8499:9851'),(141,'Maria NALLET','maria.nallet@laposte.net','$2y$10$FEix0LYQ6G7bq26GbZ46Pus1/ZUMOWVxMkl8N6Ry1RJUkQnNbSl5G',NULL,NULL,NULL,NULL,1,'2022-11-26 20:04:13','2023-06-23 10:06:41','2022-11-26 20:04:13','2023-06-23 10:07:14','maria.nallet@laposte.net',NULL,NULL,'2023-06-23 10:06:41',0,0,'88.139.75.11','2a01:e35:39f5:4180:ddef:5c91:8499:9851'),(142,'Thi Huong GANTET','nguyenhuong9912@gmail.com','$2y$10$89WaUOvFUq1UPJ3bAT7hGOhhU3spNs7oc0HRsatD5/nXYmj9cAUaW',NULL,NULL,NULL,NULL,1,'2022-11-26 20:10:08','2023-06-23 10:11:29','2022-11-26 20:10:08','2023-06-23 10:11:50','nguyenhuong9912@gmail.com',NULL,NULL,'2023-06-23 10:11:29',0,0,'88.139.75.11','2a01:e35:39f5:4180:ddef:5c91:8499:9851'),(143,'Hai Ha NGUYEN','vplshaiha@gmail.com','$2y$10$dhQ8w/MMAN5BGJFQzJk1Ped1fMXn2xR09CR6CGxSgjMaNhuSwPTwW',NULL,NULL,NULL,NULL,1,'2022-11-26 20:16:09','2023-06-23 10:10:43','2022-11-26 20:16:08','2023-06-23 10:11:12','vplshaiha@gmail.com',NULL,NULL,'2023-06-23 10:10:44',0,0,'88.139.75.11','2a01:e35:39f5:4180:ddef:5c91:8499:9851'),(144,'Ana-Maria NICOLAS','traductions.nicolas@gmail.com','$2y$10$Twwk001u0knWQUQtv2W7q.YFOP/.gGf.7Q9/3.2XgT9ipZLebjV3i',NULL,NULL,NULL,NULL,1,'2022-11-26 20:21:26','2023-06-23 10:12:12','2022-11-26 20:21:26','2023-06-23 10:12:41','traductions.nicolas@gmail.com',NULL,NULL,'2023-06-23 10:12:12',0,0,'88.139.75.11','2a01:e35:39f5:4180:ddef:5c91:8499:9851'),(145,'Olga ODINETZ','olga.odinetz@yahoo.fr','$2y$10$MmxDL2DMP17.itpZ6OMPS.W3V23ZJu09TNeXCyPAB3jkTbXw9RAdW',NULL,NULL,NULL,NULL,1,'2022-11-26 20:27:18','2023-06-23 10:13:44','2022-11-26 20:27:18','2023-06-23 10:14:55','olga.odinetz@yahoo.fr',NULL,NULL,'2023-06-23 10:13:44',0,0,'88.139.75.11','2a01:e35:39f5:4180:ddef:5c91:8499:9851'),(146,'Alexandru OLTEANU-DUARTE','alex.olteanu_duarte@yahoo.com','$2y$10$sILbQHEibygVtTzn4MAPM.3pOdaWFLSQRmffl.64YsGVsMAtjgC42',NULL,NULL,NULL,NULL,1,'2022-11-26 20:35:48','2023-06-23 10:15:50','2022-11-26 20:35:48','2023-06-23 10:17:07','alex.olteanu_duarte@yahoo.com',NULL,NULL,'2023-06-23 10:15:50',0,0,'88.139.75.11','2a01:e35:39f5:4180:ddef:5c91:8499:9851'),(147,'Xiufang ORIONOT RONG','xiufang@free.fr','$2y$10$xSZhLUtEEa/Cv7JjlTOWQeE8QFE5rS88CL9OtXa6vwrxiOnMH.lOu',NULL,NULL,NULL,NULL,1,'2022-11-26 20:45:52','2023-06-23 10:17:53','2022-11-26 20:45:52','2023-06-23 10:18:23','xiufang@free.fr',NULL,NULL,'2023-06-23 10:17:53',0,0,'88.139.75.11','2a01:e35:39f5:4180:ddef:5c91:8499:9851'),(148,'Cecilia OPSOMER','cecilia.opsomer@wanadoo.fr','$2y$10$7ALJAzWo4l//zxfXjhJTcOhbIbplFv1opsIlz.Cc2.BS/2.fPAgB6',NULL,NULL,NULL,NULL,1,'2022-11-26 20:50:44','2023-06-23 10:17:12','2022-11-26 20:50:44','2023-06-23 10:17:37','cecilia.opsomer@wanadoo.fr',NULL,NULL,'2023-06-23 10:17:12',0,0,'88.139.75.11','2a01:e35:39f5:4180:ddef:5c91:8499:9851'),(149,'Jamal OUASSOU','jama.ouassou@gmail.com','$2y$10$ShoMNoXmlC3H6v1vEblZY.kWQlIOxblFiDBbZ3GQLUDXk7H93lSg.',NULL,NULL,NULL,NULL,1,'2022-11-27 06:09:16','2023-06-23 10:18:27','2022-11-27 06:09:16','2023-06-23 10:18:51','jama.ouassou@gmail.com',NULL,NULL,'2023-06-23 10:18:27',0,0,'88.139.75.11','2a01:e35:39f5:4180:ddef:5c91:8499:9851'),(150,'Youssef OUKHOUYA ALI','chirazi2017@gmail.com','$2y$10$dGjJGRmcIyJibYNNWZvc/u7lihZa5by04NQRVTOv3LjmyiAfTGkFO',NULL,NULL,NULL,NULL,1,'2022-11-27 06:33:13','2023-06-23 10:19:06','2022-11-27 06:33:13','2023-06-23 10:19:22','chirazi2017@gmail.com',NULL,NULL,'2023-06-23 10:19:06',0,0,'88.139.75.11','2a01:e35:39f5:4180:ddef:5c91:8499:9851'),(152,'Clarisse OUTEIRO PEAN','clarisse.outeiro.pean@gmail.com','$2y$10$pyRGdSIsbCpQW0jlnRoeh.nUptCGlXdFkTslvLrir.wHEDWas5ifm',NULL,NULL,NULL,NULL,1,'2022-11-27 08:27:17','2023-06-26 18:07:12','2022-11-27 08:27:17','2023-06-26 18:08:43','clarisse.outeiro.pean@gmail.com',NULL,NULL,'2023-06-26 18:07:13',0,0,'88.139.75.11','83.159.84.155'),(153,'Zuzanna PAJAK','zuzannapajak@gmail.com','$2y$10$DTPr4Q8TdEBTfHrJr/cVAeBb3EmoODU.NcW6J8P6rq99WTSrgTUeG',NULL,NULL,NULL,NULL,1,'2022-11-27 08:32:41','2023-06-26 18:08:57','2022-11-27 08:32:40','2023-06-26 18:09:48','zuzannapajak@gmail.com',NULL,NULL,'2023-06-26 18:08:57',0,0,'88.139.75.11','83.159.84.155'),(154,'Rachel PALMER','rachelpalmer.communications@gmail.com','$2y$10$TEUeiIf7wVoWFjFwyAB9hujn1/i1BomI0CZmBrpLnQSl/aV2u9WYS',NULL,NULL,NULL,NULL,1,'2022-11-27 08:52:56','2023-06-26 18:10:07','2022-11-27 08:52:55','2023-06-26 18:10:36','rachelpalmer.communications@gmail.com',NULL,NULL,'2023-06-26 18:10:07',0,0,'88.139.75.11','83.159.84.155'),(155,'Elvira PALMINTERI HAANDRIKMAN','text09@gmail.com','$2y$10$/ldNS6uJPIV/LyiMcEg2IuSB0yG1hVlzh7PnQbmjKv7WqTHzpj9qK',NULL,NULL,NULL,NULL,1,'2022-11-27 08:59:23','2023-06-26 18:10:57','2022-11-27 08:59:23','2023-06-26 18:11:42','text09@gmail.com',NULL,NULL,'2023-06-26 18:10:57',0,0,'88.139.75.11','83.159.84.155'),(156,'Olga PEGADO SILVA','olgapegado@gmail.com','$2y$10$ZzuaUWntmA8M4F2bvfbVyeArTIvlQmPrrMCI6aSg5mWzFG5hanUoy',NULL,NULL,NULL,NULL,1,'2022-11-27 09:04:58','2023-06-26 18:14:16','2022-11-27 09:04:58','2023-06-26 18:14:50','olgapegado@gmail.com',NULL,NULL,'2023-06-26 18:14:16',0,0,'88.139.75.11','83.159.84.155'),(157,'Valérie PETRY-LYNCH','valerie.petry@gmail.com','$2y$10$3iFwKiCKWMa1MHyk6obFSel6Na6DLpZmrNQJBBB3AkHpX.tYc8AsW',NULL,NULL,NULL,NULL,1,'2022-11-27 09:12:16','2023-06-26 18:16:38','2022-11-27 09:12:16','2023-06-26 18:17:05','valerie.petry@gmail.com',NULL,NULL,'2023-06-26 18:16:38',0,0,'88.139.75.11','83.159.84.155'),(158,'Libuse PINEY','libusepiney@gmail.com','$2y$10$DeG7MkXe5lHI4xqwLsvOs.JbJ4GxTXV1egg.gfmdPtOKDkIoWbSZG',NULL,NULL,NULL,NULL,1,'2022-11-27 09:17:43','2023-06-26 18:18:36','2022-11-27 09:17:43','2023-06-26 18:19:00','libusepiney@gmail.com',NULL,NULL,'2023-06-26 18:18:36',0,0,'88.139.75.11','83.159.84.155'),(159,'Diane PINOIE','ljpenglish@gmail.com','$2y$10$w2UwX2uPnJ5F7.rEuhOecOpxFdN4bldcHdSrJAhfYIzh3aanjQTJC',NULL,NULL,NULL,NULL,1,'2022-11-27 11:17:08','2023-06-26 18:19:17','2022-11-27 11:17:08','2023-06-26 18:19:55','ljpenglish@gmail.com',NULL,NULL,'2023-06-26 18:19:17',0,0,'88.139.75.11','83.159.84.155'),(160,'Sophie PLAVTCHIAN','sophieplavtchian@live.fr','$2y$10$fitsKAI7WdodWqtriPnD8e9xb4jFdSvTvYDvo8/BM/agXrDu8W0Mi',NULL,NULL,NULL,NULL,1,'2022-11-27 11:22:51','2023-06-26 18:20:48','2022-11-27 11:22:51','2023-06-26 18:21:17','sophieplavtchian@live.fr',NULL,NULL,'2023-06-26 18:20:49',0,0,'88.139.75.11','83.159.84.155'),(161,'Farimah POURMIRZA','f_pourmirza@yahoo.fr','$2y$10$Mud9Nwg.fuFrqsEqBoGKyOWrsy59DnU2Hg8PNGxosLqFMYFzJNVB2',NULL,NULL,NULL,NULL,1,'2022-11-27 13:01:10','2023-06-26 18:21:36','2022-11-27 13:01:10','2023-06-26 18:21:54','f_pourmirza@yahoo.fr',NULL,NULL,'2023-06-26 18:21:36',0,0,'88.139.75.11','83.159.84.155'),(162,'Katia RAPINEL-TOMBOIS','krt.traductions@orange.fr','$2y$10$bRXovsQsY2VXDPe8fQnwSuB46yopijMxPKdYeGVNnWDgOOtNhC5Xi',NULL,NULL,NULL,NULL,1,'2022-11-27 13:07:47','2023-06-26 18:22:12','2022-11-27 13:07:46','2023-06-26 18:22:43','krt.traductions@orange.fr',NULL,NULL,'2023-06-26 18:22:12',0,0,'88.139.75.11','83.159.84.155'),(163,'Batbolor RAULT','bolor@free.fr','$2y$10$N6HrcUdPQ8iOHGTZkAks6ehhUtXWoBzRJC1q33Evf.LoHJmeauR2i',NULL,NULL,NULL,NULL,1,'2022-11-27 13:13:25','2023-06-26 18:23:47','2022-11-27 13:13:25','2023-06-26 18:24:07','bolor@free.fr',NULL,NULL,'2023-06-26 18:23:47',0,0,'88.139.75.11','83.159.84.155'),(164,'Agnès RICHARD','air.traduction@gmail.com','$2y$10$/hzvpkU8uH1vF2Q2bgIDfu9AbHBKiVb9Wey820vriksSyPm.7nkYW',NULL,NULL,NULL,NULL,1,'2022-11-27 13:22:56','2023-06-26 18:24:23','2022-11-27 13:22:56','2023-06-26 18:24:47','air.traduction@gmail.com',NULL,NULL,'2023-06-26 18:24:24',0,0,'88.139.75.11','83.159.84.155'),(165,'Nicolas RICK','cabinet.rick@free.fr','$2y$10$pi5S63zs1bMGi8c5gtDm5Oum1xKfRPte/sxDbNodlNsrqG9Qd0FK2',NULL,NULL,NULL,NULL,1,'2022-11-27 13:28:56','2023-06-26 18:25:06','2022-11-27 13:28:56','2023-06-26 18:25:29','cabinet.rick@free.fr',NULL,NULL,'2023-06-26 18:25:06',0,0,'88.139.75.11','83.159.84.155'),(166,'Mafalda RIOBOM-THIERREE','mmafalda@dbmail.com','$2y$10$X8QNMNoU5gG6mpjf7WZ4M.2LhrO6moZqOKTW5V14s2ZyEW9UJZVb2',NULL,NULL,NULL,NULL,1,'2022-11-27 13:34:11','2023-06-26 18:25:44','2022-11-27 13:34:10','2023-06-26 18:25:58','mmafalda@dbmail.com',NULL,NULL,'2023-06-26 18:25:44',0,0,'88.139.75.11','83.159.84.155'),(167,'Anna RIPON','anna.ripon@gmail.com','$2y$10$bI43Qxo7FRVeAmernRPk/O0ee/VekQhB45uLs5mhkZnI1jjxweZEO',NULL,NULL,NULL,NULL,1,'2022-11-27 13:40:38','2023-06-26 18:26:14','2022-11-27 13:40:38','2023-06-26 18:26:34','anna.ripon@gmail.com',NULL,NULL,'2023-06-26 18:26:14',0,0,'88.139.75.11','83.159.84.155'),(168,'Annabelle RODRIGUES','annabelle.rodrigues@free.fr','$2y$10$v6fi/SLCwA7Y59uNcqewse2i3GVjG85HcZCIYKr0LiktgUEmUE4.u',NULL,NULL,NULL,NULL,1,'2022-11-27 16:09:37','2023-06-26 18:26:54','2022-11-27 16:09:37','2023-06-26 18:27:24','annabelle.rodrigues@free.fr',NULL,NULL,'2023-06-26 18:26:54',0,0,'88.139.75.11','83.159.84.155'),(169,'Monique ROUZET - LELIEVRE','nickyrouz@rouzet-lelievre.fr','$2y$10$8fLQY6/vhflFoWd8Xoc6auW5GsPSa.dlyL9zivpxDbWz8xq4plU0.',NULL,NULL,NULL,NULL,1,'2022-11-27 16:18:09','2023-06-26 18:28:04','2022-11-27 16:18:09','2023-06-26 18:28:27','nickyrouz@rouzet-lelievre.fr',NULL,NULL,'2023-06-26 18:28:04',0,0,'88.139.75.11','83.159.84.155'),(170,'Azra SADIKOVIC-CAKRAMA','sadazra@hotmail.com','$2y$10$OjT3HTxXDprEi2O9U8apSOHuy1XMvaf4tWq4Zyf5VKnNu65giPDqC',NULL,NULL,NULL,NULL,1,'2022-11-27 16:27:19','2022-11-27 16:27:19','2022-11-27 16:27:08','2022-11-27 16:28:45','sadazra@hotmail.com',NULL,NULL,NULL,0,0,'88.139.75.11','88.139.75.11'),(171,'Carole SAMAIN','megatradsamain@wanadoo.fr','$2y$10$qkETuug0537uKxHHfCSWUe.5Ce8kXLDJUmfhQdFJ.Ov39UaXW.v5i',NULL,NULL,NULL,NULL,1,'2022-11-27 16:32:41','2023-06-26 18:29:16','2022-11-27 16:32:41','2023-06-26 18:29:36','megatradsamain@wanadoo.fr',NULL,NULL,'2023-06-26 18:29:17',0,0,'88.139.75.11','83.159.84.155'),(172,'Elisabeth SAUMON','elisa.saumon@orange.fr','$2y$10$CjBEnLfq.9Oqi7fqStrbiuwnt/6HTqeB3dNvNZxGQkX4q7SGaiOj2',NULL,NULL,NULL,NULL,1,'2022-11-27 16:38:11','2023-06-26 18:30:36','2022-11-27 16:38:11','2023-06-26 18:30:52','elisa.saumon@orange.fr',NULL,NULL,'2023-06-26 18:30:36',0,0,'88.139.75.11','83.159.84.155'),(173,'Laurence SHAKYA','laurenceshakya@gmail.com','$2y$10$rwl.xjaQ8fVojl0NNcG6RuY58JhN0ZJuzLgDljluJL6EFlAH6G5Be',NULL,NULL,NULL,NULL,1,'2022-11-27 16:44:20','2023-06-26 18:33:19','2022-11-27 16:44:20','2023-06-26 18:34:12','laurenceshakya@gmail.com',NULL,NULL,'2023-06-26 18:33:19',0,0,'88.139.75.11','83.159.84.155'),(174,'Maryam SHARAFI','mary_shara@outlook.fr','$2y$10$85WA6GF85Zl9EFwA.A9qMOWRF7wm7LJ5ydCQSWMyIW6Uxsz1dfRKK',NULL,NULL,NULL,NULL,1,'2022-11-27 16:51:24','2023-06-26 18:34:16','2022-11-27 16:51:24','2023-06-26 18:34:34','mary_shara@outlook.fr',NULL,NULL,'2023-06-26 18:34:16',0,0,'88.139.75.11','83.159.84.155'),(175,'Janet SKYRME-JONES','jmsj.pro@gmail.com','$2y$10$4BbheNe27lvUpNkZ4ydxMejXPWJ6UUOTAVRfV9M0frbLcDUn83jnK',NULL,NULL,NULL,NULL,1,'2022-11-27 16:56:37','2023-06-26 18:34:51','2022-11-27 16:56:37','2023-06-26 18:35:12','jmsj.pro@gmail.com',NULL,NULL,'2023-06-26 18:34:51',0,0,'88.139.75.11','83.159.84.155'),(176,'Fajar Nisha SOULTANE','missnisha@hotmail.fr','$2y$10$5.INQMEYqujqJnb/MA8YfehoPqYxbT8Drq5ICZALLaGpCx46Z108y',NULL,NULL,NULL,NULL,1,'2022-11-27 17:02:46','2023-06-26 18:35:29','2022-11-27 17:02:46','2023-06-26 18:35:51','missnisha@hotmail.fr',NULL,NULL,'2023-06-26 18:35:29',0,0,'88.139.75.11','83.159.84.155'),(177,'Joanna KRÜGER','stanczykjoanna@gmail.com','$2y$10$74g8S8KazH.xVWRwvZelEuPNVtkJZAR91.Cy97Xo8lluXITmIh2rO',NULL,NULL,NULL,NULL,1,'2022-11-27 17:15:44','2023-06-22 10:47:05','2022-11-27 17:15:44','2023-06-22 10:50:05','stanczykjoanna@gmail.com',NULL,NULL,'2023-06-22 10:47:05',0,0,'88.139.75.11','83.159.84.155'),(178,'Pascale STUART','pascalestuart@orange.fr','$2y$10$F8oUhZF94.cbYc1e7ifLUupqIVimnon15gsx1GVCyQCYTxuwOU.3q',NULL,NULL,NULL,NULL,1,'2022-11-27 17:20:44','2023-06-26 18:36:10','2022-11-27 17:20:43','2023-06-26 18:36:25','pascalestuart@orange.fr',NULL,NULL,'2023-06-26 18:36:10',0,0,'88.139.75.11','83.159.84.155'),(179,'Lingbin SUN','michael.sun@free.fr','$2y$10$.lxYjK9uDVSlz2C9iCOoVOr4ODfz1dqFx4Xbw3qB.mgdfGjok0DDe',NULL,NULL,NULL,NULL,1,'2022-11-27 17:28:20','2023-06-27 15:11:37','2022-11-27 17:28:20','2023-06-27 15:19:39','michael.sun@free.fr',NULL,NULL,'2023-06-27 15:19:05',0,0,'88.139.75.11','83.159.84.155'),(180,'Hazza TAHA','tahatrad@hotmail.fr','$2y$10$FCbgG0qpH7CmxMPP3YqyPOwEnQonn3Q11nqIrDdm.O.yJVtyKlnEm',NULL,NULL,NULL,NULL,1,'2022-11-27 17:33:57','2023-06-27 07:37:43','2022-11-27 17:33:57','2023-06-27 07:38:07','tahatrad@hotmail.fr',NULL,NULL,'2023-06-27 07:37:43',0,0,'88.139.75.11','83.159.84.155'),(181,'Nancy TARROUN','nancy.tarroun@gmail.com','$2y$10$WvvmIjZCgqouC1AcOuY0eOV21p1HaI6dByT9P0M.hJc0vmrKheLpi',NULL,NULL,NULL,NULL,1,'2022-11-27 17:39:16','2023-06-27 07:38:24','2022-11-27 17:39:16','2023-06-27 07:38:43','nancy.tarroun@gmail.com',NULL,NULL,'2023-06-27 07:38:24',0,0,'88.139.75.11','83.159.84.155'),(182,'Koson THANADSAMRAN','koson.thanadsamran@wanadoo.f','$2y$10$eVgT10s0CJpjgrii4JvrsuDglflOsYbiUfmak6iBg8flEAdbniaCS',NULL,NULL,NULL,NULL,1,'2022-11-27 17:45:08','2022-11-27 17:45:08','2022-11-27 17:45:08','2022-11-27 17:46:00','koson.thanadsamran@wanadoo.f',NULL,NULL,NULL,0,0,'88.139.75.11','88.139.75.11'),(183,'Emilia THOMASSEY','emilia.casalsomoza@gmail.com','$2y$10$vVnyUfI6Q5fkJTPkv/VpVO/nW6zGq7P77sK/P9XTBS98HcSNPlYx2',NULL,NULL,NULL,NULL,1,'2022-11-27 17:50:38','2023-06-27 07:39:33','2022-11-27 17:50:38','2023-06-27 07:39:54','emilia.casalsomoza@gmail.com',NULL,NULL,'2023-06-27 07:39:33',0,0,'88.139.75.11','83.159.84.155'),(184,'Catherine TINE','catherine.tine@hotmail.fr','$2y$10$Ct7l/IZcyzzm3MIzSh8QIuUUDV35tPsLGxnv/em.EMJquL1TrdPyG',NULL,NULL,NULL,NULL,1,'2022-11-27 19:43:24','2023-06-27 07:40:14','2022-11-27 19:43:24','2023-06-27 07:40:34','catherine.tine@hotmail.fr',NULL,NULL,'2023-06-27 07:40:15',0,0,'88.139.75.11','83.159.84.155'),(185,'Lidia TRZASKO','tradpol31@gmail.com','$2y$10$xVy4x4e0YK3oLAkN8ivj7O4CyfFB0wm/gFQHczOZGByb04.pSURei',NULL,NULL,NULL,NULL,1,'2022-11-27 19:49:50','2023-06-27 08:10:05','2022-11-27 19:49:50','2023-06-27 08:11:38','tradpol31@gmail.com',NULL,NULL,'2023-06-27 08:10:06',0,0,'88.139.75.11','83.159.84.155'),(186,'Priscilla TUERNAL VATRAN','priscilla.tuernal-vatran@wanadoo.fr','$2y$10$pSyLZs2QTlg2KwBQGb3vOORtCugI7ZVnVtylrSgaRAWTwHQNk5ED6',NULL,NULL,NULL,NULL,1,'2022-11-27 19:56:34','2022-11-27 19:56:34','2022-11-27 19:56:34','2022-11-27 19:57:22','priscilla.tuernal-vatran@wanadoo.fr',NULL,NULL,NULL,0,0,'88.139.75.11','88.139.75.11'),(187,'Yen-Ying TU-RODRIGUES','yytu@traductionchinois.com','$2y$10$QC3DKtq9jAL/Q6jdej1pYuUTcYlMw6oaHlL/tLcDQkU52JzzXkk7a',NULL,NULL,NULL,NULL,1,'2022-11-27 20:04:57','2023-06-27 07:41:20','2022-11-27 20:04:57','2023-06-27 07:41:39','yytu@traductionchinois.com',NULL,NULL,'2023-06-27 07:41:21',0,0,'88.139.75.11','83.159.84.155'),(188,'Elef VAKALIS','office@elef.net','$2y$10$6mmLfDYE3htJqHBNZABetuTqeP4jAJGDGHUFFURD1.MUsMCT8LAGS',NULL,NULL,NULL,NULL,1,'2022-11-27 20:23:29','2023-06-27 07:43:21','2022-11-27 20:23:29','2023-06-27 07:43:53','office@elef.net',NULL,NULL,'2023-06-27 07:43:21',0,0,'88.139.75.11','83.159.84.155'),(189,'Fang VERRECCHIA','xiafang99@yahoo.fr','$2y$10$2wUITYgMU6EbfvGlC/ZXrOtHog1uKLBjAnY26f3mjkCzOVuJaI6Gq',NULL,NULL,NULL,NULL,1,'2022-11-27 20:31:03','2023-06-27 07:44:56','2022-11-27 20:31:03','2023-06-27 07:45:13','xiafang99@yahoo.fr',NULL,NULL,'2023-06-27 07:44:56',0,0,'88.139.75.11','83.159.84.155'),(190,'Anne VIENNOT','annev2@wanadoo.fr','$2y$10$UPmYqm8cWX2KpEYIRW7Lru.D.4jAIBlrnWK1qK38lN6sblGfY4GLG',NULL,NULL,NULL,NULL,1,'2022-11-27 20:36:27','2023-06-27 07:45:32','2022-11-27 20:36:27','2023-06-27 07:45:51','annev2@wanadoo.fr',NULL,NULL,'2023-06-27 07:45:32',0,0,'88.139.75.11','83.159.84.155'),(191,'Jérôme VIGUIER','viguier.jerome@hotmail.com','$2y$10$Nwwfhi4fkED9MvpU5T8UXeMvn7BdzOaJx/Fwn1D5.O0jS.kc3NBXe',NULL,NULL,NULL,NULL,1,'2022-11-27 20:41:31','2023-06-27 07:46:05','2022-11-27 20:41:31','2023-06-27 07:46:34','viguier.jerome@hotmail.com',NULL,NULL,'2023-06-27 07:46:06',0,0,'88.139.75.11','83.159.84.155'),(192,'Britta VINCENT','info@international-sur-loire.com','$2y$10$MW43/z.JoQxn8wVblAmhzOHGvXzJWR9H1CTFznGAcBKcvk5ABjnV2',NULL,NULL,NULL,NULL,1,'2022-11-27 20:46:23','2023-06-27 07:46:53','2022-11-27 20:46:23','2023-06-27 07:47:14','info@international-sur-loire.com',NULL,NULL,'2023-06-27 07:46:53',0,0,'88.139.75.11','83.159.84.155'),(193,'Yu WANG','acyu.wang@gmail.com','$2y$10$zy91GexXOsSvAWyLakZh5uTbNv59aRlWQL89aAg194Gzphpxf..ay',NULL,NULL,NULL,NULL,1,'2022-11-27 20:53:07','2023-06-27 07:47:29','2022-11-27 20:53:07','2023-06-27 07:47:57','acyu.wang@gmail.com',NULL,NULL,'2023-06-27 07:47:29',0,0,'88.139.75.11','83.159.84.155'),(194,'Claudia WECK','claudia.weck@me.com','$2y$10$xKg/yy3b517C5aEXd0kGUuuZWwcuK2U8GKVn/45o1QtPeziThf552',NULL,NULL,NULL,NULL,1,'2022-11-27 20:58:46','2023-06-27 07:48:47','2022-11-27 20:58:46','2023-06-27 07:49:01','claudia.weck@me.com',NULL,NULL,'2023-06-27 07:48:47',0,0,'88.139.75.11','83.159.84.155'),(195,'Olga WORONKIEWICZ','tradexim@ymail.com','$2y$10$28ZlxGKTxiyMN0unJK2a4upD0SiOWYq7KC3iPR.5VmjVib0hmgdUK',NULL,NULL,NULL,NULL,1,'2022-11-27 21:03:48','2023-06-27 07:49:16','2022-11-27 21:03:48','2023-06-27 07:49:32','tradexim@ymail.com',NULL,NULL,'2023-06-27 07:49:16',0,0,'88.139.75.11','83.159.84.155'),(196,'Natalia YOUSSEF-WARDEH','natalia.youssef.w@gmail.com','$2y$10$x5id0EPXarnVrlTL4yQM6uH8n4r1MH9SwtAxf3gHjYNEKxbUHA6p6',NULL,NULL,NULL,NULL,1,'2022-11-27 21:08:50','2023-06-27 07:49:47','2022-11-27 21:08:50','2023-06-27 07:50:06','natalia.youssef.w@gmail.com',NULL,NULL,'2023-06-27 07:49:47',0,0,'88.139.75.11','83.159.84.155'),(197,'Maria Soledad ZAMUDIO PIZARRO','atelierdepalabras@gmail.com','$2y$10$YUYQm9esUZq.QNzl//sTIuqtpL4MWJGIvK0XzM5BGYBXd7VXQGjny',NULL,NULL,NULL,NULL,1,'2022-11-27 21:13:21','2023-06-27 07:51:26','2022-11-27 21:13:21','2023-06-27 07:51:54','atelierdepalabras@gmail.com',NULL,NULL,'2023-06-27 07:51:26',0,0,'88.139.75.11','83.159.84.155'),(198,'Jean-Pierre ZHANG','fu9chang@hotmail.com','$2y$10$rRvJEfpOaBnFkjMiiHwQCuou4pReleXu7HE6b12cxXiTWNIsqdGie',NULL,NULL,NULL,NULL,1,'2022-11-27 21:18:12','2023-06-27 07:52:11','2022-11-27 21:18:12','2023-06-27 07:52:26','fu9chang@hotmail.com',NULL,NULL,'2023-06-27 07:52:11',0,0,'88.139.75.11','83.159.84.155'),(199,'Mohammed ZIT','contact@m-zit.com','$2y$10$AVIEaO2lkFyDVBImTXmh4eTQE.Kasu/.ZtydcAJxEc1gh9N5q4TrS',NULL,NULL,NULL,NULL,1,'2022-11-27 21:22:38','2023-06-27 07:52:42','2022-11-27 21:22:38','2023-06-27 07:52:57','contact@m-zit.com',NULL,NULL,'2023-06-27 07:52:42',0,0,'88.139.75.11','83.159.84.155'),(200,'Mathilde BLAQUE','blaque.mathilde@gmail.com','$2y$10$pq0ZqsLd.X3G.UbQJrIJN.xNbj/R2OC4Nkrcq46xgqQmyIPArXZXe',NULL,NULL,NULL,NULL,1,'2022-12-30 07:42:08','2023-06-19 13:47:02','2022-12-30 07:42:08','2023-06-19 13:47:39','blaque.mathilde@gmail.com',NULL,NULL,'2023-06-19 13:47:03',0,0,'88.139.75.11','90.66.51.103'),(201,'Alexandra BOTH','bebina31@yahoo.fr','$2y$10$dwOx9jlKrBEJHFR5Ti7qZ.AZfOxiEY3jM.x25U.EiUn/7dPSafxJG',NULL,NULL,NULL,NULL,1,'2022-12-30 07:48:51','2023-06-19 13:54:10','2022-12-30 07:48:51','2023-06-19 13:56:24','bebina31@yahoo.fr',NULL,NULL,'2023-06-19 13:54:10',0,0,'88.139.75.11','90.66.51.103'),(202,'Liliya CHEREDNICHENKO','info@traduction-expert.net','$2y$10$GgO5k1LLUK5DUiFoIAlAOe4D2YamR95grITMADCjLCY2ORrApIvwa',NULL,NULL,NULL,NULL,1,'2022-12-30 08:04:09','2023-06-19 14:38:42','2022-12-30 08:04:09','2023-06-19 14:39:15','info@traduction-expert.net',NULL,NULL,'2023-06-19 14:38:43',0,0,'88.139.75.11','90.66.51.103'),(203,'Marie-Pierre DONADIEU','m.p.donadieu@outlook.fr','$2y$10$FQmlX27.4.XFMZbPNjqiqe5Sj7cMG8kZ5bF5b3wHbHkAgeaIu9Lra',NULL,NULL,NULL,NULL,1,'2022-12-30 08:10:48','2023-06-20 15:24:08','2022-12-30 08:10:48','2023-06-20 15:24:56','m.p.donadieu@outlook.fr',NULL,NULL,'2023-06-20 15:24:08',0,0,'88.139.75.11','90.66.51.103'),(204,'Jana HENRION','jana.henrion@tcheque-traduction.fr','$2y$10$JBOcxp0ANRf3DH7nuNC/xeCpOFeQHUkjloaqUFuZTOUdShGZ8LmMe',NULL,NULL,NULL,NULL,1,'2022-12-30 08:18:08','2023-06-22 10:25:35','2022-12-30 08:18:08','2023-06-22 10:26:24','jana.henrion@tcheque-traduction.fr',NULL,NULL,'2023-06-22 10:25:35',0,0,'88.139.75.11','83.159.84.155'),(205,'Ewa KNOTHE','ewa.knothe@gmail.com','$2y$10$D69md32FkvXi9s8AAZGoROl8cLwyg6XCQTkShHbV5psFwh0/y.uTW',NULL,NULL,NULL,NULL,1,'2022-12-30 08:23:51','2023-06-22 10:45:06','2022-12-30 08:23:51','2023-06-22 10:45:48','ewa.knothe@gmail.com',NULL,NULL,'2023-06-22 10:45:07',0,0,'88.139.75.11','83.159.84.155'),(206,'Sanath RATHNAYAKE','sanathban@hotmail.com','$2y$10$vf.nDjHNh4JstfiltQX5d.K10jE4Ii7b6tVj5nxYdxzkFwRQRfBvy',NULL,NULL,NULL,NULL,1,'2022-12-30 08:32:16','2023-06-26 18:23:04','2022-12-30 08:32:16','2023-06-26 18:23:23','sanathban@hotmail.com',NULL,NULL,'2023-06-26 18:23:04',0,0,'88.139.75.11','83.159.84.155'),(207,'Ewa WAWRZAK','ewawawrzak@hotmail.com','$2y$10$oBbnXTQ8HDk5QvuY8jh2Tu/I0g4QXm.vOXNYLTFqzxgqwOTljmkyq',NULL,NULL,NULL,NULL,1,'2022-12-30 08:37:28','2023-06-27 07:48:12','2022-12-30 08:37:28','2023-06-27 07:48:33','ewawawrzak@hotmail.com',NULL,NULL,'2023-06-27 07:48:12',0,0,'88.139.75.11','83.159.84.155'),(208,'San San HNIN TUN','sansan.hnintun@inalco.fr','$2y$10$iAgKLtmH3HvfnDwJtijdiu1wE7PbIdBcRkNLkc0aoF/fIBuflLyRC',NULL,NULL,NULL,NULL,1,'2022-12-30 08:53:44','2023-06-22 10:28:44','2022-12-30 08:53:44','2023-06-22 10:29:12','sansan.hnintun@inalco.fr',NULL,NULL,'2023-06-22 10:28:44',0,0,'88.139.75.11','83.159.84.155'),(209,'Paul DELORME','delorme.russe@gmail.com','$2y$10$dSaNtvfMEpN3jyFWmRr9ZughUs1I4Piek1kAS3h0SCWOfvbehnB2q',NULL,NULL,NULL,NULL,1,'2023-01-30 09:58:24','2023-06-20 15:12:20','2023-01-30 09:58:24','2023-06-20 15:12:43','delorme.russe@gmail.com',NULL,NULL,'2023-06-20 15:12:20',0,0,'88.139.75.11','90.66.51.103'),(211,'Test EXPERTABC','marielle.carvalho31@gmail.com','$2y$10$nLf0cBc8yK0S2EuxiXb68O7UBos4JTbPoa8aVwktj0E/.X9G0JOvm',NULL,NULL,NULL,NULL,1,'2023-01-30 17:05:34','2023-01-31 08:35:27','2023-01-30 17:05:33','2023-01-31 08:39:34','marielle.carvalho31@gmail.com',NULL,NULL,'2023-01-31 08:34:34',0,0,'88.139.75.11','88.139.75.11'),(212,'Marie-Françoise FOEX','foex.traduction@wanadoo.fr','$2y$10$84UCoGKU2CoIVYpwBSyU3uNJ5fc1ka0vJyl1P4N/ILni2pP8djJSa',NULL,NULL,NULL,NULL,1,'2023-01-30 21:18:38','2023-06-22 09:55:12','2023-01-30 21:18:38','2023-06-22 09:59:34','foex.traduction@wanadoo.fr',NULL,NULL,'2023-06-22 09:55:12',0,0,'88.139.75.11','83.159.84.155'),(213,'Taffy MARTIN','taffy.martin@wanadoo.fr','$2y$10$QbULMNbt3Xe0qOHfC1LkAufut5gDoxnYnRvNJ3M.9R1HVxEhAGXHm',NULL,NULL,NULL,NULL,1,'2023-01-30 21:22:48','2023-06-23 09:46:50','2023-01-30 21:22:48','2023-06-23 09:47:45','taffy.martin@wanadoo.fr',NULL,NULL,'2023-06-23 09:46:51',0,0,'88.139.75.11','2a01:e35:39f5:4180:ddef:5c91:8499:9851'),(214,'Nicolas MATUSIAK','nicolas@matusiak.fr','$2y$10$1fnfRSfb/h0CGMOaRes18uYgrSt/LY5txGg1i1alcS2LzGT8feW9i',NULL,NULL,NULL,NULL,1,'2023-01-30 21:26:39','2023-06-23 09:51:24','2023-01-30 21:26:39','2023-06-23 09:51:53','nicolas@matusiak.fr',NULL,NULL,'2023-06-23 09:51:24',0,0,'88.139.75.11','2a01:e35:39f5:4180:ddef:5c91:8499:9851'),(215,'Denisa SEDEF','denisa.sedef@slovakme.com','$2y$10$Jmq72/yEO..Ok5aCpFGivuNpYwxLbIp0E8emZ0jrUrZ6zz7gpVDXS',NULL,NULL,NULL,NULL,1,'2023-01-30 21:32:05','2023-06-26 18:31:38','2023-01-30 21:32:05','2023-06-26 18:33:15','denisa.sedef@slovakme.com',NULL,NULL,'2023-06-26 18:31:38',0,0,'88.139.75.11','83.159.84.155');

--
-- Table structure for table `users_groups`
--

CREATE TABLE `users_groups` (
  `user_id` int unsigned NOT NULL,
  `user_group_id` int unsigned NOT NULL,
  PRIMARY KEY (`user_id`,`user_group_id`)
) ENGINE=InnoDB DEFAULT CHARSET=utf8mb4 COLLATE=utf8mb4_unicode_ci;

--
-- Dumping data for table `users_groups`
--


--
-- Table structure for table `winter_blog_categories`
--

CREATE TABLE `winter_blog_categories` (
  `id` int unsigned NOT NULL AUTO_INCREMENT,
  `name` varchar(191) CHARACTER SET utf8mb4 COLLATE utf8mb4_unicode_ci DEFAULT NULL,
  `slug` varchar(191) CHARACTER SET utf8mb4 COLLATE utf8mb4_unicode_ci DEFAULT NULL,
  `code` varchar(191) CHARACTER SET utf8mb4 COLLATE utf8mb4_unicode_ci DEFAULT NULL,
  `description` text CHARACTER SET utf8mb4 COLLATE utf8mb4_unicode_ci,
  `parent_id` int unsigned DEFAULT NULL,
  `nest_left` int DEFAULT NULL,
  `nest_right` int DEFAULT NULL,
  `nest_depth` int DEFAULT NULL,
  `created_at` timestamp NULL DEFAULT NULL,
  `updated_at` timestamp NULL DEFAULT NULL,
  PRIMARY KEY (`id`),
  KEY `rainlab_blog_categories_slug_index` (`slug`),
  KEY `rainlab_blog_categories_parent_id_index` (`parent_id`)
) ENGINE=InnoDB AUTO_INCREMENT=6 DEFAULT CHARSET=utf8mb4 COLLATE=utf8mb4_unicode_ci;

--
-- Dumping data for table `winter_blog_categories`
--

INSERT INTO `winter_blog_categories` VALUES (1,'Non catégorisé','uncategorized',NULL,NULL,NULL,1,2,0,'2022-05-20 12:24:31','2022-05-20 12:24:31'),(2,'actualités HP','actualites-hp',NULL,'',NULL,3,4,0,'2023-03-27 08:01:33','2023-03-27 08:01:34'),(3,'Expertij','expertij',NULL,'',NULL,5,6,0,'2023-03-27 08:01:49','2023-03-27 08:01:49'),(4,'Formations','formations',NULL,'',NULL,7,8,0,'2023-03-27 08:02:01','2023-03-27 08:02:01'),(5,'Formulaire','formulaire',NULL,'',NULL,9,10,0,'2023-03-27 08:02:18','2023-03-27 08:02:18');

--
-- Table structure for table `winter_blog_posts`
--

CREATE TABLE `winter_blog_posts` (
  `id` int unsigned NOT NULL AUTO_INCREMENT,
  `user_id` int unsigned DEFAULT NULL,
  `title` varchar(191) CHARACTER SET utf8mb4 COLLATE utf8mb4_unicode_ci DEFAULT NULL,
  `slug` varchar(191) CHARACTER SET utf8mb4 COLLATE utf8mb4_unicode_ci NOT NULL,
  `excerpt` text CHARACTER SET utf8mb4 COLLATE utf8mb4_unicode_ci,
  `content` longtext CHARACTER SET utf8mb4 COLLATE utf8mb4_unicode_ci,
  `content_html` longtext CHARACTER SET utf8mb4 COLLATE utf8mb4_unicode_ci,
  `published_at` timestamp NULL DEFAULT NULL,
  `published` tinyint(1) NOT NULL DEFAULT '0',
  `created_at` timestamp NULL DEFAULT NULL,
  `updated_at` timestamp NULL DEFAULT NULL,
  `metadata` mediumtext CHARACTER SET utf8mb4 COLLATE utf8mb4_unicode_ci,
  PRIMARY KEY (`id`),
  KEY `rainlab_blog_posts_user_id_index` (`user_id`),
  KEY `rainlab_blog_posts_slug_index` (`slug`)
) ENGINE=InnoDB AUTO_INCREMENT=16 DEFAULT CHARSET=utf8mb4 COLLATE=utf8mb4_unicode_ci;

--
-- Dumping data for table `winter_blog_posts`
--

INSERT INTO `winter_blog_posts` VALUES (1,1,'First blog post','first-blog-post','The first ever blog post is here. It might be a good idea to update this post with some more relevant content.','This is your first ever **blog post**! It might be a good idea to update this post with some more relevant content.\n\nYou can edit this content by selecting **Blog** from the administration back-end menu.\n\n*Enjoy the good times!*','<p>This is your first ever <strong>blog post</strong>! It might be a good idea to update this post with some more relevant content.</p>\n<p>You can edit this content by selecting <strong>Blog</strong> from the administration back-end menu.</p>\n<p><em>Enjoy the good times!</em></p>','2022-05-20 12:24:31',1,'2022-05-20 12:24:31','2022-05-20 12:24:31',NULL),(2,5,'A propos','a-propos','XPERTIJ (Experts et Traducteurs Interprètes Judicaires) est une association régie par la loi de 1901, créée en 2016 par un groupe de traducteurs et interprètes experts près les cours d’appel. Elle est membre d’EULITA (Association européenne de traducteurs et interprètes juridiques) et adhère à son code de déontologie.','<div class=\"exp-about-pg\" style=\"text-align:justify;\">\r\n<img src=\"/storage/app/media/apropos/lady-justice-01.png\" style=\"width:240px; height:auto; margin-top:-60px; float:right;\">\r\n\r\n<p>Créée en 2016 par un groupe de traducteurs et interprètes experts près différentes cours d’appel, <strong>EXPERTIJ (Experts et Traducteurs Interprètes Judicaires) <strong>est une association régie par la loi de 1901. </p>\r\n\r\n<p>\r\n<strong>Membre d’EULITA (European Legal Interpreters and Translators Association),</strong> l’association européenne de traducteurs et interprètes juridiques, <strong>EXPERTIJ</strong> adhère à son code de déontologie.\r\n</p>\r\n\r\n<p>Vous pouvez devenir membre d’<strong>EXPERTIJ</strong> si vous êtes ou avez été un expert traducteur et/ou interprète, inscrit sur la <strong>liste d’une cour d’appel</strong> mais également si vous êtes ou avez été un traducteur/interprète inscrit sur une <strong>liste CESEDA,</strong> exerçant dans le respect des obligations légales, et que vous souhaitez rester en contact avec le monde de la traduction et de l’interprétation juridique et judiciaire. </p>\r\n\r\n\r\n<p><strong>Organisme de formation national datadocké et certifié Qualiopi, EXPERTIJ</strong> vous propose de participer à des formations sur les différents aspects des procédures pénales, civiles, commerciales et sociales afin de vous permettre d’une part, de fournir des prestations de qualité aux services de justice et aux justiciables et d’autre part, de satisfaire à votre obligation légale de formation en améliorant vos connaissances des principes directeurs du procès et des règles de procédure applicables aux mesures d’instruction. </p>\r\n\r\n<p>\r\nPour la plupart, ces formations sont proposées sur <strong>Zoom,  gratuitement</strong> aux membres à jour du paiement de leur cotisation et pour les traducteurs et/ou interprètes judiciaires, Experts ou CESEDA non-membres et, dans la limite des places disponibles, aux personnes intéressées par les métiers d’interprète et traducteur judiciaire, à un tarif très compétitif. <strong>EXPERTIJ étant une association à but non lucratif</strong>, les tarifs sont calculés de façon à couvrir les frais de location des salles, de rémunération des intervenants, pas à dégager des bénéfices.</p>\r\n\r\n\r\n<p>\r\nDes formations et des réunions d’information sur l’exercice de la fonction d’expert traducteur et/ou interprète peuvent également être proposées <strong>en présentiel,</strong> dans un climat de convivialité, de bienveillance et d\'échange, permettant ainsi de fédérer davantage les traducteurs et interprètes intervenant dans les différentes juridictions et de rompre l’isolement du traducteur solitaire, conformément à l’esprit du décret n° 2013-958 du 25 octobre 2013 qui vient compléter la transposition de la directive 2010/64/UE du Parlement européen et du Conseil relative au droit à l\'interprétation et à la traduction dans le cadre des procédures pénales.</p>\r\n\r\n\r\n<p>\r\n<strong>EXPERTIJ</strong> est attachée à la défense du titre d\'expert, à la promotion de la profession de traducteur et d’interprète, à la sensibilisation au rôle de ces acteurs et aux prérogatives de ces métiers. </p>\r\n\r\n\r\n<p><strong>Grâce à des contacts privilégiés avec les différents acteurs de la justice,</strong> les services chargés des experts au ministère de la justice, l’Ecole Nationale de la Magistrature, les associations de magistrats mais aussi avec le monde universitaire (DU Traducteur-interprète  judiciaire proposé par l’ESIT - Université de Paris 3 - Sorbonne Nouvelle), des rencontres sont organisées régulièrement pour représenter les traducteurs et interprètes judiciaires, défendre leurs intérêts et exposer les problèmes qu’ils rencontrent, échanger, informer et être informé. </p>\r\n\r\n\r\n<p>Ces échanges ont notamment permis de rédiger la note d’harmonisation des textes régissant notre activité judiciaire dans les différentes juridictions et leur application ainsi que la revalorisation du montant de nos prestations. </p>\r\n\r\n\r\n<p>De ce fait, les membres d’<strong>EXPERTIJ</strong> sont toujours bien informés de leurs obligations et au courant des actualités les concernant. </p>\r\n\r\n\r\n<p><strong>EXPERTIJ</strong> vous propose également de souscrire une <strong>assurance responsabilité civile professionnelle</strong> (judiciaire et extrajudiciaire) en défense (document perdu, volé, abîmé,  erreur de traduction ...) et également en action contre un client par exemple, à des tarifs négociés inférieurs à ce qui est généralement proposé à titre individuel par les compagnies d\'assurance. </p>\r\n\r\n<p>\r\nPour nous rejoindre / adhérer à l’<strong>association EXPERTIJ</strong> merci de télécharger le bulletin d’adhésion disponible ici.<br />\r\nPour toute autre demande, merci de nous écrire à : secretaire.expertij@gmail. com</p>\r\n</div>','<div class=\"exp-about-pg\" style=\"text-align:justify;\">\n<img src=\"/storage/app/media/apropos/lady-justice-01.png\" style=\"width:240px; height:auto; margin-top:-60px; float:right;\">\n\n<p>Créée en 2016 par un groupe de traducteurs et interprètes experts près différentes cours d’appel, <strong>EXPERTIJ (Experts et Traducteurs Interprètes Judicaires) <strong>est une association régie par la loi de 1901. </strong></strong></p>\n\n<p>\n<strong>Membre d’EULITA (European Legal Interpreters and Translators Association),</strong> l’association européenne de traducteurs et interprètes juridiques, <strong>EXPERTIJ</strong> adhère à son code de déontologie.\n</p>\n\n<p>Vous pouvez devenir membre d’<strong>EXPERTIJ</strong> si vous êtes ou avez été un expert traducteur et/ou interprète, inscrit sur la <strong>liste d’une cour d’appel</strong> mais également si vous êtes ou avez été un traducteur/interprète inscrit sur une <strong>liste CESEDA,</strong> exerçant dans le respect des obligations légales, et que vous souhaitez rester en contact avec le monde de la traduction et de l’interprétation juridique et judiciaire. </p>\n\n<p><strong>Organisme de formation national datadocké et certifié Qualiopi, EXPERTIJ</strong> vous propose de participer à des formations sur les différents aspects des procédures pénales, civiles, commerciales et sociales afin de vous permettre d’une part, de fournir des prestations de qualité aux services de justice et aux justiciables et d’autre part, de satisfaire à votre obligation légale de formation en améliorant vos connaissances des principes directeurs du procès et des règles de procédure applicables aux mesures d’instruction. </p>\n\n<p>\nPour la plupart, ces formations sont proposées sur <strong>Zoom,  gratuitement</strong> aux membres à jour du paiement de leur cotisation et pour les traducteurs et/ou interprètes judiciaires, Experts ou CESEDA non-membres et, dans la limite des places disponibles, aux personnes intéressées par les métiers d’interprète et traducteur judiciaire, à un tarif très compétitif. <strong>EXPERTIJ étant une association à but non lucratif</strong>, les tarifs sont calculés de façon à couvrir les frais de location des salles, de rémunération des intervenants, pas à dégager des bénéfices.</p>\n\n<p>\nDes formations et des réunions d’information sur l’exercice de la fonction d’expert traducteur et/ou interprète peuvent également être proposées <strong>en présentiel,</strong> dans un climat de convivialité, de bienveillance et d\'échange, permettant ainsi de fédérer davantage les traducteurs et interprètes intervenant dans les différentes juridictions et de rompre l’isolement du traducteur solitaire, conformément à l’esprit du décret n° 2013-958 du 25 octobre 2013 qui vient compléter la transposition de la directive 2010/64/UE du Parlement européen et du Conseil relative au droit à l\'interprétation et à la traduction dans le cadre des procédures pénales.</p>\n\n<p>\n<strong>EXPERTIJ</strong> est attachée à la défense du titre d\'expert, à la promotion de la profession de traducteur et d’interprète, à la sensibilisation au rôle de ces acteurs et aux prérogatives de ces métiers. </p>\n\n<p><strong>Grâce à des contacts privilégiés avec les différents acteurs de la justice,</strong> les services chargés des experts au ministère de la justice, l’Ecole Nationale de la Magistrature, les associations de magistrats mais aussi avec le monde universitaire (DU Traducteur-interprète  judiciaire proposé par l’ESIT - Université de Paris 3 - Sorbonne Nouvelle), des rencontres sont organisées régulièrement pour représenter les traducteurs et interprètes judiciaires, défendre leurs intérêts et exposer les problèmes qu’ils rencontrent, échanger, informer et être informé. </p>\n\n<p>Ces échanges ont notamment permis de rédiger la note d’harmonisation des textes régissant notre activité judiciaire dans les différentes juridictions et leur application ainsi que la revalorisation du montant de nos prestations. </p>\n\n<p>De ce fait, les membres d’<strong>EXPERTIJ</strong> sont toujours bien informés de leurs obligations et au courant des actualités les concernant. </p>\n\n<p><strong>EXPERTIJ</strong> vous propose également de souscrire une <strong>assurance responsabilité civile professionnelle</strong> (judiciaire et extrajudiciaire) en défense (document perdu, volé, abîmé,  erreur de traduction ...) et également en action contre un client par exemple, à des tarifs négociés inférieurs à ce qui est généralement proposé à titre individuel par les compagnies d\'assurance. </p>\n\n<p>\nPour nous rejoindre / adhérer à l’<strong>association EXPERTIJ</strong> merci de télécharger le bulletin d’adhésion disponible ici.<br>\nPour toute autre demande, merci de nous écrire à : secretaire.expertij@gmail. com</p>\n</div>','2023-03-01 08:01:07',1,'2023-03-27 08:00:37','2023-04-21 12:53:53',NULL),(3,5,'Contact','contact','XPERTIJ (Experts et Traducteurs Interprètes Judicaires) est une association régie par la loi de 1901, créée en 2016 par un groupe de traducteurs et interprètes experts près les cours d’appel. Elle est membre d’EULITA (Association européenne de traducteurs et interprètes juridiques) et adhère à son code de déontologie.','XPERTIJ (Experts et Traducteurs Interprètes Judicaires) est une association régie par la loi de 1901, créée en 2016 par un groupe de traducteurs et interprètes experts près les cours d’appel. Elle est membre d’EULITA (Association européenne de traducteurs et interprètes juridiques) et adhère à son code de déontologie.','<p>XPERTIJ (Experts et Traducteurs Interprètes Judicaires) est une association régie par la loi de 1901, créée en 2016 par un groupe de traducteurs et interprètes experts près les cours d’appel. Elle est membre d’EULITA (Association européenne de traducteurs et interprètes juridiques) et adhère à son code de déontologie.</p>','2023-02-08 08:04:04',1,'2023-03-27 08:04:34','2023-03-27 09:53:09',NULL),(4,5,'Services','services','Lorem Ipsum is simply dummy text of the printing and typesetting industry. Lorem Ipsum has been the industry\'s standard dummy text ever since the 1500s, when an unknown printer took a galley of type and scrambled it to make a type specimen book. It has survived not only five centuries, but also the leap into electronic typesetting, remaining essentially unchanged. It was popularised in the 1960s with the release of Letraset sheets containing Lorem Ipsum passages, and more recently with desktop publishing software like Aldus PageMaker including versions of Lorem Ipsum.','<h2>Assurance responsabilité civile professionnelle</h2>\r\n\r\n<p>\r\nExpertij propose à ses membres une assurance responsabilité civile professionnelle. <br />\r\n<strong>Les différentes options sont présentées ci-dessous :</strong>\r\n</p>\r\n\r\n<h3 class=\"mt-5\">Cotisation assurance responsabilité civile professionnelle</h3>\r\n\r\n\r\n\r\n<table class=\"exp-srv-pricetable table table-hover table-responsive\">\r\n  <thead class=\"exp-srv-pricetable-header\">\r\n    <tr>\r\n      <th scope=\"col\">Formule</th>\r\n      <th scope=\"col\">Judiciaire</th>\r\n      <th scope=\"col\">Judiciaire + extrajudiciaire</th>\r\n      \r\n    </tr>\r\n  </thead>\r\n  <tbody class=\"exp-srv-pricetable-content\">\r\n    <tr>\r\n      <th scope=\"row\">Option 1</th>\r\n      <td>35 €</td>\r\n      <td>105 €</td>\r\n      \r\n    </tr>\r\n    <tr>\r\n      <th scope=\"row\">Option 2</th>\r\n      <td>42 €</td>\r\n      <td>137 €</td>\r\n      \r\n    </tr>\r\n    <tr>\r\n      <th scope=\"row\">Option 3</th>\r\n      <td>85 €</td>\r\n      <td>269 €</td>\r\n      \r\n      \r\n    </tr>\r\n  </tbody>\r\n</table>\r\n\r\n<br />\r\n\r\n\r\n\r\n\r\n\r\n<table class=\"mt-3 exp-srv-pricetable table table-hover table-responsive\">\r\n  <thead class=\"exp-srv-pricetable-header\">\r\n    <tr>\r\n      <th scope=\"col\">Garanties</th>\r\n      <th scope=\"col\">Montant de la garantie par assuré, par sinistre, et par an </th>\r\n      <th scope=\"col\">Franchises par sinistre </th>\r\n    </tr>\r\n  </thead>\r\n  <tbody class=\"exp-srv-pricetable-content\">\r\n<tr class=\"exp-table-header\">\r\n      <th colspan=\"3\" scope=\"row\"><h5>Assurance responsabilité civile professionnelle</h5></th>\r\n    </tr>\r\n    \r\n<tr>\r\n      <th scope=\"row\"><span style=\"font-weight:400;\">Option 1 :</span></th>\r\n      <td>76 500 €</td>\r\n      <td>150 €</td>\r\n    </tr>    \r\n   \r\n   \r\n<tr>\r\n      <th scope=\"row\"><span style=\"font-weight:400;\">Option 2 :</span></th>\r\n      <td>152 500 €</td>\r\n      <td>150 €</td>\r\n    </tr>    \r\n   \r\n   \r\n      <tr>\r\n      <th scope=\"row\"><span style=\"font-weight:400;\">Option 3 :</span></th>\r\n      <td>380 000 €</td>\r\n      <td>150 €</td>\r\n    </tr>    \r\n   \r\n<tr class=\"exp-table-header\">\r\n      <th colspan=\"3\" scope=\"row\"><h5>Assurance responsabilité civile exploitation</h5></th>\r\n</tr>\r\n    \r\n    \r\n    <tr>\r\n      <th scope=\"row\"><span style=\"font-weight:400;\">Dommages corporels et immatériels consécutifs.</span></th>\r\n      <td>8 000 000 €</td>\r\n      <td>Néant</td>\r\n      \r\n      \r\n    </tr>\r\n    \r\n    \r\n    \r\n    <tr>\r\n      <th scope=\"row\"><span style=\"font-weight:400;\">Limités en cas de faute inexcusable pour l’ensemble des sinistres d\'une même année d\'assurance à</span></th>\r\n      <td>3 500 000 €</td>\r\n      <td></td>\r\n</tr>\r\n\r\n<tr>\r\n    <th scope=\"row\"><span style=\"font-weight:400;\">Sauf garantie responsabilité civile du fait de l’utilisation ou du déplacement d’un véhicule à moteur</span></th>\r\n      <td>Illimité</td>\r\n      <td>Néant</td>\r\n</tr>\r\n\r\n\r\n\r\n\r\n\r\n<tr class=\"exp-table-header\">\r\n      <th colspan=\"3\" scope=\"row\"><h5>Dommages matériels et immatériels consécutifs</h5></th>\r\n\r\n</tr>\r\n\r\n<tr>\r\n      <th scope=\"row\"><span style=\"font-weight:400;\">Vol par préposé</span></th>\r\n      <td>30 500 €</td>\r\n      <td>150 €</td>\r\n</tr>\r\n    <tr>\r\n      <th scope=\"row\"><span style=\"font-weight:400;\">Autres</span></th>\r\n      <td>765 000 €</td>\r\n      <td>150 €</td>\r\n</tr>\r\n\r\n<tr class=\"exp-table-header\">\r\n      <th colspan=\"3\" scope=\"row\"><h5>Protection juridique</h5></th>\r\n</tr>\r\n\r\n<tr>\r\n      <th scope=\"row\"><span style=\"font-weight:400;\">recours et défense pénale</span></th>\r\n      <td>20 000 €</td>\r\n      <td>Néant</td>\r\n</tr>\r\n\r\n<tr>\r\n      <th scope=\"row\"><span style=\"font-weight:400;\">contestation des honoraires d’expert</span></th>\r\n      <td>15 000 €</td>\r\n      <td>Néant</td>\r\n</tr>\r\n\r\n\r\n<tr class=\"exp-table-header\">\r\n      <th colspan=\"3\" scope=\"row\"><h5>Risques complémentaires <span style=\"font-weight:400;\">y compris les garanties « catastrophes naturelles » et « dommages par actes de terrorisme ou attentats » :</span><h5></th>\r\n</tr>\r\n\r\n\r\n<tr>\r\n      <th scope=\"row\"><span style=\"font-weight:400;\">archives et supports d’information</span></th>\r\n      <td>30 500 €</td>\r\n      <td>Néant</td>\r\n</tr>\r\n\r\n\r\n\r\n<tr>\r\n      <th scope=\"row\"><span style=\"font-weight:400;\">détérioration et vol des objets confiés</span></th>\r\n      <td>30 500 €</td>\r\n      <td>300 €</td>\r\n</tr>\r\n\r\n\r\n\r\n\r\n<tr class=\"exp-table-header\">\r\n      <th colspan=\"3\" scope=\"row\"><h5>Assurance individuelle contre les accidents corporels des experts dans le cadre de leurs missions :</h5></th>\r\n\r\n</tr>\r\n\r\n\r\n<tr>\r\n      <th scope=\"row\"><span style=\"font-weight:400;\">décès</span></th>\r\n      <td>20 000 €</td>\r\n      <td>Néant</td>\r\n</tr>\r\n\r\n\r\n\r\n<tr>\r\n      <th scope=\"row\"><span style=\"font-weight:400;\">invalidité permanente</span></th>\r\n      <td>40 000 €</td>\r\n      <td>Néant</td>\r\n</tr>\r\n\r\n\r\n\r\n  </tbody>\r\n</table>','<h2>Assurance responsabilité civile professionnelle</h2>\n<p>\nExpertij propose à ses membres une assurance responsabilité civile professionnelle. <br>\n<strong>Les différentes options sont présentées ci-dessous :</strong>\n</p>\n<h3 class=\"mt-5\">Cotisation assurance responsabilité civile professionnelle</h3>\n<table class=\"exp-srv-pricetable table table-hover table-responsive\">\n  <thead class=\"exp-srv-pricetable-header\">\n    <tr>\n      <th scope=\"col\">Formule</th>\n      <th scope=\"col\">Judiciaire</th>\n      <th scope=\"col\">Judiciaire + extrajudiciaire</th>\n\n    </tr>\n  </thead>\n  <tbody class=\"exp-srv-pricetable-content\">\n    <tr>\n      <th scope=\"row\">Option 1</th>\n      <td>35 €</td>\n      <td>105 €</td>\n\n    </tr>\n    <tr>\n      <th scope=\"row\">Option 2</th>\n      <td>42 €</td>\n      <td>137 €</td>\n\n    </tr>\n    <tr>\n      <th scope=\"row\">Option 3</th>\n      <td>85 €</td>\n      <td>269 €</td>\n\n    </tr>\n  </tbody>\n</table>\n<p><br /></p>\n<table class=\"mt-3 exp-srv-pricetable table table-hover table-responsive\">\n  <thead class=\"exp-srv-pricetable-header\">\n    <tr>\n      <th scope=\"col\">Garanties</th>\n      <th scope=\"col\">Montant de la garantie par assuré, par sinistre, et par an </th>\n      <th scope=\"col\">Franchises par sinistre </th>\n    </tr>\n  </thead>\n  <tbody class=\"exp-srv-pricetable-content\">\n<tr class=\"exp-table-header\">\n      <th colspan=\"3\" scope=\"row\"><h5>Assurance responsabilité civile professionnelle</h5></th>\n    </tr>\n\n<tr>\n      <th scope=\"row\"><span style=\"font-weight:400;\">Option 1 :</span></th>\n      <td>76 500 €</td>\n      <td>150 €</td>\n    </tr>    \n\n<tr>\n      <th scope=\"row\"><span style=\"font-weight:400;\">Option 2 :</span></th>\n      <td>152 500 €</td>\n      <td>150 €</td>\n    </tr>    \n\n      <tr>\n      <th scope=\"row\"><span style=\"font-weight:400;\">Option 3 :</span></th>\n      <td>380 000 €</td>\n      <td>150 €</td>\n    </tr>    \n\n<tr class=\"exp-table-header\">\n      <th colspan=\"3\" scope=\"row\"><h5>Assurance responsabilité civile exploitation</h5></th>\n</tr>\n\n    <tr>\n      <th scope=\"row\"><span style=\"font-weight:400;\">Dommages corporels et immatériels consécutifs.</span></th>\n      <td>8 000 000 €</td>\n      <td>Néant</td>\n\n    </tr>\n\n    <tr>\n      <th scope=\"row\"><span style=\"font-weight:400;\">Limités en cas de faute inexcusable pour l’ensemble des sinistres d\'une même année d\'assurance à</span></th>\n      <td>3 500 000 €</td>\n      <td></td>\n</tr>\n\n<tr>\n    <th scope=\"row\"><span style=\"font-weight:400;\">Sauf garantie responsabilité civile du fait de l’utilisation ou du déplacement d’un véhicule à moteur</span></th>\n      <td>Illimité</td>\n      <td>Néant</td>\n</tr>\n\n<tr class=\"exp-table-header\">\n      <th colspan=\"3\" scope=\"row\"><h5>Dommages matériels et immatériels consécutifs</h5></th>\n\n</tr>\n\n<tr>\n      <th scope=\"row\"><span style=\"font-weight:400;\">Vol par préposé</span></th>\n      <td>30 500 €</td>\n      <td>150 €</td>\n</tr>\n    <tr>\n      <th scope=\"row\"><span style=\"font-weight:400;\">Autres</span></th>\n      <td>765 000 €</td>\n      <td>150 €</td>\n</tr>\n\n<tr class=\"exp-table-header\">\n      <th colspan=\"3\" scope=\"row\"><h5>Protection juridique</h5></th>\n</tr>\n\n<tr>\n      <th scope=\"row\"><span style=\"font-weight:400;\">recours et défense pénale</span></th>\n      <td>20 000 €</td>\n      <td>Néant</td>\n</tr>\n\n<tr>\n      <th scope=\"row\"><span style=\"font-weight:400;\">contestation des honoraires d’expert</span></th>\n      <td>15 000 €</td>\n      <td>Néant</td>\n</tr>\n\n<tr class=\"exp-table-header\">\n      <th colspan=\"3\" scope=\"row\"><h5>Risques complémentaires <span style=\"font-weight:400;\">y compris les garanties « catastrophes naturelles » et « dommages par actes de terrorisme ou attentats » :</span><h5></h5></h5></th>\n</tr>\n\n<tr>\n      <th scope=\"row\"><span style=\"font-weight:400;\">archives et supports d’information</span></th>\n      <td>30 500 €</td>\n      <td>Néant</td>\n</tr>\n\n<tr>\n      <th scope=\"row\"><span style=\"font-weight:400;\">détérioration et vol des objets confiés</span></th>\n      <td>30 500 €</td>\n      <td>300 €</td>\n</tr>\n\n<tr class=\"exp-table-header\">\n      <th colspan=\"3\" scope=\"row\"><h5>Assurance individuelle contre les accidents corporels des experts dans le cadre de leurs missions :</h5></th>\n\n</tr>\n\n<tr>\n      <th scope=\"row\"><span style=\"font-weight:400;\">décès</span></th>\n      <td>20 000 €</td>\n      <td>Néant</td>\n</tr>\n\n<tr>\n      <th scope=\"row\"><span style=\"font-weight:400;\">invalidité permanente</span></th>\n      <td>40 000 €</td>\n      <td>Néant</td>\n</tr>\n\n  </tbody>\n</table>','2023-02-01 08:05:09',1,'2023-03-27 08:05:22','2023-04-13 11:50:01',NULL),(5,5,'Prochaines formations','prochaines-formations','','**29 février 2020 (9h00 – 13h00), Toulouse**\r\n\r\n\r\nLes obligations fiscales et sociales du traducteur et de l’interprète intervenant en milieu judiciaire.\r\nBon exercice de la fonction du traducteur interprète judiciaire : code de déontologie, droits et obligations, droit d’option, organisation au quotidien…\r\n\r\n\r\n**Intervenants**\r\n\r\nM. Patrice POUSSON, ARAPL, Mmes Taffy MARTIN, Farideh VAHEDI BODLA et Lidia TRZASKO','<p><strong>29 février 2020 (9h00 – 13h00), Toulouse</strong></p>\n<p>Les obligations fiscales et sociales du traducteur et de l’interprète intervenant en milieu judiciaire.\nBon exercice de la fonction du traducteur interprète judiciaire : code de déontologie, droits et obligations, droit d’option, organisation au quotidien…</p>\n<p><strong>Intervenants</strong></p>\n<p>M. Patrice POUSSON, ARAPL, Mmes Taffy MARTIN, Farideh VAHEDI BODLA et Lidia TRZASKO</p>','2023-02-12 08:06:31',1,'2023-03-27 08:06:33','2023-03-27 08:06:33',NULL),(6,5,'Formation 1','formation-1','<p>\r\nLorem ipsum dolor sit amet, consectetur adipiscing elit. Etiam quis tristique nisl. Proin rutrum ipsum orci, sed porttitor libero eleifend id. Sed euismod magna eget enim feugiat, in tempor nisl eleifend. Donec ac sodales diam, sed hendrerit magna. Maecenas augue est, volutpat sed sem ut, ultrices efficitur diam. Proin auctor vulputate nibh, ut bibendum ligula congue vitae. In hac habitasse platea dictumst. Ut eget vehicula mi. Maecenas maximus vestibulum eros, eu mollis ex euismod nec. Etiam et mi vehicula, placerat nisi eu, cursus nisl. Proin quam neque, porta a elementum ut, convallis tincidunt magna. Proin tempus lectus vel auctor tempus. Maecenas ex elit, pretium ut ex et, elementum commodo elit.\r\n</p>','<p>\r\nLorem ipsum dolor sit amet, consectetur adipiscing elit. Etiam quis tristique nisl. Proin rutrum ipsum orci, sed porttitor libero eleifend id. Sed euismod magna eget enim feugiat, in tempor nisl eleifend. Donec ac sodales diam, sed hendrerit magna. Maecenas augue est, volutpat sed sem ut, ultrices efficitur diam. Proin auctor vulputate nibh, ut bibendum ligula congue vitae. In hac habitasse platea dictumst. Ut eget vehicula mi. Maecenas maximus vestibulum eros, eu mollis ex euismod nec. Etiam et mi vehicula, placerat nisi eu, cursus nisl. Proin quam neque, porta a elementum ut, convallis tincidunt magna. Proin tempus lectus vel auctor tempus. Maecenas ex elit, pretium ut ex et, elementum commodo elit.\r\n</p>\r\n\r\n\r\n<p>\r\nLorem ipsum dolor sit amet, consectetur adipiscing elit. Etiam quis tristique nisl. Proin rutrum ipsum orci, sed porttitor libero eleifend id. Sed euismod magna eget enim feugiat, in tempor nisl eleifend. Donec ac sodales diam, sed hendrerit magna. Maecenas augue est, volutpat sed sem ut, ultrices efficitur diam. Proin auctor vulputate nibh, ut bibendum ligula congue vitae. In hac habitasse platea dictumst. Ut eget vehicula mi. Maecenas maximus vestibulum eros, eu mollis ex euismod nec. Etiam et mi vehicula, placerat nisi eu, cursus nisl. Proin quam neque, porta a elementum ut, convallis tincidunt magna. Proin tempus lectus vel auctor tempus. Maecenas ex elit, pretium ut ex et, elementum commodo elit.\r\n\r\n</p>','<p>\nLorem ipsum dolor sit amet, consectetur adipiscing elit. Etiam quis tristique nisl. Proin rutrum ipsum orci, sed porttitor libero eleifend id. Sed euismod magna eget enim feugiat, in tempor nisl eleifend. Donec ac sodales diam, sed hendrerit magna. Maecenas augue est, volutpat sed sem ut, ultrices efficitur diam. Proin auctor vulputate nibh, ut bibendum ligula congue vitae. In hac habitasse platea dictumst. Ut eget vehicula mi. Maecenas maximus vestibulum eros, eu mollis ex euismod nec. Etiam et mi vehicula, placerat nisi eu, cursus nisl. Proin quam neque, porta a elementum ut, convallis tincidunt magna. Proin tempus lectus vel auctor tempus. Maecenas ex elit, pretium ut ex et, elementum commodo elit.\n</p>\n<p>\nLorem ipsum dolor sit amet, consectetur adipiscing elit. Etiam quis tristique nisl. Proin rutrum ipsum orci, sed porttitor libero eleifend id. Sed euismod magna eget enim feugiat, in tempor nisl eleifend. Donec ac sodales diam, sed hendrerit magna. Maecenas augue est, volutpat sed sem ut, ultrices efficitur diam. Proin auctor vulputate nibh, ut bibendum ligula congue vitae. In hac habitasse platea dictumst. Ut eget vehicula mi. Maecenas maximus vestibulum eros, eu mollis ex euismod nec. Etiam et mi vehicula, placerat nisi eu, cursus nisl. Proin quam neque, porta a elementum ut, convallis tincidunt magna. Proin tempus lectus vel auctor tempus. Maecenas ex elit, pretium ut ex et, elementum commodo elit.\n\n</p>','2023-02-01 08:07:04',1,'2023-03-27 08:07:27','2023-03-27 08:07:27',NULL),(7,5,'Formation 2','formation-2','<p>\r\nLorem ipsum dolor sit amet, consectetur adipiscing elit. Etiam quis tristique nisl. Proin rutrum ipsum orci, sed porttitor libero eleifend id. Sed euismod magna eget enim feugiat, in tempor nisl eleifend. Donec ac sodales diam, sed hendrerit magna. Maecenas augue est, volutpat sed sem ut, ultrices efficitur diam. Proin auctor vulputate nibh, ut bibendum ligula congue vitae. In hac habitasse platea dictumst. Ut eget vehicula mi. Maecenas maximus vestibulum eros, eu mollis ex euismod nec. Etiam et mi vehicula, placerat nisi eu, cursus nisl. Proin quam neque, porta a elementum ut, convallis tincidunt magna. Proin tempus lectus vel auctor tempus. Maecenas ex elit, pretium ut ex et, elementum commodo elit.\r\n</p>','<p>\r\nLorem ipsum dolor sit amet, consectetur adipiscing elit. Etiam quis tristique nisl. Proin rutrum ipsum orci, sed porttitor libero eleifend id. Sed euismod magna eget enim feugiat, in tempor nisl eleifend. Donec ac sodales diam, sed hendrerit magna. Maecenas augue est, volutpat sed sem ut, ultrices efficitur diam. Proin auctor vulputate nibh, ut bibendum ligula congue vitae. In hac habitasse platea dictumst. Ut eget vehicula mi. Maecenas maximus vestibulum eros, eu mollis ex euismod nec. Etiam et mi vehicula, placerat nisi eu, cursus nisl. Proin quam neque, porta a elementum ut, convallis tincidunt magna. Proin tempus lectus vel auctor tempus. Maecenas ex elit, pretium ut ex et, elementum commodo elit.\r\n</p>\r\n\r\n\r\n<p>\r\nLorem ipsum dolor sit amet, consectetur adipiscing elit. Etiam quis tristique nisl. Proin rutrum ipsum orci, sed porttitor libero eleifend id. Sed euismod magna eget enim feugiat, in tempor nisl eleifend. Donec ac sodales diam, sed hendrerit magna. Maecenas augue est, volutpat sed sem ut, ultrices efficitur diam. Proin auctor vulputate nibh, ut bibendum ligula congue vitae. In hac habitasse platea dictumst. Ut eget vehicula mi. Maecenas maximus vestibulum eros, eu mollis ex euismod nec. Etiam et mi vehicula, placerat nisi eu, cursus nisl. Proin quam neque, porta a elementum ut, convallis tincidunt magna. Proin tempus lectus vel auctor tempus. Maecenas ex elit, pretium ut ex et, elementum commodo elit.\r\n\r\n</p>','<p>\nLorem ipsum dolor sit amet, consectetur adipiscing elit. Etiam quis tristique nisl. Proin rutrum ipsum orci, sed porttitor libero eleifend id. Sed euismod magna eget enim feugiat, in tempor nisl eleifend. Donec ac sodales diam, sed hendrerit magna. Maecenas augue est, volutpat sed sem ut, ultrices efficitur diam. Proin auctor vulputate nibh, ut bibendum ligula congue vitae. In hac habitasse platea dictumst. Ut eget vehicula mi. Maecenas maximus vestibulum eros, eu mollis ex euismod nec. Etiam et mi vehicula, placerat nisi eu, cursus nisl. Proin quam neque, porta a elementum ut, convallis tincidunt magna. Proin tempus lectus vel auctor tempus. Maecenas ex elit, pretium ut ex et, elementum commodo elit.\n</p>\n<p>\nLorem ipsum dolor sit amet, consectetur adipiscing elit. Etiam quis tristique nisl. Proin rutrum ipsum orci, sed porttitor libero eleifend id. Sed euismod magna eget enim feugiat, in tempor nisl eleifend. Donec ac sodales diam, sed hendrerit magna. Maecenas augue est, volutpat sed sem ut, ultrices efficitur diam. Proin auctor vulputate nibh, ut bibendum ligula congue vitae. In hac habitasse platea dictumst. Ut eget vehicula mi. Maecenas maximus vestibulum eros, eu mollis ex euismod nec. Etiam et mi vehicula, placerat nisi eu, cursus nisl. Proin quam neque, porta a elementum ut, convallis tincidunt magna. Proin tempus lectus vel auctor tempus. Maecenas ex elit, pretium ut ex et, elementum commodo elit.\n\n</p>','2023-02-01 08:07:52',1,'2023-03-27 08:07:52','2023-03-27 08:07:52',NULL),(8,5,'Formation 3','formation-3','<p>\r\nLorem ipsum dolor sit amet, consectetur adipiscing elit. Etiam quis tristique nisl. Proin rutrum ipsum orci, sed porttitor libero eleifend id. Sed euismod magna eget enim feugiat, in tempor nisl eleifend. Donec ac sodales diam, sed hendrerit magna. Maecenas augue est, volutpat sed sem ut, ultrices efficitur diam. Proin auctor vulputate nibh, ut bibendum ligula congue vitae. In hac habitasse platea dictumst. Ut eget vehicula mi. Maecenas maximus vestibulum eros, eu mollis ex euismod nec. Etiam et mi vehicula, placerat nisi eu, cursus nisl. Proin quam neque, porta a elementum ut, convallis tincidunt magna. Proin tempus lectus vel auctor tempus. Maecenas ex elit, pretium ut ex et, elementum commodo elit.\r\n</p>','<p>\r\nLorem ipsum dolor sit amet, consectetur adipiscing elit. Etiam quis tristique nisl. Proin rutrum ipsum orci, sed porttitor libero eleifend id. Sed euismod magna eget enim feugiat, in tempor nisl eleifend. Donec ac sodales diam, sed hendrerit magna. Maecenas augue est, volutpat sed sem ut, ultrices efficitur diam. Proin auctor vulputate nibh, ut bibendum ligula congue vitae. In hac habitasse platea dictumst. Ut eget vehicula mi. Maecenas maximus vestibulum eros, eu mollis ex euismod nec. Etiam et mi vehicula, placerat nisi eu, cursus nisl. Proin quam neque, porta a elementum ut, convallis tincidunt magna. Proin tempus lectus vel auctor tempus. Maecenas ex elit, pretium ut ex et, elementum commodo elit.\r\n</p>\r\n\r\n\r\n<p>\r\nLorem ipsum dolor sit amet, consectetur adipiscing elit. Etiam quis tristique nisl. Proin rutrum ipsum orci, sed porttitor libero eleifend id. Sed euismod magna eget enim feugiat, in tempor nisl eleifend. Donec ac sodales diam, sed hendrerit magna. Maecenas augue est, volutpat sed sem ut, ultrices efficitur diam. Proin auctor vulputate nibh, ut bibendum ligula congue vitae. In hac habitasse platea dictumst. Ut eget vehicula mi. Maecenas maximus vestibulum eros, eu mollis ex euismod nec. Etiam et mi vehicula, placerat nisi eu, cursus nisl. Proin quam neque, porta a elementum ut, convallis tincidunt magna. Proin tempus lectus vel auctor tempus. Maecenas ex elit, pretium ut ex et, elementum commodo elit.\r\n\r\n</p>','<p>\nLorem ipsum dolor sit amet, consectetur adipiscing elit. Etiam quis tristique nisl. Proin rutrum ipsum orci, sed porttitor libero eleifend id. Sed euismod magna eget enim feugiat, in tempor nisl eleifend. Donec ac sodales diam, sed hendrerit magna. Maecenas augue est, volutpat sed sem ut, ultrices efficitur diam. Proin auctor vulputate nibh, ut bibendum ligula congue vitae. In hac habitasse platea dictumst. Ut eget vehicula mi. Maecenas maximus vestibulum eros, eu mollis ex euismod nec. Etiam et mi vehicula, placerat nisi eu, cursus nisl. Proin quam neque, porta a elementum ut, convallis tincidunt magna. Proin tempus lectus vel auctor tempus. Maecenas ex elit, pretium ut ex et, elementum commodo elit.\n</p>\n<p>\nLorem ipsum dolor sit amet, consectetur adipiscing elit. Etiam quis tristique nisl. Proin rutrum ipsum orci, sed porttitor libero eleifend id. Sed euismod magna eget enim feugiat, in tempor nisl eleifend. Donec ac sodales diam, sed hendrerit magna. Maecenas augue est, volutpat sed sem ut, ultrices efficitur diam. Proin auctor vulputate nibh, ut bibendum ligula congue vitae. In hac habitasse platea dictumst. Ut eget vehicula mi. Maecenas maximus vestibulum eros, eu mollis ex euismod nec. Etiam et mi vehicula, placerat nisi eu, cursus nisl. Proin quam neque, porta a elementum ut, convallis tincidunt magna. Proin tempus lectus vel auctor tempus. Maecenas ex elit, pretium ut ex et, elementum commodo elit.\n\n</p>','2023-02-08 08:08:09',1,'2023-03-27 08:08:11','2023-03-27 08:08:11',NULL),(9,5,'Formation 4','formation-4','<p>\r\nLorem ipsum dolor sit amet, consectetur adipiscing elit. Etiam quis tristique nisl. Proin rutrum ipsum orci, sed porttitor libero eleifend id. Sed euismod magna eget enim feugiat, in tempor nisl eleifend. Donec ac sodales diam, sed hendrerit magna. Maecenas augue est, volutpat sed sem ut, ultrices efficitur diam. Proin auctor vulputate nibh, ut bibendum ligula congue vitae. In hac habitasse platea dictumst. Ut eget vehicula mi. Maecenas maximus vestibulum eros, eu mollis ex euismod nec. Etiam et mi vehicula, placerat nisi eu, cursus nisl. Proin quam neque, porta a elementum ut, convallis tincidunt magna. Proin tempus lectus vel auctor tempus. Maecenas ex elit, pretium ut ex et, elementum commodo elit.\r\n</p>','<p>\r\nLorem ipsum dolor sit amet, consectetur adipiscing elit. Etiam quis tristique nisl. Proin rutrum ipsum orci, sed porttitor libero eleifend id. Sed euismod magna eget enim feugiat, in tempor nisl eleifend. Donec ac sodales diam, sed hendrerit magna. Maecenas augue est, volutpat sed sem ut, ultrices efficitur diam. Proin auctor vulputate nibh, ut bibendum ligula congue vitae. In hac habitasse platea dictumst. Ut eget vehicula mi. Maecenas maximus vestibulum eros, eu mollis ex euismod nec. Etiam et mi vehicula, placerat nisi eu, cursus nisl. Proin quam neque, porta a elementum ut, convallis tincidunt magna. Proin tempus lectus vel auctor tempus. Maecenas ex elit, pretium ut ex et, elementum commodo elit.\r\n</p>\r\n\r\n\r\n<p>\r\nLorem ipsum dolor sit amet, consectetur adipiscing elit. Etiam quis tristique nisl. Proin rutrum ipsum orci, sed porttitor libero eleifend id. Sed euismod magna eget enim feugiat, in tempor nisl eleifend. Donec ac sodales diam, sed hendrerit magna. Maecenas augue est, volutpat sed sem ut, ultrices efficitur diam. Proin auctor vulputate nibh, ut bibendum ligula congue vitae. In hac habitasse platea dictumst. Ut eget vehicula mi. Maecenas maximus vestibulum eros, eu mollis ex euismod nec. Etiam et mi vehicula, placerat nisi eu, cursus nisl. Proin quam neque, porta a elementum ut, convallis tincidunt magna. Proin tempus lectus vel auctor tempus. Maecenas ex elit, pretium ut ex et, elementum commodo elit.\r\n\r\n</p>','<p>\nLorem ipsum dolor sit amet, consectetur adipiscing elit. Etiam quis tristique nisl. Proin rutrum ipsum orci, sed porttitor libero eleifend id. Sed euismod magna eget enim feugiat, in tempor nisl eleifend. Donec ac sodales diam, sed hendrerit magna. Maecenas augue est, volutpat sed sem ut, ultrices efficitur diam. Proin auctor vulputate nibh, ut bibendum ligula congue vitae. In hac habitasse platea dictumst. Ut eget vehicula mi. Maecenas maximus vestibulum eros, eu mollis ex euismod nec. Etiam et mi vehicula, placerat nisi eu, cursus nisl. Proin quam neque, porta a elementum ut, convallis tincidunt magna. Proin tempus lectus vel auctor tempus. Maecenas ex elit, pretium ut ex et, elementum commodo elit.\n</p>\n<p>\nLorem ipsum dolor sit amet, consectetur adipiscing elit. Etiam quis tristique nisl. Proin rutrum ipsum orci, sed porttitor libero eleifend id. Sed euismod magna eget enim feugiat, in tempor nisl eleifend. Donec ac sodales diam, sed hendrerit magna. Maecenas augue est, volutpat sed sem ut, ultrices efficitur diam. Proin auctor vulputate nibh, ut bibendum ligula congue vitae. In hac habitasse platea dictumst. Ut eget vehicula mi. Maecenas maximus vestibulum eros, eu mollis ex euismod nec. Etiam et mi vehicula, placerat nisi eu, cursus nisl. Proin quam neque, porta a elementum ut, convallis tincidunt magna. Proin tempus lectus vel auctor tempus. Maecenas ex elit, pretium ut ex et, elementum commodo elit.\n\n</p>','2023-02-08 08:08:28',1,'2023-03-27 08:08:38','2023-03-27 08:08:38',NULL),(10,5,'Statuts','statuts','','<h5>EXPERTIJ (Experts et Traducteurs Interprètes Judicaires) est une association créée en 2016 par\r\nJeannette Abi Nader-Gélébart, Paul Delorme, María Lebret-Sánchez, Nicolas Matusiak, Monique\r\nRouzet Lelièvre, Véra Stas, Lidia Trzasko et Farideh Vahedi Bodla, traducteurs et interprètes experts\r\nprès les cours d’appel.</h5>\r\n\r\n<p>\r\nL’association est régie par la loi de 1901 et par les présents statuts complétés par un règlement\r\nintérieur. Elle adhère au code de déontologie d’EULITA (Association européenne de traducteurs et\r\ninterprètes juridiques).</p>\r\n\r\n<p>\r\nL’association se propose de fédérer les traducteurs et interprètes intervenant dans les différentes\r\njuridictions, conformément à l’esprit du décret n° 2013-958 du 25 octobre 2013 qui vient compléter la\r\ntransposition de la directive 2010/64/UE du Parlement européen et du Conseil relative au droit à\r\nl\'interprétation et à la traduction dans le cadre des procédures pénales.\r\n</p>\r\n\r\n<p>\r\nLes membres d’EXPERTIJ sont des experts inscrits sur les listes des cours d’appel et des traducteurs\r\ninterprètes des listes CESEDA. L’ouverture de l’association à ces deux catégories d’intervenants\r\ns’appuie notamment sur l’article D. 594-11 du code de procédure pénale :\r\n</p>\r\n\r\n<p>\r\n« Lorsqu\'en application des dispositions du présent code un interprète ou un traducteur est requis ou\r\ndésigné par l\'autorité judiciaire compétente, celui-ci est choisi :\r\n</p>\r\n\r\n<ul>\r\n<li>\r\n1° Sur la liste nationale des experts judiciaires dressée par le bureau de la Cour de cassation,\r\nou sur la liste des experts judiciaires dressée par chaque cour d\'appel.\r\n</li>\r\n<li>\r\n2° A défaut, sur la liste des interprètes traducteurs prévue par l\'article R. 111-1 du code de\r\nl\'entrée et du séjour des étrangers et du droit d\'asile ».\r\n</li>\r\n</ul>\r\n<strong>\r\nPlus concrètement, EXPERTIJ a pour objet d\'assurer la formation continue des traducteurs et\r\ninterprètes dans un climat de convivialité et d\'échange afin de fournir des prestations de qualité aux\r\nservices de justice et aux justiciables.\r\n</strong>\r\n\r\n\r\n\r\n<button type=\"button\" class=\"btn btn-primary\"><a href=\"/storage/app/media/download/Statuts-Expertij.pdf\" target=\"_blank\">Téléchargez les Statuts d\'Expertij</a></button>','<h5>EXPERTIJ (Experts et Traducteurs Interprètes Judicaires) est une association créée en 2016 par\nJeannette Abi Nader-Gélébart, Paul Delorme, María Lebret-Sánchez, Nicolas Matusiak, Monique\nRouzet Lelièvre, Véra Stas, Lidia Trzasko et Farideh Vahedi Bodla, traducteurs et interprètes experts\nprès les cours d’appel.</h5>\n<p>\nL’association est régie par la loi de 1901 et par les présents statuts complétés par un règlement\nintérieur. Elle adhère au code de déontologie d’EULITA (Association européenne de traducteurs et\ninterprètes juridiques).</p>\n<p>\nL’association se propose de fédérer les traducteurs et interprètes intervenant dans les différentes\njuridictions, conformément à l’esprit du décret n° 2013-958 du 25 octobre 2013 qui vient compléter la\ntransposition de la directive 2010/64/UE du Parlement européen et du Conseil relative au droit à\nl\'interprétation et à la traduction dans le cadre des procédures pénales.\n</p>\n<p>\nLes membres d’EXPERTIJ sont des experts inscrits sur les listes des cours d’appel et des traducteurs\ninterprètes des listes CESEDA. L’ouverture de l’association à ces deux catégories d’intervenants\ns’appuie notamment sur l’article D. 594-11 du code de procédure pénale :\n</p>\n<p>\n« Lorsqu\'en application des dispositions du présent code un interprète ou un traducteur est requis ou\ndésigné par l\'autorité judiciaire compétente, celui-ci est choisi :\n</p>\n<ul>\n<li>\n1° Sur la liste nationale des experts judiciaires dressée par le bureau de la Cour de cassation,\nou sur la liste des experts judiciaires dressée par chaque cour d\'appel.\n</li>\n<li>\n2° A défaut, sur la liste des interprètes traducteurs prévue par l\'article R. 111-1 du code de\nl\'entrée et du séjour des étrangers et du droit d\'asile ».\n</li>\n</ul>\n<p><strong>\nPlus concrètement, EXPERTIJ a pour objet d\'assurer la formation continue des traducteurs et\ninterprètes dans un climat de convivialité et d\'échange afin de fournir des prestations de qualité aux\nservices de justice et aux justiciables.\n</strong></p>\n<button type=\"button\" class=\"btn btn-primary\"><a href=\"/storage/app/media/download/Statuts-Expertij.pdf\" target=\"_blank\">Téléchargez les Statuts d\'Expertij</a></button>','2023-03-26 08:26:45',1,'2023-03-27 08:28:43','2023-04-13 09:39:16',NULL),(11,5,'Règlement intérieur','reglement-interieur','','<p><strong>Le présent règlement intérieur de l\'association EXPERTIJ est destiné à compléter les statuts et régler conformément auxdits statuts le fonctionnement de l’association.</strong></p>\r\n\r\n<p>Il sera remis à chaque nouvel adhérent et mis à la disposition de l’ensemble des membres sur le site de l’association.</p>\r\n\r\n<h2>Titre I : Membres</h2>\r\n\r\n \r\n<h3>Article 1 – Cotisations des membres actifs</h3>\r\n\r\n<p>\r\nPour l’année 2016, le montant de la cotisation est fixé à 70 euros. Le versement de la cotisation doit être établi par paiement direct en ligne sur le site de l’association ou éventuellement par chèque à l\'ordre de l\'association, et effectué lors de l’inscription puis, chaque année, au début de l’exercice et au plus tard 2 mois après l’appel de cotisation.\r\n</p>\r\n\r\n<p>Toute cotisation versée à l\'association est définitivement acquise. Aucun remboursement de cotisation ne peut être exigé en cas de démission, d\'exclusion ou de décès d\'un membre en cours d’année.</p>\r\n\r\n<p>\r\nAucune cotisation n’est due pour l’année en cours dans le cas d’une inscription après le 1er octobre.\r\n</p>\r\n\r\n<h3>\r\nArticle 2 - Admission des nouveaux membres</h3>\r\n\r\n <p>\r\nLes candidats à l’admission en qualité de membre actif devront procéder comme suit :\r\n</p>\r\n\r\n<ul>\r\n<li>\r\nEnvoi au secrétariat général du bulletin annexé au présent règlement intérieur dûment rempli,\r\n</li>\r\n\r\n <br />\r\nEt\r\n<br />\r\n \r\n\r\na) pour les experts et les traducteurs-interprètes jurés d’Alsace-Moselle :\r\n <br /><br />\r\n<li>\r\nPhotocopie de la lettre d’inscription sur la liste de la cour d’appel ou sur la liste des traducteurs-interprètes jurés des tribunaux d’Alsace-Moselle, en cours de validité.\r\n</li>\r\n\r\n<li>\r\n Attestation de l\'URSSAF de moins de trois mois attestant du versement des cotisations et de la fourniture des déclarations.</li>\r\n\r\n<li> Attestation INSEE avec le code NAF correspondant aux activités de traducteur et/ou interprète.\r\n</li>\r\n\r\n<br />\r\nb) pour les traducteurs-interprètes intervenant au titre du code de l’entrée et du séjour des étrangers et du droit d’asile (CESEDA)\r\n<br /><br />\r\n \r\n\r\n<li>Attestation du tribunal de grande instance confirmant l\'inscription sur la liste du procureur de la République.</li>\r\n<li>\r\nAttestation de l\'URSSAF de moins de trois mois attestant du versement des cotisations et de la fourniture des déclarations,</li>\r\n<br />\r\n ou\r\n <br /><br />\r\n <li>\r\nTrois justificatifs de paiement des interventions du candidat par le ministère de la Justice comprenant la prise en charge des cotisations sociales par l’État.\r\n</li>\r\n</ul>\r\n<p>\r\nCes documents seront exigés chaque année lors du paiement de la cotisation et son une condition du maintien de la qualité de membre actif.</p>\r\n\r\n<p>\r\nLes candidatures seront examinées une fois par mois par le collège des membres fondateurs sur rapport du secrétaire général et les décisions, prises à la majorité des membres du collège des fondateurs, seront actées sous forme de procès-verbal.</p>\r\n\r\n\r\n<h3>Article 3 - Exclusion</h3>\r\n<p>\r\nPour les traducteurs de la liste CESEDA, le fait d’établir des traductions certifiées pour une clientèle privée est incompatible avec la qualité de membre actif et une telle activité est susceptible d’entraîner l’exclusion du membre s’y livrant dans les formes prévues à l’article 10-g) des statuts.\r\n</p>\r\n\r\n<h3>Article 4 – Démission, décès, radiation</h3>\r\n\r\n<p>\r\nTout membre démissionnaire devra adresser sous lettre simple sa décision au président du conseil d’administration.\r\n</p>\r\n\r\n<p>\r\nLe membre démissionnaire ne peut prétendre à une restitution de cotisation.\r\n</p>\r\n\r\n<p>\r\nTout décès entraîne la perte de la qualité de membre et ne peut donner lieu à aucun remboursement de la cotisation versée\r\n</p>\r\n\r\n<h2>\r\nTitre II : Fonctionnement de l\'association</h2>\r\n\r\n \r\n<h3>\r\nArticle 5 - Le conseil d’administration</h3>\r\n\r\n<p>\r\nLe conseil d’administration règle, par ses délibérations, les affaires de l’association et notamment ce qui est énoncé à l’article 11 des statuts.\r\n</p>\r\n\r\n \r\n<p>\r\nLe conseil d’administration se réunit par tout moyen aussi souvent que nécessaire conformément aux dispositions de l’article 11 des statuts, sur convocation de son président ou, en son absence, du secrétaire général.\r\n</p>\r\n\r\n<p>\r\nUn procès-verbal de chaque réunion du conseil d’administration est rédigé par le secrétaire général ou, en son absence, par un autre membre du conseil.\r\n</p>\r\n\r\n<p>\r\nLes membres du conseil d’administration sont assujettis à une obligation de confidentialité. Ils doivent éviter toute situation constitutive d’un conflit d’intérêt.\r\n</p>\r\n \r\n<h3>\r\nArticle 6 - Assemblée générale ordinaire\r\n</h3>\r\n \r\n<p>\r\nL’assemblée générale ordinaire est présidée par le président de l’association ou, en son absence, par un autre membre du bureau.\r\n</p>\r\n \r\n<p>\r\nSeuls les points portés à l’ordre du jour seront traités lors de l’assemblée générale ordinaire. Les membres auront néanmoins la faculté de demander que des points précis soient abordés dans la partie « questions diverses » de l’ordre du jour, sous réserve de formuler par écrit cette demande auprès du secrétariat 10 jours au moins avant la tenue de l’assemblée.\r\n</p>\r\n \r\n<p>\r\nLe rapport moral, le rapport financier et tout autre document utile à la prise des décisions seront envoyés aux adhérents par courrier électronique quinze jours avant la date de l’assemblée générale.\r\n</p>\r\n \r\n<h3>\r\nArticle 7 - Assemblée générale extraordinaire\r\n</h3>\r\n \r\n<p>\r\nLes documents nécessaires à la prise des décisions seront envoyés aux adhérents par courrier électronique quinze jours avant la date de l’assemblée générale.\r\n</p>\r\n \r\n\r\n \r\n<h2>\r\nTitre III : Dispositions diverses\r\n</h2>\r\n \r\n<h3>\r\nArticle 8 - Modification du règlement intérieur\r\n</h3>\r\n \r\n<p>\r\nIl est affiché sur le site de l’association et, en cas de modification, la nouvelle version devra être affichée sur le site dans un délai de huit jours suivant la date de la modification.\r\n</p>\r\n \r\n<h3>\r\nArticle 9 - Remboursement des frais\r\n</h3>\r\n \r\n<p>\r\nLes membres du conseil d’administration ayant engagé des frais, dans le cadre de fonctions exercées ès qualité, pourront en obtenir le remboursement sur présentation d’une note de frais précisant l’objet, la date et le lieu des frais engagés et des justificatifs correspondants.\r\n</p>\r\n\r\n \r\n<p>\r\nLe remboursement de ces frais sera effectué par le trésorier sur approbation du conseil d’administration.\r\n</p>','<p><strong>Le présent règlement intérieur de l\'association EXPERTIJ est destiné à compléter les statuts et régler conformément auxdits statuts le fonctionnement de l’association.</strong></p>\n<p>Il sera remis à chaque nouvel adhérent et mis à la disposition de l’ensemble des membres sur le site de l’association.</p>\n<h2>Titre I : Membres</h2>\n<h3>Article 1 – Cotisations des membres actifs</h3>\n<p>\nPour l’année 2016, le montant de la cotisation est fixé à 70 euros. Le versement de la cotisation doit être établi par paiement direct en ligne sur le site de l’association ou éventuellement par chèque à l\'ordre de l\'association, et effectué lors de l’inscription puis, chaque année, au début de l’exercice et au plus tard 2 mois après l’appel de cotisation.\n</p>\n<p>Toute cotisation versée à l\'association est définitivement acquise. Aucun remboursement de cotisation ne peut être exigé en cas de démission, d\'exclusion ou de décès d\'un membre en cours d’année.</p>\n<p>\nAucune cotisation n’est due pour l’année en cours dans le cas d’une inscription après le 1er octobre.\n</p>\n<h3>\nArticle 2 - Admission des nouveaux membres</h3>\n<p>\nLes candidats à l’admission en qualité de membre actif devront procéder comme suit :\n</p>\n<ul>\n<li>\nEnvoi au secrétariat général du bulletin annexé au présent règlement intérieur dûment rempli,\n</li>\n\n <br>\nEt\n<br>\n\na) pour les experts et les traducteurs-interprètes jurés d’Alsace-Moselle :\n <br><br>\n<li>\nPhotocopie de la lettre d’inscription sur la liste de la cour d’appel ou sur la liste des traducteurs-interprètes jurés des tribunaux d’Alsace-Moselle, en cours de validité.\n</li>\n\n<li>\n Attestation de l\'URSSAF de moins de trois mois attestant du versement des cotisations et de la fourniture des déclarations.</li>\n\n<li> Attestation INSEE avec le code NAF correspondant aux activités de traducteur et/ou interprète.\n</li>\n\n<br>\nb) pour les traducteurs-interprètes intervenant au titre du code de l’entrée et du séjour des étrangers et du droit d’asile (CESEDA)\n<br><br>\n\n<li>Attestation du tribunal de grande instance confirmant l\'inscription sur la liste du procureur de la République.</li>\n<li>\nAttestation de l\'URSSAF de moins de trois mois attestant du versement des cotisations et de la fourniture des déclarations,</li>\n<br>\n ou\n <br><br>\n <li>\nTrois justificatifs de paiement des interventions du candidat par le ministère de la Justice comprenant la prise en charge des cotisations sociales par l’État.\n</li>\n</ul>\n<p>\nCes documents seront exigés chaque année lors du paiement de la cotisation et son une condition du maintien de la qualité de membre actif.</p>\n<p>\nLes candidatures seront examinées une fois par mois par le collège des membres fondateurs sur rapport du secrétaire général et les décisions, prises à la majorité des membres du collège des fondateurs, seront actées sous forme de procès-verbal.</p>\n<h3>Article 3 - Exclusion</h3>\n<p>\nPour les traducteurs de la liste CESEDA, le fait d’établir des traductions certifiées pour une clientèle privée est incompatible avec la qualité de membre actif et une telle activité est susceptible d’entraîner l’exclusion du membre s’y livrant dans les formes prévues à l’article 10-g) des statuts.\n</p>\n<h3>Article 4 – Démission, décès, radiation</h3>\n<p>\nTout membre démissionnaire devra adresser sous lettre simple sa décision au président du conseil d’administration.\n</p>\n<p>\nLe membre démissionnaire ne peut prétendre à une restitution de cotisation.\n</p>\n<p>\nTout décès entraîne la perte de la qualité de membre et ne peut donner lieu à aucun remboursement de la cotisation versée\n</p>\n<h2>\nTitre II : Fonctionnement de l\'association</h2>\n<h3>\nArticle 5 - Le conseil d’administration</h3>\n<p>\nLe conseil d’administration règle, par ses délibérations, les affaires de l’association et notamment ce qui est énoncé à l’article 11 des statuts.\n</p>\n<p>\nLe conseil d’administration se réunit par tout moyen aussi souvent que nécessaire conformément aux dispositions de l’article 11 des statuts, sur convocation de son président ou, en son absence, du secrétaire général.\n</p>\n<p>\nUn procès-verbal de chaque réunion du conseil d’administration est rédigé par le secrétaire général ou, en son absence, par un autre membre du conseil.\n</p>\n<p>\nLes membres du conseil d’administration sont assujettis à une obligation de confidentialité. Ils doivent éviter toute situation constitutive d’un conflit d’intérêt.\n</p>\n<h3>\nArticle 6 - Assemblée générale ordinaire\n</h3>\n<p>\nL’assemblée générale ordinaire est présidée par le président de l’association ou, en son absence, par un autre membre du bureau.\n</p>\n<p>\nSeuls les points portés à l’ordre du jour seront traités lors de l’assemblée générale ordinaire. Les membres auront néanmoins la faculté de demander que des points précis soient abordés dans la partie « questions diverses » de l’ordre du jour, sous réserve de formuler par écrit cette demande auprès du secrétariat 10 jours au moins avant la tenue de l’assemblée.\n</p>\n<p>\nLe rapport moral, le rapport financier et tout autre document utile à la prise des décisions seront envoyés aux adhérents par courrier électronique quinze jours avant la date de l’assemblée générale.\n</p>\n<h3>\nArticle 7 - Assemblée générale extraordinaire\n</h3>\n<p>\nLes documents nécessaires à la prise des décisions seront envoyés aux adhérents par courrier électronique quinze jours avant la date de l’assemblée générale.\n</p>\n<h2>\nTitre III : Dispositions diverses\n</h2>\n<h3>\nArticle 8 - Modification du règlement intérieur\n</h3>\n<p>\nIl est affiché sur le site de l’association et, en cas de modification, la nouvelle version devra être affichée sur le site dans un délai de huit jours suivant la date de la modification.\n</p>\n<h3>\nArticle 9 - Remboursement des frais\n</h3>\n<p>\nLes membres du conseil d’administration ayant engagé des frais, dans le cadre de fonctions exercées ès qualité, pourront en obtenir le remboursement sur présentation d’une note de frais précisant l’objet, la date et le lieu des frais engagés et des justificatifs correspondants.\n</p>\n<p>\nLe remboursement de ces frais sera effectué par le trésorier sur approbation du conseil d’administration.\n</p>','2023-03-26 08:38:39',1,'2023-03-27 08:38:40','2023-03-27 08:41:10',NULL),(12,5,'Code de déontologie','code-de-deontologie','','<h2>EULITA - Code d\'éthique professionnelle</h2>\r\n<p><strong>\r\nAdopté le 6 avril 2013 à Londres dans le cadre de l\'Assemblée générale d\'EULITA\r\n</strong></p>\r\n\r\n\r\n<h3>Préambule</h3>\r\n<p>\r\nL’un des buts essentiels de l\'Association européenne des traducteurs et interprètes juridiques (EULITA) consiste à représenter au niveau européen, ses associations, membres actifs et associés, ainsi que ses membres-associés individuels.</p>\r\n<p>\r\nC’est à ce titre qu’il incombait à EULITA d\'élaborer et d’adopter un code d’éthique professionnelle pour les interprètes et traducteurs juridiques, exerçant leurs fonctions dans les domaines judiciaires ou similaires, lors des phases d’enquête, d’instruction, de jugement (auditions par la police, le Parquet, le juge d’instruction ou de l’instruction, consultation d’un conseil juridique), ainsi que lors de la phase consécutive au jugement. Ledit code et les sources le justifiant sont donc exposés ci-dessous.\r\n</p>\r\n<p>\r\nLes règles d\'éthique professionnelle pour interprètes et traducteurs juridiques découlent directement des principes fondamentaux des sources citées ci-dessous. Elles soulignent le rôle-clé joué par les interprètes et traducteurs juridiques dans la recherche de la vérité ainsi que l\'incidence de leur mission sur la vie et les droits d’autrui :\r\n</p>\r\n<ul>\r\n<li>\r\nLa Déclaration universelle des droits de l\'homme, décembre 1948 (articles 1-11).\r\n</li>\r\n<li>\r\nLa Convention de sauvegarde des Droits de l\'Homme et des Libertés fondamentales, novembre 1950 (article 5 et 6).\r\n</li>\r\n<li>\r\nLa Charte des droits fondamentaux de l\'Union européenne (2000/C 364/01), CHAPITRE III – articles 20 – 21, CHAPITRE VI – articles 47 – 50.\r\n</li>\r\n<li>\r\nDirective 2010/64/UE du Parlement européen et du Conseil du 20 octobre 2010 relative au droit à l’interprétation et à la traduction dans le cadre des procédures pénales.\r\n</li>\r\n</ul>\r\n\r\n<p>\r\nLe rôle des interprètes et traducteurs juridiques est donc essentiel pour garantir l’égalité des citoyens lors de toute communication judiciaire.\r\n</p>\r\n\r\n<p>\r\nLes membres d\'EULITA ont adopté ledit Code et en respectent chacune des dispositions.\r\n</p>\r\n\r\n \r\n\r\n<p><strong>Définition des termes</strong></p>\r\n<p>\r\nAux fins du présent Code, les termes ci-dessous se définissent ainsi :\r\n</p>\r\n\r\n \r\n<p><strong>\r\nInterprète juridique et/ou traducteur juridique :\r\n</strong></p>\r\n<p>\r\nUn professionnel qualifié pour traduire un message oral en langue orale ou signée ou une communication écrite par écrit (parfois oralement).\r\n</p>\r\n\r\n \r\n<p><strong>\r\nInterprétation consécutive :\r\n</strong></p>\r\n<p>\r\nL\'interprète interprète vers une langue cible à l’issue d’une intervention en langue source (orale ou signée). L\'interprète de langue orale peut recourir à une prise de notes spécifique pour la restitution de passages longs et complexes.\r\n</p>\r\n\r\n \r\n<p><strong>\r\nInterprétation simultanée :\r\n</strong></p>\r\n<p>\r\nL\'interprète restitue le message en langue cible au fur et à mesure d’une intervention en langue source (orale ou signée). Ce mode d\'interprétation s’utilise régulièrement en interprétation de conférence ou en langues des signes.\r\n</p>\r\n\r\n \r\n<p><strong>\r\nInterprétation chuchotée :\r\n</strong></p>\r\n<p>\r\nInterprétation simultanée sans cabine d\'interprétation, généralement destinée à trois personnes au maximum.\r\n</p>\r\n\r\n \r\n<p><strong>\r\nTraduction à vue :\r\n</strong></p>\r\n<p>\r\nEmployée pour la traduction orale, ad hoc, de documents. Le document en langue source est restitué en langue cible au rythme d’une lecture originale.\r\n</p>\r\n\r\n \r\n<p><strong>\r\nCompétence interculturelle :\r\n</strong></p>\r\n<p>\r\nConnaissance des spécificités culturelles, en particulier et sans prétendre être exhaustif : comportements et gestuelle, intonations valeurs, rôles sociaux, institutions, ainsi que différences et similitudes linguistiques.\r\n</p>\r\n\r\n \r\n<p><strong>\r\nCompétence Professionnelle\r\n</strong></p>\r\n<p>\r\nLes interprètes et traducteurs juridiques recourent au mode d\'interprétation (consécutive, simultanée, chuchotée ou traduction à vue) le mieux adapté aux exigences d’une communication interculturelle optimale auprès de la juridiction concernée.\r\n</p>\r\n<p>\r\nLes interprètes et traducteurs juridiques n’acceptent aucun engagement pour lequel les compétences (linguistiques ou thématiques) requises leur feraient entièrement ou partiellement défaut ou qu\'ils ne seraient pas en mesure d’exécuter convenablement (par manque de temps de préparation, par exemple).\r\n</p>\r\n<p>\r\nLes interprètes et traducteurs juridiques s\'efforcent de maintenir, voire d\'améliorer leurs niveaux de compétences et connaissances en interprétation et traduction.\r\n</p>\r\n\r\n \r\n<p><strong>\r\nPrécision\r\n</strong></p>\r\n<p>\r\nLe message de la langue source doit être fidèlement restitué en langue cible, les éléments du message en langue source sont maintenus intégralement tout en les adaptant aux formes syntactiques et sémantiques de la langue cible. Le registre, le style et la tonalité de la langue source sont à sauvegarder.\r\n</p>\r\n<p>\r\nToute erreur, hésitation ou répétition doit être reproduite.\r\n</p>\r\n<p>\r\nLes interprètes juridiques demandent des éclaircissements lorsqu\'ils n\'ont pas compris l\'intervenant, que ce soit pour des raisons d\'acoustique ou d\'ambigüité du message. Les interprètes signalent et corrigent dès que possible toute erreur de leur part.\r\n</p>\r\n\r\n \r\n<p><strong>\r\nAtteinte à la qualité de la prestation\r\n</strong></p>\r\n<p>\r\nLes interprètes et traducteurs juridiques sont tenus d\'attirer l\'attention du tribunal *) sur toute circonstance ou situation susceptible d’affecter la qualité de sa prestation, telle que leur état de fatigue, leur incapacité à entendre et/ou à voir, l’ignorance d’une terminologie spécifique ou une compréhension insuffisante d\'un dialecte particulier. Ils refusent tout engagement dont les conditions de travail feraient obstacle à une prestation professionnelle digne de ce nom.\r\n</p>\r\n\r\n \r\n<p><strong>\r\nImpartialité\r\n</strong></p>\r\n<p>\r\nLes interprètes et traducteurs juridiques se montrent neutres et impartiaux; ils s\'abstiennent de tout contact inapproprié avec les témoins, les mis en cause ou les membres de leur famille.\r\n</p>\r\n<p>\r\nTout éventuel conflit d\'intérêts est à signaler sans délai au tribunal *).\r\n</p>\r\n\r\n \r\n<p><strong>\r\nConfidentialité\r\n</strong></p>\r\n<p>\r\nLes interprètes et traducteurs juridiques observent le plus strict secret professionnel et ne divulguent aucune information recueillie lors de la préparation et de l’exécution d’une mission d\'interprétation ou de traduction.\r\n</p>\r\n<p>\r\nLes interprètes et traducteurs juridiques s’interdisent de tirer un avantage financier quel qu’il soit à partir d\'informations obtenues lors de la préparation ou de l’exécution d’un engagement.\r\n</p>\r\n\r\n \r\n<p><strong>\r\nÉtiquette et conduite\r\n</strong></p>\r\n<p>\r\nLes interprètes et traducteurs juridiques font preuve de dignité et de respect à l\'égard du tribunal et accomplissent leur tâche avec tact et discrétion.\r\n</p>\r\n<p>\r\nIls utilisent le même pronom personnel que l\'intervenant. Cependant si les circonstances l’obligent à intervenir en son nom propre, il le fera à la troisième personne, pour éviter toute confusion (exemple : « l’interprète a besoin d’un éclaircissement… »).\r\n</p>\r\n<p>\r\nLes interprètes et traducteurs juridiques s\'abstiennent de conseiller les parties ou de s\'impliquer de quelque manière que ce soit dans des activités autres que celles entrant dans le strict cadre de leur engagement.\r\n</p>\r\n\r\n \r\n<p><strong>\r\nSolidarité et loyauté\r\n</strong></p>\r\n<p>\r\nLes interprètes et traducteurs juridiques agissent dans un esprit de respect, de coopération et de solidarité à l’égard de leurs collègues.\r\n</p>\r\n\r\n \r\n\r\n \r\n\r\n*) s’applique à des domaines judiciaires, ou similaires','<h2>EULITA - Code d\'éthique professionnelle</h2>\n<p><strong>\nAdopté le 6 avril 2013 à Londres dans le cadre de l\'Assemblée générale d\'EULITA\n</strong></p>\n<h3>Préambule</h3>\n<p>\nL’un des buts essentiels de l\'Association européenne des traducteurs et interprètes juridiques (EULITA) consiste à représenter au niveau européen, ses associations, membres actifs et associés, ainsi que ses membres-associés individuels.</p>\n<p>\nC’est à ce titre qu’il incombait à EULITA d\'élaborer et d’adopter un code d’éthique professionnelle pour les interprètes et traducteurs juridiques, exerçant leurs fonctions dans les domaines judiciaires ou similaires, lors des phases d’enquête, d’instruction, de jugement (auditions par la police, le Parquet, le juge d’instruction ou de l’instruction, consultation d’un conseil juridique), ainsi que lors de la phase consécutive au jugement. Ledit code et les sources le justifiant sont donc exposés ci-dessous.\n</p>\n<p>\nLes règles d\'éthique professionnelle pour interprètes et traducteurs juridiques découlent directement des principes fondamentaux des sources citées ci-dessous. Elles soulignent le rôle-clé joué par les interprètes et traducteurs juridiques dans la recherche de la vérité ainsi que l\'incidence de leur mission sur la vie et les droits d’autrui :\n</p>\n<ul>\n<li>\nLa Déclaration universelle des droits de l\'homme, décembre 1948 (articles 1-11).\n</li>\n<li>\nLa Convention de sauvegarde des Droits de l\'Homme et des Libertés fondamentales, novembre 1950 (article 5 et 6).\n</li>\n<li>\nLa Charte des droits fondamentaux de l\'Union européenne (2000/C 364/01), CHAPITRE III – articles 20 – 21, CHAPITRE VI – articles 47 – 50.\n</li>\n<li>\nDirective 2010/64/UE du Parlement européen et du Conseil du 20 octobre 2010 relative au droit à l’interprétation et à la traduction dans le cadre des procédures pénales.\n</li>\n</ul>\n<p>\nLe rôle des interprètes et traducteurs juridiques est donc essentiel pour garantir l’égalité des citoyens lors de toute communication judiciaire.\n</p>\n<p>\nLes membres d\'EULITA ont adopté ledit Code et en respectent chacune des dispositions.\n</p>\n<p><strong>Définition des termes</strong></p>\n<p>\nAux fins du présent Code, les termes ci-dessous se définissent ainsi :\n</p>\n<p><strong>\nInterprète juridique et/ou traducteur juridique :\n</strong></p>\n<p>\nUn professionnel qualifié pour traduire un message oral en langue orale ou signée ou une communication écrite par écrit (parfois oralement).\n</p>\n<p><strong>\nInterprétation consécutive :\n</strong></p>\n<p>\nL\'interprète interprète vers une langue cible à l’issue d’une intervention en langue source (orale ou signée). L\'interprète de langue orale peut recourir à une prise de notes spécifique pour la restitution de passages longs et complexes.\n</p>\n<p><strong>\nInterprétation simultanée :\n</strong></p>\n<p>\nL\'interprète restitue le message en langue cible au fur et à mesure d’une intervention en langue source (orale ou signée). Ce mode d\'interprétation s’utilise régulièrement en interprétation de conférence ou en langues des signes.\n</p>\n<p><strong>\nInterprétation chuchotée :\n</strong></p>\n<p>\nInterprétation simultanée sans cabine d\'interprétation, généralement destinée à trois personnes au maximum.\n</p>\n<p><strong>\nTraduction à vue :\n</strong></p>\n<p>\nEmployée pour la traduction orale, ad hoc, de documents. Le document en langue source est restitué en langue cible au rythme d’une lecture originale.\n</p>\n<p><strong>\nCompétence interculturelle :\n</strong></p>\n<p>\nConnaissance des spécificités culturelles, en particulier et sans prétendre être exhaustif : comportements et gestuelle, intonations valeurs, rôles sociaux, institutions, ainsi que différences et similitudes linguistiques.\n</p>\n<p><strong>\nCompétence Professionnelle\n</strong></p>\n<p>\nLes interprètes et traducteurs juridiques recourent au mode d\'interprétation (consécutive, simultanée, chuchotée ou traduction à vue) le mieux adapté aux exigences d’une communication interculturelle optimale auprès de la juridiction concernée.\n</p>\n<p>\nLes interprètes et traducteurs juridiques n’acceptent aucun engagement pour lequel les compétences (linguistiques ou thématiques) requises leur feraient entièrement ou partiellement défaut ou qu\'ils ne seraient pas en mesure d’exécuter convenablement (par manque de temps de préparation, par exemple).\n</p>\n<p>\nLes interprètes et traducteurs juridiques s\'efforcent de maintenir, voire d\'améliorer leurs niveaux de compétences et connaissances en interprétation et traduction.\n</p>\n<p><strong>\nPrécision\n</strong></p>\n<p>\nLe message de la langue source doit être fidèlement restitué en langue cible, les éléments du message en langue source sont maintenus intégralement tout en les adaptant aux formes syntactiques et sémantiques de la langue cible. Le registre, le style et la tonalité de la langue source sont à sauvegarder.\n</p>\n<p>\nToute erreur, hésitation ou répétition doit être reproduite.\n</p>\n<p>\nLes interprètes juridiques demandent des éclaircissements lorsqu\'ils n\'ont pas compris l\'intervenant, que ce soit pour des raisons d\'acoustique ou d\'ambigüité du message. Les interprètes signalent et corrigent dès que possible toute erreur de leur part.\n</p>\n<p><strong>\nAtteinte à la qualité de la prestation\n</strong></p>\n<p>\nLes interprètes et traducteurs juridiques sont tenus d\'attirer l\'attention du tribunal *) sur toute circonstance ou situation susceptible d’affecter la qualité de sa prestation, telle que leur état de fatigue, leur incapacité à entendre et/ou à voir, l’ignorance d’une terminologie spécifique ou une compréhension insuffisante d\'un dialecte particulier. Ils refusent tout engagement dont les conditions de travail feraient obstacle à une prestation professionnelle digne de ce nom.\n</p>\n<p><strong>\nImpartialité\n</strong></p>\n<p>\nLes interprètes et traducteurs juridiques se montrent neutres et impartiaux; ils s\'abstiennent de tout contact inapproprié avec les témoins, les mis en cause ou les membres de leur famille.\n</p>\n<p>\nTout éventuel conflit d\'intérêts est à signaler sans délai au tribunal *).\n</p>\n<p><strong>\nConfidentialité\n</strong></p>\n<p>\nLes interprètes et traducteurs juridiques observent le plus strict secret professionnel et ne divulguent aucune information recueillie lors de la préparation et de l’exécution d’une mission d\'interprétation ou de traduction.\n</p>\n<p>\nLes interprètes et traducteurs juridiques s’interdisent de tirer un avantage financier quel qu’il soit à partir d\'informations obtenues lors de la préparation ou de l’exécution d’un engagement.\n</p>\n<p><strong>\nÉtiquette et conduite\n</strong></p>\n<p>\nLes interprètes et traducteurs juridiques font preuve de dignité et de respect à l\'égard du tribunal et accomplissent leur tâche avec tact et discrétion.\n</p>\n<p>\nIls utilisent le même pronom personnel que l\'intervenant. Cependant si les circonstances l’obligent à intervenir en son nom propre, il le fera à la troisième personne, pour éviter toute confusion (exemple : « l’interprète a besoin d’un éclaircissement… »).\n</p>\n<p>\nLes interprètes et traducteurs juridiques s\'abstiennent de conseiller les parties ou de s\'impliquer de quelque manière que ce soit dans des activités autres que celles entrant dans le strict cadre de leur engagement.\n</p>\n<p><strong>\nSolidarité et loyauté\n</strong></p>\n<p>\nLes interprètes et traducteurs juridiques agissent dans un esprit de respect, de coopération et de solidarité à l’égard de leurs collègues.\n</p>\n<p>*) s’applique à des domaines judiciaires, ou similaires</p>','2023-03-27 08:42:19',1,'2023-03-27 08:42:49','2023-03-27 08:49:03',NULL),(13,5,'Formation 2','formation-lyon-2','','<strong>30 mars 2023 (9h00 – 13h00), Lyon</strong>\r\n\r\n<p>\r\nLes obligations fiscales et sociales du traducteur et de l’interprète intervenant en milieu judiciaire.\r\nBon exercice de la fonction du traducteur interprète judiciaire : code de déontologie, droits et obligations, droit d’option, organisation au quotidien…</p>\r\n\r\n\r\n<strong>Intervenants</strong>\r\n<p>\r\nM. Patrice POUSSON, ARAPL, Mmes Taffy MARTIN, Farideh VAHEDI BODLA et Lidia TRZASKO</p>','<p><strong>30 mars 2023 (9h00 – 13h00), Lyon</strong></p>\n<p>\nLes obligations fiscales et sociales du traducteur et de l’interprète intervenant en milieu judiciaire.\nBon exercice de la fonction du traducteur interprète judiciaire : code de déontologie, droits et obligations, droit d’option, organisation au quotidien…</p>\n<p><strong>Intervenants</strong></p>\n<p>\nM. Patrice POUSSON, ARAPL, Mmes Taffy MARTIN, Farideh VAHEDI BODLA et Lidia TRZASKO</p>','2023-04-12 09:22:51',1,'2023-04-13 09:23:19','2023-04-13 10:05:05',NULL),(14,5,'Formation 3','formation-Marseille-3','','**15 avril 2023 (9h00 – 13h00), Marseille**\r\n\r\n\r\nLes obligations fiscales et sociales du traducteur et de l’interprète intervenant en milieu judiciaire.\r\nBon exercice de la fonction du traducteur interprète judiciaire : code de déontologie, droits et obligations, droit d’option, organisation au quotidien…\r\n\r\n\r\n**Intervenants**\r\n\r\nM. Patrice POUSSON, ARAPL, Mmes Taffy MARTIN, Farideh VAHEDI BODLA et Lidia TRZASKO','<p><strong>15 avril 2023 (9h00 – 13h00), Marseille</strong></p>\n<p>Les obligations fiscales et sociales du traducteur et de l’interprète intervenant en milieu judiciaire.\nBon exercice de la fonction du traducteur interprète judiciaire : code de déontologie, droits et obligations, droit d’option, organisation au quotidien…</p>\n<p><strong>Intervenants</strong></p>\n<p>M. Patrice POUSSON, ARAPL, Mmes Taffy MARTIN, Farideh VAHEDI BODLA et Lidia TRZASKO</p>',NULL,0,'2023-04-13 09:23:52','2023-04-13 09:23:52',NULL),(15,5,'Présentation','presentation','','<p>EXPERTIJ (Experts et Traducteurs Interprètes Judicaires) est une association régie par la loi de 1901, créée en 2016 par un groupe de traducteurs et interprètes experts près les cours d’appel. Elle est membre d’EULITA (Association européenne de traducteurs et interprètes juridiques) et adhère à son code de déontologie.\r\n</p>\r\n\r\n<p>\r\nL’association se propose de fédérer les traducteurs et interprètes intervenant dans les différentes juridictions, conformément à l’esprit du décret n° 2013-958 du 25 octobre 2013 qui vient compléter la transposition de la directive 2010/64/UE du Parlement européen et du Conseil relative au droit à l\'interprétation et à la traduction dans le cadre des procédures pénales.\r\n</p>\r\n\r\n<p>\r\nLes membres d’EXPERTIJ sont des experts inscrits sur les listes des cours d’appel et des traducteurs interprètes des listes CESEDA. L’ouverture de l’association à ces deux catégories d’intervenants s’appuie notamment sur l’article D. 594-11 du code de procédure pénale :\r\n</p>\r\n\r\n\r\n<p>\r\n« Lorsqu\'en application des dispositions du présent code un interprète ou un traducteur est requis ou désigné par l\'autorité judiciaire compétente, celui-ci est choisi :\r\n</p>\r\n\r\n<ul>\r\n<li>\r\n1° Sur la liste nationale des experts judiciaires dressée par le bureau de la Cour de cassation, ou sur la liste des experts judiciaires dressée par chaque cour d\'appel.\r\n</li>\r\n<li>\r\n2° A défaut, sur la liste des interprètes traducteurs prévue par l\'article R. 111-1 du code de l\'entrée et du séjour des étrangers et du droit d\'asile ».\r\n</li>\r\n</ul>\r\n<p><strong>\r\nPlus concrètement, EXPERTIJ a pour objet d\'assurer la formation continue des traducteurs et interprètes dans un climat de convivialité et d\'échange afin de fournir des prestations de qualité aux services de justice et aux justiciables.  </strong></p>','<p>EXPERTIJ (Experts et Traducteurs Interprètes Judicaires) est une association régie par la loi de 1901, créée en 2016 par un groupe de traducteurs et interprètes experts près les cours d’appel. Elle est membre d’EULITA (Association européenne de traducteurs et interprètes juridiques) et adhère à son code de déontologie.\n</p>\n<p>\nL’association se propose de fédérer les traducteurs et interprètes intervenant dans les différentes juridictions, conformément à l’esprit du décret n° 2013-958 du 25 octobre 2013 qui vient compléter la transposition de la directive 2010/64/UE du Parlement européen et du Conseil relative au droit à l\'interprétation et à la traduction dans le cadre des procédures pénales.\n</p>\n<p>\nLes membres d’EXPERTIJ sont des experts inscrits sur les listes des cours d’appel et des traducteurs interprètes des listes CESEDA. L’ouverture de l’association à ces deux catégories d’intervenants s’appuie notamment sur l’article D. 594-11 du code de procédure pénale :\n</p>\n<p>\n« Lorsqu\'en application des dispositions du présent code un interprète ou un traducteur est requis ou désigné par l\'autorité judiciaire compétente, celui-ci est choisi :\n</p>\n<ul>\n<li>\n1° Sur la liste nationale des experts judiciaires dressée par le bureau de la Cour de cassation, ou sur la liste des experts judiciaires dressée par chaque cour d\'appel.\n</li>\n<li>\n2° A défaut, sur la liste des interprètes traducteurs prévue par l\'article R. 111-1 du code de l\'entrée et du séjour des étrangers et du droit d\'asile ».\n</li>\n</ul>\n<p><strong>\nPlus concrètement, EXPERTIJ a pour objet d\'assurer la formation continue des traducteurs et interprètes dans un climat de convivialité et d\'échange afin de fournir des prestations de qualité aux services de justice et aux justiciables.  </strong></p>','2023-04-20 10:22:00',1,'2023-04-21 10:22:08','2023-04-21 12:46:48',NULL);

--
-- Table structure for table `winter_blog_posts_categories`
--

CREATE TABLE `winter_blog_posts_categories` (
  `post_id` int unsigned NOT NULL,
  `category_id` int unsigned NOT NULL,
  PRIMARY KEY (`post_id`,`category_id`)
) ENGINE=InnoDB DEFAULT CHARSET=utf8mb4 COLLATE=utf8mb4_unicode_ci;

--
-- Dumping data for table `winter_blog_posts_categories`
--

INSERT INTO `winter_blog_posts_categories` VALUES (2,3),(3,5),(4,3),(5,2),(6,4),(7,4),(8,4),(9,4),(10,3),(11,3),(12,3),(13,2),(15,3);

--
-- Table structure for table `winter_sitemap_definitions`
--

CREATE TABLE `winter_sitemap_definitions` (
  `id` int unsigned NOT NULL AUTO_INCREMENT,
  `theme` varchar(191) CHARACTER SET utf8mb4 COLLATE utf8mb4_unicode_ci DEFAULT NULL,
  `data` mediumtext CHARACTER SET utf8mb4 COLLATE utf8mb4_unicode_ci,
  `created_at` timestamp NULL DEFAULT NULL,
  `updated_at` timestamp NULL DEFAULT NULL,
  PRIMARY KEY (`id`),
  KEY `rainlab_sitemap_definitions_theme_index` (`theme`)
) ENGINE=InnoDB DEFAULT CHARSET=utf8mb4 COLLATE=utf8mb4_unicode_ci;

--
-- Dumping data for table `winter_sitemap_definitions`
--


--
-- Table structure for table `winter_user_mail_blockers`
--

CREATE TABLE `winter_user_mail_blockers` (
  `id` int unsigned NOT NULL AUTO_INCREMENT,
  `email` varchar(191) CHARACTER SET utf8mb4 COLLATE utf8mb4_unicode_ci DEFAULT NULL,
  `template` varchar(191) CHARACTER SET utf8mb4 COLLATE utf8mb4_unicode_ci DEFAULT NULL,
  `user_id` int unsigned DEFAULT NULL,
  `created_at` timestamp NULL DEFAULT NULL,
  `updated_at` timestamp NULL DEFAULT NULL,
  PRIMARY KEY (`id`),
  KEY `rainlab_user_mail_blockers_email_index` (`email`),
  KEY `rainlab_user_mail_blockers_template_index` (`template`),
  KEY `rainlab_user_mail_blockers_user_id_index` (`user_id`)
) ENGINE=InnoDB DEFAULT CHARSET=utf8mb4 COLLATE=utf8mb4_unicode_ci;

--
-- Dumping data for table `winter_user_mail_blockers`
--



