--
-- Host: localhost    Database: starter_cms_translatable
-- ------------------------------------------------------


--
-- Table structure for table `category_post`
--

CREATE TABLE `category_post` (
  `category_id` bigint unsigned NOT NULL,
  `post_id` bigint unsigned NOT NULL,
  KEY `category_post_category_id_foreign` (`category_id`),
  KEY `category_post_post_id_foreign` (`post_id`),
  CONSTRAINT `category_post_category_id_foreign` FOREIGN KEY (`category_id`) REFERENCES `post_categories` (`id`),
  CONSTRAINT `category_post_post_id_foreign` FOREIGN KEY (`post_id`) REFERENCES `posts` (`id`)
) ENGINE=InnoDB DEFAULT CHARSET=utf8mb4 COLLATE=utf8mb4_unicode_ci;

--
-- Dumping data for table `category_post`
--

INSERT INTO `category_post` VALUES (3,1),(4,2),(3,3),(1,3),(3,4),(6,4),(3,5);

--
-- Table structure for table `contacts`
--

CREATE TABLE `contacts` (
  `id` bigint unsigned NOT NULL AUTO_INCREMENT,
  `name` varchar(255) COLLATE utf8mb4_unicode_ci NOT NULL,
  `email` varchar(255) COLLATE utf8mb4_unicode_ci NOT NULL,
  `phone` varchar(20) COLLATE utf8mb4_unicode_ci DEFAULT NULL,
  `object` tinytext COLLATE utf8mb4_unicode_ci NOT NULL,
  `message` text COLLATE utf8mb4_unicode_ci NOT NULL,
  `status` char(12) COLLATE utf8mb4_unicode_ci DEFAULT NULL,
  `created_at` timestamp NULL DEFAULT NULL,
  `updated_at` timestamp NULL DEFAULT NULL,
  PRIMARY KEY (`id`)
) ENGINE=InnoDB DEFAULT CHARSET=utf8mb4 COLLATE=utf8mb4_unicode_ci;

--
-- Dumping data for table `contacts`
--


--
-- Table structure for table `documents`
--

CREATE TABLE `documents` (
  `id` bigint unsigned NOT NULL AUTO_INCREMENT,
  `disk_name` varchar(255) COLLATE utf8mb4_unicode_ci DEFAULT NULL,
  `file_name` varchar(255) COLLATE utf8mb4_unicode_ci DEFAULT NULL,
  `file_size` int unsigned DEFAULT NULL,
  `content_type` varchar(50) COLLATE utf8mb4_unicode_ci DEFAULT NULL,
  `field` varchar(30) COLLATE utf8mb4_unicode_ci DEFAULT NULL,
  `documentable_id` int unsigned DEFAULT NULL,
  `documentable_type` varchar(255) COLLATE utf8mb4_unicode_ci DEFAULT NULL,
  `is_public` tinyint(1) DEFAULT NULL,
  `created_at` timestamp NULL DEFAULT NULL,
  `updated_at` timestamp NULL DEFAULT NULL,
  PRIMARY KEY (`id`)
) ENGINE=InnoDB AUTO_INCREMENT=11 DEFAULT CHARSET=utf8mb4 COLLATE=utf8mb4_unicode_ci;

--
-- Dumping data for table `documents`
--

INSERT INTO `documents` VALUES (1,'e5fa6849f3c4e24c448cb5491c5fc3cc.jpg','codalia-workspace.jpg',27273,'image/jpeg','image',1,'App\\Models\\Post\\Category',1,'2022-11-20 07:01:14','2022-11-20 07:01:14'),(2,'97b01fc51a57302842d62020c64f11b7.jpg','blog-internet.jpg',40453,'image/jpeg','image',2,'App\\Models\\Post\\Category',1,'2022-11-20 07:06:38','2022-11-20 07:06:38'),(3,'976738b93323e51f43e5560b9f19f892.jpg','Planet-of-the-Apes.jpg',114287,'image/jpeg','image',2,'App\\Models\\Post',1,'2022-11-21 07:36:49','2022-11-21 07:36:49'),(4,'14fdfc793a1063c86e7607f93f17a2c4.jpg','the-little-prince.jpg',52061,'image/jpeg','image',7,'App\\Models\\LayoutItem',1,'2022-11-25 05:36:29','2022-11-25 05:36:29'),(5,'0167f9b4cb8e6e1effe17874ac12da6c.jpeg','in_cold_blood.jpeg',26809,'image/jpeg','image',18,'App\\Models\\LayoutItem',1,'2022-11-25 05:46:08','2022-11-25 05:46:08'),(6,'d49fa74d92e15e4df8ddb3e1e12a7be9.jpg','BraveNewWorld_FirstEdition.jpg',26171,'image/jpeg','image',19,'App\\Models\\LayoutItem',1,'2022-11-25 05:46:08','2022-11-25 05:46:08'),(7,'52430c48ff82ccd02c7e13a261c24a4f.jpeg','in_cold_blood.jpeg',26809,'image/jpeg','image',3,'App\\Models\\Post',1,'2022-11-25 05:46:08','2022-11-25 05:46:08'),(8,'58f559fd5f738fb14a78855f84dad52c.jpg','the-catcher-in-the-rye.jpg',67863,'image/jpeg','image',4,'App\\Models\\Post',1,'2022-12-03 10:16:49','2022-12-03 10:16:49'),(9,'3cfe75663a961f3f373edb793e90bc13.jpg','Foam-of-the-Days.jpg',102741,'image/jpeg','image',26,'App\\Models\\LayoutItem',1,'2022-12-05 05:49:58','2022-12-05 05:49:58'),(10,'da783c161e895eb3ed403200cd9e7f2d.jpg','alice_in_wonderland.jpg',71324,'image/jpeg','image',5,'App\\Models\\Post',1,'2022-12-05 05:49:58','2022-12-05 05:49:58');

--
-- Table structure for table `emails`
--

CREATE TABLE `emails` (
  `id` bigint unsigned NOT NULL AUTO_INCREMENT,
  `code` varchar(40) COLLATE utf8mb4_unicode_ci NOT NULL,
  `subject` varchar(255) COLLATE utf8mb4_unicode_ci NOT NULL,
  `body_html` text COLLATE utf8mb4_unicode_ci,
  `body_text` text COLLATE utf8mb4_unicode_ci,
  `description` varchar(255) COLLATE utf8mb4_unicode_ci DEFAULT NULL,
  `plain_text` tinyint(1) DEFAULT NULL,
  `checked_out` bigint unsigned DEFAULT NULL,
  `checked_out_time` timestamp NULL DEFAULT NULL,
  `updated_by` bigint unsigned DEFAULT NULL,
  `created_at` timestamp NULL DEFAULT NULL,
  `updated_at` timestamp NULL DEFAULT NULL,
  PRIMARY KEY (`id`),
  UNIQUE KEY `emails_code_unique` (`code`)
) ENGINE=InnoDB AUTO_INCREMENT=3 DEFAULT CHARSET=utf8mb4 COLLATE=utf8mb4_unicode_ci;

--
-- Dumping data for table `emails`
--

INSERT INTO `emails` VALUES (1,'user_registration','Welcome {{ $data->name }}','<p>Hello {{ $data->name }}</p><p>Welcome to Starter CMS !<br />A user account has been created for you.</p><p>login: {{ $data->email }}<br />Please use the password you chose during your registration.</p><p>Best regard,<br />The Starter CMS team.</p>',NULL,NULL,0,NULL,NULL,NULL,'2022-11-14 08:56:53','2022-11-14 08:56:53'),(2,'new_message','New message','<p>Hello administrator<br /><br />A user has sent a message.<br />Name: {{ $data->name }}<br />Email: {{ $data->email }}<br />Object: {{ $data->object }}<br />Message: {{ $data->message }}<br /><br />Best regard, <br />The Starter CMS team.</p>',NULL,NULL,0,NULL,NULL,NULL,'2022-11-14 08:56:53','2022-11-14 08:56:53');

--
-- Table structure for table `failed_jobs`
--

CREATE TABLE `failed_jobs` (
  `id` bigint unsigned NOT NULL AUTO_INCREMENT,
  `uuid` varchar(255) COLLATE utf8mb4_unicode_ci NOT NULL,
  `connection` text COLLATE utf8mb4_unicode_ci NOT NULL,
  `queue` text COLLATE utf8mb4_unicode_ci NOT NULL,
  `payload` longtext COLLATE utf8mb4_unicode_ci NOT NULL,
  `exception` longtext COLLATE utf8mb4_unicode_ci NOT NULL,
  `failed_at` timestamp NOT NULL DEFAULT CURRENT_TIMESTAMP,
  PRIMARY KEY (`id`),
  UNIQUE KEY `failed_jobs_uuid_unique` (`uuid`)
) ENGINE=InnoDB DEFAULT CHARSET=utf8mb4 COLLATE=utf8mb4_unicode_ci;

--
-- Dumping data for table `failed_jobs`
--


--
-- Table structure for table `group_menu`
--

CREATE TABLE `group_menu` (
  `group_id` bigint unsigned NOT NULL,
  `menu_id` bigint unsigned NOT NULL,
  KEY `group_menu_group_id_foreign` (`group_id`),
  KEY `group_menu_menu_id_foreign` (`menu_id`),
  CONSTRAINT `group_menu_group_id_foreign` FOREIGN KEY (`group_id`) REFERENCES `groups` (`id`),
  CONSTRAINT `group_menu_menu_id_foreign` FOREIGN KEY (`menu_id`) REFERENCES `menus` (`id`)
) ENGINE=InnoDB DEFAULT CHARSET=utf8mb4 COLLATE=utf8mb4_unicode_ci;

--
-- Dumping data for table `group_menu`
--


--
-- Table structure for table `group_post`
--

CREATE TABLE `group_post` (
  `group_id` bigint unsigned NOT NULL,
  `post_id` bigint unsigned NOT NULL,
  KEY `group_post_group_id_foreign` (`group_id`),
  KEY `group_post_post_id_foreign` (`post_id`),
  CONSTRAINT `group_post_group_id_foreign` FOREIGN KEY (`group_id`) REFERENCES `groups` (`id`),
  CONSTRAINT `group_post_post_id_foreign` FOREIGN KEY (`post_id`) REFERENCES `posts` (`id`)
) ENGINE=InnoDB DEFAULT CHARSET=utf8mb4 COLLATE=utf8mb4_unicode_ci;

--
-- Dumping data for table `group_post`
--


--
-- Table structure for table `group_user`
--

CREATE TABLE `group_user` (
  `group_id` bigint unsigned NOT NULL,
  `user_id` bigint unsigned NOT NULL,
  KEY `group_user_group_id_foreign` (`group_id`),
  KEY `group_user_user_id_foreign` (`user_id`),
  CONSTRAINT `group_user_group_id_foreign` FOREIGN KEY (`group_id`) REFERENCES `groups` (`id`),
  CONSTRAINT `group_user_user_id_foreign` FOREIGN KEY (`user_id`) REFERENCES `users` (`id`)
) ENGINE=InnoDB DEFAULT CHARSET=utf8mb4 COLLATE=utf8mb4_unicode_ci;

--
-- Dumping data for table `group_user`
--


--
-- Table structure for table `groups`
--

CREATE TABLE `groups` (
  `id` bigint unsigned NOT NULL AUTO_INCREMENT,
  `name` varchar(80) COLLATE utf8mb4_unicode_ci NOT NULL,
  `description` tinytext COLLATE utf8mb4_unicode_ci,
  `access_level` char(10) COLLATE utf8mb4_unicode_ci NOT NULL,
  `permission` char(10) COLLATE utf8mb4_unicode_ci NOT NULL,
  `checked_out` bigint unsigned DEFAULT NULL,
  `checked_out_time` timestamp NULL DEFAULT NULL,
  `owned_by` bigint unsigned NOT NULL,
  `updated_by` bigint unsigned DEFAULT NULL,
  `created_at` timestamp NULL DEFAULT NULL,
  `updated_at` timestamp NULL DEFAULT NULL,
  PRIMARY KEY (`id`)
) ENGINE=InnoDB DEFAULT CHARSET=utf8mb4 COLLATE=utf8mb4_unicode_ci;

--
-- Dumping data for table `groups`
--


--
-- Table structure for table `layout_items`
--

CREATE TABLE `layout_items` (
  `id` bigint unsigned NOT NULL AUTO_INCREMENT,
  `layout_itemable_id` bigint unsigned DEFAULT NULL,
  `layout_itemable_type` varchar(255) COLLATE utf8mb4_unicode_ci DEFAULT NULL,
  `id_nb` smallint unsigned NOT NULL,
  `type` varchar(50) COLLATE utf8mb4_unicode_ci NOT NULL,
  `data` json DEFAULT NULL,
  `order` tinyint unsigned DEFAULT NULL,
  PRIMARY KEY (`id`)
) ENGINE=InnoDB AUTO_INCREMENT=27 DEFAULT CHARSET=utf8mb4 COLLATE=utf8mb4_unicode_ci;

--
-- Dumping data for table `layout_items`
--

INSERT INTO `layout_items` VALUES (1,2,'App\\Models\\Post',2,'group_start','{\"class\": \"col-lg-10\", \"groups_in_row\": \"2\"}',1),(2,2,'App\\Models\\Post',1,'title',NULL,2),(3,2,'App\\Models\\Post',4,'text_block',NULL,3),(4,2,'App\\Models\\Post',3,'group_end','{\"parent_id\": \"2\"}',4),(5,2,'App\\Models\\Post',5,'group_start','{\"class\": \"col-lg-2\", \"groups_in_row\": \"\"}',5),(6,2,'App\\Models\\Post',6,'group_end','{\"parent_id\": \"5\"}',7),(7,2,'App\\Models\\Post',7,'image','{\"url\": \"/storage/14fdfc793a1063c86e7607f93f17a2c4.jpg\", \"thumbnail\": \"/storage/thumbnails/14fdfc793a1063c86e7607f93f17a2c4.jpg\"}',6),(8,3,'App\\Models\\Post',1,'group_start','{\"class\": \"col-lg-10\", \"groups_in_row\": \"2\"}',1),(9,3,'App\\Models\\Post',3,'text_block',NULL,2),(10,3,'App\\Models\\Post',2,'group_end','{\"parent_id\": \"1\"}',3),(11,3,'App\\Models\\Post',4,'group_start','{\"class\": \"col-lg-2\", \"groups_in_row\": \"\"}',4),(12,3,'App\\Models\\Post',5,'group_end','{\"parent_id\": \"4\"}',6),(13,3,'App\\Models\\Post',7,'group_start','{\"class\": \"col-lg-2\", \"groups_in_row\": \"2\"}',7),(14,3,'App\\Models\\Post',8,'group_end','{\"parent_id\": \"7\"}',9),(15,3,'App\\Models\\Post',10,'group_start','{\"class\": \"col-lg-10\", \"groups_in_row\": \"\"}',10),(16,3,'App\\Models\\Post',12,'text_block',NULL,11),(17,3,'App\\Models\\Post',11,'group_end','{\"parent_id\": \"10\"}',12),(18,3,'App\\Models\\Post',6,'image','{\"url\": \"/storage/0167f9b4cb8e6e1effe17874ac12da6c.jpeg\", \"thumbnail\": \"/storage/thumbnails/0167f9b4cb8e6e1effe17874ac12da6c.jpeg\"}',5),(19,3,'App\\Models\\Post',9,'image','{\"url\": \"/storage/d49fa74d92e15e4df8ddb3e1e12a7be9.jpg\", \"thumbnail\": \"/storage/thumbnails/d49fa74d92e15e4df8ddb3e1e12a7be9.jpg\"}',8),(20,5,'App\\Models\\Post',1,'group_start','{\"class\": \"col-lg-10\", \"groups_in_row\": \"2\"}',1),(21,5,'App\\Models\\Post',3,'title',NULL,2),(22,5,'App\\Models\\Post',4,'text_block',NULL,3),(23,5,'App\\Models\\Post',2,'group_end','{\"parent_id\": \"1\"}',4),(24,5,'App\\Models\\Post',5,'group_start','{\"class\": \"col-lg-2\", \"groups_in_row\": \"\"}',5),(25,5,'App\\Models\\Post',6,'group_end','{\"parent_id\": \"5\"}',7),(26,5,'App\\Models\\Post',7,'image','{\"url\": \"/storage/3cfe75663a961f3f373edb793e90bc13.jpg\", \"thumbnail\": \"/storage/thumbnails/3cfe75663a961f3f373edb793e90bc13.jpg\"}',6);

--
-- Table structure for table `menu_items`
--

CREATE TABLE `menu_items` (
  `id` bigint unsigned NOT NULL AUTO_INCREMENT,
  `menu_code` varchar(30) COLLATE utf8mb4_unicode_ci DEFAULT NULL,
  `model_name` varchar(100) CHARACTER SET utf8mb4 COLLATE utf8mb4_unicode_ci DEFAULT NULL,
  `class` varchar(100) COLLATE utf8mb4_unicode_ci DEFAULT NULL,
  `anchor` varchar(100) COLLATE utf8mb4_unicode_ci DEFAULT NULL,
  `status` char(12) COLLATE utf8mb4_unicode_ci NOT NULL,
  `_lft` int unsigned NOT NULL DEFAULT '0',
  `_rgt` int unsigned NOT NULL DEFAULT '0',
  `parent_id` int unsigned DEFAULT NULL,
  `checked_out` bigint unsigned DEFAULT NULL,
  `checked_out_time` timestamp NULL DEFAULT NULL,
  `updated_by` bigint unsigned DEFAULT NULL,
  `created_at` timestamp NULL DEFAULT NULL,
  `updated_at` timestamp NULL DEFAULT NULL,
  PRIMARY KEY (`id`),
  KEY `menu_items__lft__rgt_parent_id_index` (`_lft`,`_rgt`,`parent_id`)
) ENGINE=InnoDB AUTO_INCREMENT=10 DEFAULT CHARSET=utf8mb4 COLLATE=utf8mb4_unicode_ci;

--
-- Dumping data for table `menu_items`
--

INSERT INTO `menu_items` VALUES (1,'root',NULL,NULL,NULL,'published',1,16,NULL,NULL,NULL,NULL,'2022-11-14 08:56:53','2022-11-14 08:56:53'),(2,'main-menu',NULL,'scrollto',NULL,'published',2,3,1,NULL,NULL,1,'2022-11-14 08:56:53','2022-11-17 10:30:35'),(3,'main-menu','Post',NULL,NULL,'published',4,11,1,NULL,NULL,1,'2022-11-18 09:23:52','2022-12-02 06:28:15'),(4,'main-menu','Post',NULL,NULL,'published',5,6,3,NULL,NULL,1,'2022-11-18 10:11:41','2022-12-02 06:41:45'),(5,'main-menu','Post',NULL,NULL,'published',7,8,3,NULL,NULL,1,'2022-11-19 06:11:27','2022-12-03 10:36:21'),(6,'main-menu','Post',NULL,NULL,'published',9,10,3,NULL,NULL,1,'2022-11-19 07:33:07','2022-12-02 07:39:56'),(8,'main-menu','Post',NULL,NULL,'published',12,13,1,NULL,NULL,1,'2022-11-19 08:23:21','2022-12-02 07:40:58'),(9,'main-menu','Post',NULL,NULL,'published',14,15,1,NULL,NULL,1,'2022-12-03 12:12:32','2022-12-03 12:12:32');

--
-- Table structure for table `menus`
--

CREATE TABLE `menus` (
  `id` bigint unsigned NOT NULL AUTO_INCREMENT,
  `title` varchar(50) COLLATE utf8mb4_unicode_ci NOT NULL,
  `code` varchar(30) COLLATE utf8mb4_unicode_ci NOT NULL,
  `status` char(12) COLLATE utf8mb4_unicode_ci NOT NULL,
  `access_level` char(10) COLLATE utf8mb4_unicode_ci NOT NULL,
  `checked_out` bigint unsigned DEFAULT NULL,
  `checked_out_time` timestamp NULL DEFAULT NULL,
  `owned_by` bigint unsigned NOT NULL,
  `updated_by` bigint unsigned DEFAULT NULL,
  `created_at` timestamp NULL DEFAULT NULL,
  `updated_at` timestamp NULL DEFAULT NULL,
  PRIMARY KEY (`id`)
) ENGINE=InnoDB AUTO_INCREMENT=2 DEFAULT CHARSET=utf8mb4 COLLATE=utf8mb4_unicode_ci;

--
-- Dumping data for table `menus`
--

INSERT INTO `menus` VALUES (1,'Main menu','main-menu','published','public_rw',NULL,NULL,1,NULL,'2022-11-14 08:56:53','2022-11-14 08:56:53');

--
-- Table structure for table `migrations`
--

CREATE TABLE `migrations` (
  `id` int unsigned NOT NULL AUTO_INCREMENT,
  `migration` varchar(255) COLLATE utf8mb4_unicode_ci NOT NULL,
  `batch` int NOT NULL,
  PRIMARY KEY (`id`)
) ENGINE=InnoDB AUTO_INCREMENT=28 DEFAULT CHARSET=utf8mb4 COLLATE=utf8mb4_unicode_ci;

--
-- Dumping data for table `migrations`
--

INSERT INTO `migrations` VALUES (1,'2014_10_12_000000_create_users_table',1),(2,'2014_10_12_100000_create_password_resets_table',1),(3,'2019_08_19_000000_create_failed_jobs_table',1),(4,'2019_12_14_000001_create_personal_access_tokens_table',1),(5,'2020_05_05_060229_create_permission_tables',1),(6,'2021_05_30_051729_create_groups_table',1),(7,'2021_05_31_051829_create_group_user_table',1),(8,'2021_06_16_045540_create_settings_table',1),(9,'2021_06_24_151612_create_documents_table',1),(10,'2021_07_05_091208_create_emails_table',1),(11,'2021_08_01_115731_update_roles_table',1),(12,'2021_08_25_075701_create_posts_table',1),(13,'2021_08_25_120132_create_post_categories_table',1),(14,'2021_08_26_052946_create_category_post_table',1),(15,'2021_09_04_063252_create_group_post_table',1),(16,'2021_09_16_142151_create_post_category_group_table',1),(17,'2021_09_25_083336_create_menus_table',1),(18,'2021_09_25_083350_create_menu_items_table',1),(19,'2021_09_26_073254_create_group_menu_table',1),(20,'2021_10_29_050634_create_post_settings_table',1),(21,'2021_11_12_084927_update_users_table',1),(22,'2021_11_27_062746_api_token_users_table',1),(23,'2022_04_04_140355_add_login_fields_to_users_table',1),(24,'2022_06_24_152055_create_contacts_table',1),(25,'2022_07_12_044526_create_ordering_category_post_table',1),(26,'2022_10_07_091428_create_layout_items_table',1),(27,'2022_11_12_081716_create_translations_table',1);

--
-- Table structure for table `model_has_permissions`
--

CREATE TABLE `model_has_permissions` (
  `permission_id` bigint unsigned NOT NULL,
  `model_type` varchar(255) COLLATE utf8mb4_unicode_ci NOT NULL,
  `model_id` bigint unsigned NOT NULL,
  PRIMARY KEY (`permission_id`,`model_id`,`model_type`),
  KEY `model_has_permissions_model_id_model_type_index` (`model_id`,`model_type`),
  CONSTRAINT `model_has_permissions_permission_id_foreign` FOREIGN KEY (`permission_id`) REFERENCES `permissions` (`id`) ON DELETE CASCADE
) ENGINE=InnoDB DEFAULT CHARSET=utf8mb4 COLLATE=utf8mb4_unicode_ci;

--
-- Dumping data for table `model_has_permissions`
--


--
-- Table structure for table `model_has_roles`
--

CREATE TABLE `model_has_roles` (
  `role_id` bigint unsigned NOT NULL,
  `model_type` varchar(255) COLLATE utf8mb4_unicode_ci NOT NULL,
  `model_id` bigint unsigned NOT NULL,
  PRIMARY KEY (`role_id`,`model_id`,`model_type`),
  KEY `model_has_roles_model_id_model_type_index` (`model_id`,`model_type`),
  CONSTRAINT `model_has_roles_role_id_foreign` FOREIGN KEY (`role_id`) REFERENCES `roles` (`id`) ON DELETE CASCADE
) ENGINE=InnoDB DEFAULT CHARSET=utf8mb4 COLLATE=utf8mb4_unicode_ci;

--
-- Dumping data for table `model_has_roles`
--

INSERT INTO `model_has_roles` VALUES (1,'App\\Models\\User',1);

--
-- Table structure for table `ordering_category_post`
--

CREATE TABLE `ordering_category_post` (
  `id` bigint unsigned NOT NULL AUTO_INCREMENT,
  `category_id` bigint unsigned NOT NULL,
  `post_id` bigint unsigned NOT NULL,
  `title` varchar(255) COLLATE utf8mb4_unicode_ci DEFAULT NULL,
  `post_order` bigint unsigned DEFAULT NULL,
  PRIMARY KEY (`id`)
) ENGINE=InnoDB AUTO_INCREMENT=9 DEFAULT CHARSET=utf8mb4 COLLATE=utf8mb4_unicode_ci;

--
-- Dumping data for table `ordering_category_post`
--

INSERT INTO `ordering_category_post` VALUES (1,3,1,NULL,1),(3,4,2,NULL,1),(4,3,3,NULL,2),(5,1,3,NULL,1),(6,3,4,NULL,3),(7,6,4,NULL,1),(8,3,5,NULL,4);

--
-- Table structure for table `permissions`
--

CREATE TABLE `permissions` (
  `id` bigint unsigned NOT NULL AUTO_INCREMENT,
  `name` varchar(255) COLLATE utf8mb4_unicode_ci NOT NULL,
  `guard_name` varchar(255) COLLATE utf8mb4_unicode_ci NOT NULL,
  `created_at` timestamp NULL DEFAULT NULL,
  `updated_at` timestamp NULL DEFAULT NULL,
  PRIMARY KEY (`id`),
  UNIQUE KEY `permissions_name_guard_name_unique` (`name`,`guard_name`)
) ENGINE=InnoDB AUTO_INCREMENT=23 DEFAULT CHARSET=utf8mb4 COLLATE=utf8mb4_unicode_ci;

--
-- Dumping data for table `permissions`
--

INSERT INTO `permissions` VALUES (1,'create-user','web','2022-11-14 08:56:53','2022-11-14 08:56:53'),(2,'update-user','web','2022-11-14 08:56:53','2022-11-14 08:56:53'),(3,'delete-user','web','2022-11-14 08:56:53','2022-11-14 08:56:53'),(4,'create-group','web','2022-11-14 08:56:53','2022-11-14 08:56:53'),(5,'update-group','web','2022-11-14 08:56:53','2022-11-14 08:56:53'),(6,'delete-group','web','2022-11-14 08:56:53','2022-11-14 08:56:53'),(7,'create-role','web','2022-11-14 08:56:53','2022-11-14 08:56:53'),(8,'update-role','web','2022-11-14 08:56:53','2022-11-14 08:56:53'),(9,'delete-role','web','2022-11-14 08:56:53','2022-11-14 08:56:53'),(10,'create-menu','web','2022-11-14 08:56:53','2022-11-14 08:56:53'),(11,'update-menu','web','2022-11-14 08:56:53','2022-11-14 08:56:53'),(12,'delete-menu','web','2022-11-14 08:56:53','2022-11-14 08:56:53'),(13,'create-post','web','2022-11-14 08:56:54','2022-11-14 08:56:54'),(14,'update-post','web','2022-11-14 08:56:54','2022-11-14 08:56:54'),(15,'delete-post','web','2022-11-14 08:56:54','2022-11-14 08:56:54'),(16,'create-post-category','web','2022-11-14 08:56:54','2022-11-14 08:56:54'),(17,'update-post-category','web','2022-11-14 08:56:54','2022-11-14 08:56:54'),(18,'delete-post-category','web','2022-11-14 08:56:54','2022-11-14 08:56:54'),(19,'global-settings','web','2022-11-14 08:56:54','2022-11-14 08:56:54'),(20,'post-settings','web','2022-11-14 08:56:54','2022-11-14 08:56:54'),(21,'update-email','web','2022-11-14 08:56:54','2022-11-14 08:56:54'),(22,'access-dashboard','web','2022-11-14 08:56:54','2022-11-14 08:56:54');

--
-- Table structure for table `post_categories`
--

CREATE TABLE `post_categories` (
  `id` bigint unsigned NOT NULL AUTO_INCREMENT,
  `code` varchar(30) COLLATE utf8mb4_unicode_ci DEFAULT NULL,
  `status` char(12) COLLATE utf8mb4_unicode_ci NOT NULL,
  `access_level` char(10) COLLATE utf8mb4_unicode_ci NOT NULL,
  `page` varchar(30) CHARACTER SET utf8mb4 COLLATE utf8mb4_unicode_ci DEFAULT NULL,
  `settings` json NOT NULL,
  `_lft` int unsigned NOT NULL DEFAULT '0',
  `_rgt` int unsigned NOT NULL DEFAULT '0',
  `parent_id` int unsigned DEFAULT NULL,
  `checked_out` bigint unsigned DEFAULT NULL,
  `checked_out_time` timestamp NULL DEFAULT NULL,
  `owned_by` bigint unsigned NOT NULL,
  `updated_by` bigint unsigned DEFAULT NULL,
  `created_at` timestamp NULL DEFAULT NULL,
  `updated_at` timestamp NULL DEFAULT NULL,
  PRIMARY KEY (`id`),
  KEY `post_categories__lft__rgt_parent_id_index` (`_lft`,`_rgt`,`parent_id`)
) ENGINE=InnoDB AUTO_INCREMENT=7 DEFAULT CHARSET=utf8mb4 COLLATE=utf8mb4_unicode_ci;

--
-- Dumping data for table `post_categories`
--

INSERT INTO `post_categories` VALUES (1,NULL,'published','public_ro','home','{\"show_name\": \"1\", \"show_search\": \"1\", \"post_ordering\": \"no_ordering\", \"show_post_image\": \"1\", \"show_description\": \"1\", \"show_post_excerpt\": \"1\", \"show_subcategories\": \"1\", \"show_post_categories\": \"1\"}',1,2,NULL,NULL,NULL,1,1,'2022-11-19 13:03:45','2022-12-07 15:54:34'),(2,NULL,'published','public_ro',NULL,'{\"show_name\": \"1\", \"show_search\": \"1\", \"post_ordering\": \"no_ordering\", \"show_post_image\": \"1\", \"show_description\": \"1\", \"show_post_excerpt\": \"1\", \"show_subcategories\": \"1\", \"show_post_categories\": \"1\"}',3,10,NULL,NULL,NULL,1,1,'2022-11-20 07:06:38','2022-11-20 07:06:38'),(3,NULL,'published','public_ro',NULL,'{\"show_name\": \"1\", \"show_search\": \"1\", \"post_ordering\": \"no_ordering\", \"show_post_image\": \"1\", \"show_description\": \"1\", \"show_post_excerpt\": \"1\", \"show_subcategories\": \"1\", \"show_post_categories\": \"1\"}',4,5,2,NULL,NULL,1,1,'2022-11-20 09:57:11','2022-12-07 16:36:41'),(4,NULL,'published','public_ro',NULL,'{\"show_name\": \"1\", \"show_search\": \"1\", \"post_ordering\": \"no_ordering\", \"show_post_image\": \"1\", \"show_description\": \"1\", \"show_post_excerpt\": \"1\", \"show_subcategories\": \"1\", \"show_post_categories\": \"1\"}',6,7,2,NULL,NULL,1,1,'2022-11-21 07:39:55','2022-11-21 09:21:32'),(5,NULL,'published','public_ro',NULL,'{\"show_name\": \"1\", \"show_search\": \"1\", \"post_ordering\": \"no_ordering\", \"show_post_image\": \"1\", \"show_description\": \"1\", \"show_post_excerpt\": \"1\", \"show_subcategories\": \"1\", \"show_post_categories\": \"1\"}',11,12,NULL,NULL,NULL,1,1,'2022-12-02 09:28:35','2022-12-02 09:28:35'),(6,NULL,'published','public_ro','main','{\"show_name\": \"1\", \"show_search\": \"1\", \"post_ordering\": \"no_ordering\", \"show_post_image\": \"1\", \"show_description\": \"1\", \"show_post_excerpt\": \"1\", \"show_subcategories\": \"1\", \"show_post_categories\": \"1\"}',8,9,2,NULL,NULL,1,1,'2022-12-03 10:35:12','2022-12-07 06:53:51');

--
-- Table structure for table `post_category_group`
--

CREATE TABLE `post_category_group` (
  `category_id` bigint unsigned NOT NULL,
  `group_id` bigint unsigned NOT NULL,
  KEY `post_category_group_category_id_foreign` (`category_id`),
  KEY `post_category_group_group_id_foreign` (`group_id`),
  CONSTRAINT `post_category_group_category_id_foreign` FOREIGN KEY (`category_id`) REFERENCES `post_categories` (`id`),
  CONSTRAINT `post_category_group_group_id_foreign` FOREIGN KEY (`group_id`) REFERENCES `groups` (`id`)
) ENGINE=InnoDB DEFAULT CHARSET=utf8mb4 COLLATE=utf8mb4_unicode_ci;

--
-- Dumping data for table `post_category_group`
--


--
-- Table structure for table `posts`
--

CREATE TABLE `posts` (
  `id` bigint unsigned NOT NULL AUTO_INCREMENT,
  `status` char(12) COLLATE utf8mb4_unicode_ci NOT NULL,
  `main_cat_id` bigint unsigned DEFAULT NULL,
  `access_level` char(10) COLLATE utf8mb4_unicode_ci NOT NULL,
  `page` varchar(30) CHARACTER SET utf8mb4 COLLATE utf8mb4_unicode_ci DEFAULT NULL,
  `settings` json NOT NULL,
  `checked_out` bigint unsigned DEFAULT NULL,
  `checked_out_time` timestamp NULL DEFAULT NULL,
  `owned_by` bigint unsigned NOT NULL,
  `updated_by` bigint unsigned DEFAULT NULL,
  `created_at` timestamp NULL DEFAULT NULL,
  `updated_at` timestamp NULL DEFAULT NULL,
  PRIMARY KEY (`id`)
) ENGINE=InnoDB AUTO_INCREMENT=6 DEFAULT CHARSET=utf8mb4 COLLATE=utf8mb4_unicode_ci;

--
-- Dumping data for table `posts`
--

INSERT INTO `posts` VALUES (1,'published',3,'public_ro',NULL,'{\"show_image\": \"1\", \"show_owner\": \"1\", \"show_excerpt\": \"1\", \"show_categories\": \"1\", \"show_created_at\": \"1\"}',NULL,NULL,1,1,'2022-11-21 07:07:33','2022-12-08 07:56:39'),(2,'published',4,'public_ro','post-layout','{\"show_image\": \"1\", \"show_owner\": \"1\", \"show_excerpt\": \"1\", \"show_categories\": \"1\", \"show_created_at\": \"1\"}',NULL,NULL,1,1,'2022-11-21 07:36:49','2022-12-08 07:56:08'),(3,'published',3,'public_ro','post-layout','{\"show_image\": \"1\", \"show_owner\": \"1\", \"show_excerpt\": \"1\", \"show_categories\": \"1\", \"show_created_at\": \"1\"}',NULL,NULL,1,1,'2022-11-25 05:46:07','2022-12-08 07:57:04'),(4,'published',3,'public_ro',NULL,'{\"show_image\": \"1\", \"show_owner\": \"1\", \"show_excerpt\": \"1\", \"show_categories\": \"1\", \"show_created_at\": \"1\"}',NULL,NULL,1,1,'2022-12-03 10:16:48','2022-12-09 09:03:28'),(5,'published',3,'public_ro','post-layout','{\"show_image\": \"1\", \"show_owner\": \"1\", \"show_excerpt\": \"1\", \"show_categories\": \"1\", \"show_created_at\": \"1\"}',NULL,NULL,1,1,'2022-12-05 05:49:58','2022-12-08 07:57:24');

--
-- Table structure for table `role_has_permissions`
--

CREATE TABLE `role_has_permissions` (
  `permission_id` bigint unsigned NOT NULL,
  `role_id` bigint unsigned NOT NULL,
  PRIMARY KEY (`permission_id`,`role_id`),
  KEY `role_has_permissions_role_id_foreign` (`role_id`),
  CONSTRAINT `role_has_permissions_permission_id_foreign` FOREIGN KEY (`permission_id`) REFERENCES `permissions` (`id`) ON DELETE CASCADE,
  CONSTRAINT `role_has_permissions_role_id_foreign` FOREIGN KEY (`role_id`) REFERENCES `roles` (`id`) ON DELETE CASCADE
) ENGINE=InnoDB DEFAULT CHARSET=utf8mb4 COLLATE=utf8mb4_unicode_ci;

--
-- Dumping data for table `role_has_permissions`
--

INSERT INTO `role_has_permissions` VALUES (1,2),(2,2),(3,2),(4,2),(5,2),(6,2),(7,2),(8,2),(9,2),(10,2),(11,2),(12,2),(13,2),(14,2),(15,2),(16,2),(17,2),(18,2),(22,2),(1,3),(2,3),(3,3),(4,3),(5,3),(6,3),(13,3),(14,3),(15,3),(22,3),(13,4),(14,4),(15,4),(22,4),(13,5),(14,5),(15,5);

--
-- Table structure for table `roles`
--

CREATE TABLE `roles` (
  `id` bigint unsigned NOT NULL AUTO_INCREMENT,
  `name` varchar(255) COLLATE utf8mb4_unicode_ci NOT NULL,
  `guard_name` varchar(255) COLLATE utf8mb4_unicode_ci NOT NULL,
  `access_level` char(10) COLLATE utf8mb4_unicode_ci DEFAULT NULL,
  `role_level` tinyint DEFAULT NULL,
  `role_type` char(11) COLLATE utf8mb4_unicode_ci DEFAULT NULL,
  `checked_out` bigint unsigned DEFAULT NULL,
  `checked_out_time` timestamp NULL DEFAULT NULL,
  `owned_by` bigint unsigned NOT NULL,
  `updated_by` bigint unsigned DEFAULT NULL,
  `created_at` timestamp NULL DEFAULT NULL,
  `updated_at` timestamp NULL DEFAULT NULL,
  PRIMARY KEY (`id`),
  UNIQUE KEY `roles_name_guard_name_unique` (`name`,`guard_name`)
) ENGINE=InnoDB AUTO_INCREMENT=6 DEFAULT CHARSET=utf8mb4 COLLATE=utf8mb4_unicode_ci;

--
-- Dumping data for table `roles`
--

INSERT INTO `roles` VALUES (1,'super-admin','web','public_ro',5,'super-admin',NULL,NULL,1,NULL,'2022-11-14 08:56:54','2022-11-14 08:56:54'),(2,'admin','web','public_ro',4,'admin',NULL,NULL,1,NULL,'2022-11-14 08:56:54','2022-11-14 08:56:54'),(3,'manager','web','public_ro',3,'manager',NULL,NULL,1,NULL,'2022-11-14 08:56:54','2022-11-14 08:56:54'),(4,'assistant','web','public_ro',2,'assistant',NULL,NULL,1,NULL,'2022-11-14 08:56:54','2022-11-14 08:56:54'),(5,'registered','web','public_ro',1,'registered',NULL,NULL,1,NULL,'2022-11-14 08:56:54','2022-11-14 08:56:54');

--
-- Table structure for table `translations`
--

CREATE TABLE `translations` (
  `id` bigint unsigned NOT NULL AUTO_INCREMENT,
  `translatable_id` bigint unsigned DEFAULT NULL,
  `translatable_type` varchar(255) COLLATE utf8mb4_unicode_ci DEFAULT NULL,
  `locale` char(2) COLLATE utf8mb4_unicode_ci NOT NULL,
  `title` varchar(100) COLLATE utf8mb4_unicode_ci DEFAULT NULL,
  `name` varchar(100) COLLATE utf8mb4_unicode_ci DEFAULT NULL,
  `slug` varchar(100) COLLATE utf8mb4_unicode_ci DEFAULT NULL,
  `content` text COLLATE utf8mb4_unicode_ci,
  `raw_content` text COLLATE utf8mb4_unicode_ci,
  `excerpt` text COLLATE utf8mb4_unicode_ci,
  `description` text COLLATE utf8mb4_unicode_ci,
  `text` text CHARACTER SET utf8mb4 COLLATE utf8mb4_unicode_ci,
  `url` varchar(255) COLLATE utf8mb4_unicode_ci DEFAULT NULL,
  `alt_img` varchar(250) COLLATE utf8mb4_unicode_ci DEFAULT NULL,
  `meta_data` json DEFAULT NULL,
  `extra_fields` json DEFAULT NULL,
  `created_at` timestamp NULL DEFAULT NULL,
  `updated_at` timestamp NULL DEFAULT NULL,
  PRIMARY KEY (`id`),
  KEY `translations_locale_index` (`locale`)
) ENGINE=InnoDB AUTO_INCREMENT=50 DEFAULT CHARSET=utf8mb4 COLLATE=utf8mb4_unicode_ci;

--
-- Dumping data for table `translations`
--

INSERT INTO `translations` VALUES (1,1,'App\\Models\\Menu\\Item','en','Root',NULL,NULL,NULL,NULL,NULL,NULL,NULL,'root',NULL,NULL,NULL,'2022-11-14 08:56:53','2022-11-14 08:56:53'),(2,2,'App\\Models\\Menu\\Item','en','Home',NULL,NULL,NULL,NULL,NULL,NULL,NULL,'/',NULL,NULL,NULL,'2022-11-14 08:56:53','2022-11-14 08:56:53'),(3,2,'App\\Models\\Menu\\Item','fr','Accueil',NULL,NULL,NULL,NULL,NULL,NULL,NULL,'/',NULL,NULL,NULL,'2022-11-17 10:29:33','2022-11-17 10:29:33'),(4,3,'App\\Models\\Menu\\Item','en','Genre',NULL,NULL,NULL,NULL,NULL,NULL,NULL,'/{plugin}/{category}/2/genre',NULL,NULL,NULL,'2022-11-18 09:23:52','2022-12-05 06:23:06'),(5,3,'App\\Models\\Menu\\Item','fr','Genre',NULL,NULL,NULL,NULL,NULL,NULL,NULL,'/{plugin}/{category}/2/genre',NULL,NULL,NULL,'2022-11-18 09:24:44','2022-12-05 06:24:48'),(6,4,'App\\Models\\Menu\\Item','en','Drama',NULL,NULL,NULL,NULL,NULL,NULL,NULL,'/{plugin}/{category}/3/drama',NULL,NULL,NULL,'2022-11-18 10:11:41','2022-12-02 06:46:15'),(7,5,'App\\Models\\Menu\\Item','en','History',NULL,NULL,NULL,NULL,NULL,NULL,NULL,'/{plugin}/{category}/6/history',NULL,NULL,NULL,'2022-11-19 06:11:27','2022-12-03 10:36:00'),(8,5,'App\\Models\\Menu\\Item','fr','Histoire',NULL,NULL,NULL,NULL,NULL,NULL,NULL,'/{plugin}/{category}/6/histoire',NULL,NULL,NULL,'2022-11-19 06:12:40','2022-12-03 10:36:13'),(9,6,'App\\Models\\Menu\\Item','en','Science Fiction',NULL,NULL,NULL,NULL,NULL,NULL,NULL,'/{plugin}/{category}/4/science-fiction',NULL,NULL,NULL,'2022-11-19 07:33:07','2022-12-02 07:39:52'),(13,4,'App\\Models\\Menu\\Item','fr','Drame',NULL,NULL,NULL,NULL,NULL,NULL,NULL,'/{plugin}/{category}/3/drame',NULL,NULL,NULL,'2022-11-19 08:18:37','2022-12-02 06:47:02'),(14,8,'App\\Models\\Menu\\Item','en','Author',NULL,NULL,NULL,NULL,NULL,NULL,NULL,'/{plugin}/{category}/5/author',NULL,NULL,NULL,'2022-11-19 08:23:21','2022-12-02 07:40:58'),(15,1,'App\\Models\\Post\\Category','en',NULL,'Home','home',NULL,NULL,NULL,'<p>EN - Lorem ipsum dolor sit amet, consectetur adipiscing elit, sed do eiusmod tempor incididunt ut labore et dolore magna aliqua. Ut enim ad minim veniam, quis nostrud exercitation ullamco laboris nisi ut aliquip ex ea commodo consequat. Duis aute irure dolor in reprehenderit in voluptate velit esse cillum dolore eu fugiat nulla pariatur. Excepteur sint occaecat cupidatat non proidente, sunt in culpa qui officia deserunt mollit anim id est laborum.</p>',NULL,NULL,'Duis aute irure dolor in reprehenderit in voluptate velit esse cillum dolore eu fugiat nulla pariatur','{\"meta_og_url\": null, \"meta_og_type\": null, \"meta_og_image\": null, \"meta_og_local\": null, \"meta_og_title\": null, \"meta_page_title\": \"Home\", \"meta_name_robots\": \"index, follow\", \"meta_og_description\": null, \"meta_name_description\": \"EN - Duis aute irure dolor in reprehenderit in voluptate velit esse cillum\"}','{\"extra_field_1\": null, \"extra_field_2\": null, \"extra_field_3\": null, \"extra_field_4\": null, \"extra_field_5\": null, \"extra_field_6\": null, \"extra_field_7\": null, \"extra_field_8\": null, \"extra_field_9\": null, \"extra_field_10\": null}','2022-11-19 13:03:45','2022-12-07 15:54:34'),(16,1,'App\\Models\\Post\\Category','fr',NULL,'Accueil','accueil',NULL,NULL,NULL,'<p>FR - Lorem ipsum dolor sit amet, consectetur adipiscing elit, sed do eiusmod tempor incididunt ut labore et dolore magna aliqua. Ut enim ad minim veniam, quis nostrud exercitation ullamco laboris nisi ut aliquip ex ea commodo consequat. Duis aute irure dolor in reprehenderit in voluptate velit esse cillum dolore eu fugiat nulla pariatur. Excepteur sint occaecat cupidatat non proidente, sunt in culpa qui officia deserunt mollit anim id est laborum.</p>',NULL,NULL,'Ecrans de différentes tailles montrant l\'aspect responsive d\'un site internet créé par Codalia','{\"meta_og_url\": null, \"meta_og_type\": null, \"meta_og_image\": null, \"meta_og_local\": \"fr_FR\", \"meta_og_title\": null, \"meta_page_title\": \"Accueil\", \"meta_name_robots\": null, \"meta_og_description\": null, \"meta_name_description\": null}','{\"extra_field_1\": null, \"extra_field_2\": null, \"extra_field_3\": null, \"extra_field_4\": null, \"extra_field_5\": null, \"extra_field_6\": null, \"extra_field_7\": null, \"extra_field_8\": null, \"extra_field_9\": null, \"extra_field_10\": null}','2022-11-20 06:33:37','2022-11-20 07:01:14'),(17,2,'App\\Models\\Post\\Category','en',NULL,'Genre','genre',NULL,NULL,NULL,'<p>EN - Lorem ipsum dolor sit amet, consectetur adipiscing elit, sed do eiusmod tempor incididunt ut labore et dolore magna aliqua. Ut enim ad minim veniam, quis nostrud exercitation ullamco laboris nisi ut aliquip ex ea commodo consequat. Duis aute irure dolor in reprehenderit in voluptate velit esse cillum dolore eu fugiat nulla pariatur. Excepteur sint occaecat cupidatat non proidente, sunt in culpa qui officia deserunt mollit anim id est laborum.</p>',NULL,NULL,'Duis aute irure dolor in reprehenderit in voluptate velit esse cillum dolore eu fugiat nulla pariatur','{\"meta_og_url\": null, \"meta_og_type\": null, \"meta_og_image\": null, \"meta_og_local\": null, \"meta_og_title\": null, \"meta_page_title\": \"Genre\", \"meta_name_robots\": null, \"meta_og_description\": null, \"meta_name_description\": null}','{\"extra_field_1\": \"English\", \"extra_field_2\": null, \"extra_field_3\": null, \"extra_field_4\": null, \"extra_field_5\": null, \"extra_field_6\": null, \"extra_field_7\": null, \"extra_field_8\": null, \"extra_field_9\": null, \"extra_field_10\": null}','2022-11-20 07:06:38','2022-11-20 07:06:38'),(18,3,'App\\Models\\Post\\Category','en',NULL,'Drama','drama',NULL,NULL,NULL,'<p>EN - Lorem ipsum dolor sit amet, consectetur adipiscing elit, sed do eiusmod tempor incididunt ut labore et dolore magna aliqua. Ut enim ad minim veniam, quis nostrud exercitation ullamco laboris nisi ut aliquip ex ea commodo consequat. Duis aute irure dolor in reprehenderit in voluptate velit esse cillum dolore eu fugiat nulla pariatur. Excepteur sint occaecat cupidatat non proidente, sunt in culpa qui officia deserunt mollit anim id est laborum.</p>',NULL,NULL,NULL,'{\"meta_og_url\": null, \"meta_og_type\": null, \"meta_og_image\": null, \"meta_og_local\": null, \"meta_og_title\": null, \"meta_page_title\": \"Drama\", \"meta_name_robots\": \"index, follow\", \"meta_og_description\": null, \"meta_name_description\": \"EN- Duis aute irure dolor in reprehenderit in voluptate velit esse cillum dolore eu fugiat nulla pariatur.\"}','{\"extra_field_1\": \"Drama\", \"extra_field_2\": null, \"extra_field_3\": null, \"extra_field_4\": null, \"extra_field_5\": null, \"extra_field_6\": null, \"extra_field_7\": null, \"extra_field_8\": null, \"extra_field_9\": null, \"extra_field_10\": null}','2022-11-20 09:57:11','2022-12-07 16:36:41'),(19,3,'App\\Models\\Post\\Category','fr',NULL,'Drame','drame',NULL,NULL,NULL,'<p>FR - Lorem ipsum dolor sit amet, consectetur adipiscing elit, sed do eiusmod tempor incididunt ut labore et dolore magna aliqua. Ut enim ad minim veniam, quis nostrud exercitation ullamco laboris nisi ut aliquip ex ea commodo consequat. Duis aute irure dolor in reprehenderit in voluptate velit esse cillum dolore eu fugiat nulla pariatur. Excepteur sint occaecat cupidatat non proidente, sunt in culpa qui officia deserunt mollit anim id est laborum.</p>',NULL,NULL,NULL,'{\"meta_og_url\": null, \"meta_og_type\": null, \"meta_og_image\": null, \"meta_og_local\": null, \"meta_og_title\": null, \"meta_page_title\": \"Drame\", \"meta_name_robots\": null, \"meta_og_description\": null, \"meta_name_description\": null}','{\"extra_field_1\": \"Drame\", \"extra_field_2\": null, \"extra_field_3\": null, \"extra_field_4\": null, \"extra_field_5\": null, \"extra_field_6\": null, \"extra_field_7\": null, \"extra_field_8\": null, \"extra_field_9\": null, \"extra_field_10\": null}','2022-11-20 09:57:55','2022-11-20 09:57:55'),(20,1,'App\\Models\\Post','en','Breakfast at Tiffany\'s',NULL,'breakfast-at-tiffanys','<p>EN - Lorem ipsum dolor sit amet, consectetur adipiscing elit, sed do eiusmod tempor incididunt ut labore et dolore magna aliqua. Ut enim ad minim veniam, quis nostrud exercitation ullamco laboris nisi ut aliquip ex ea commodo consequat. Duis aute irure dolor in reprehenderit in voluptate velit esse cillum dolore eu fugiat nulla pariatur. Excepteur sint occaecat cupidatat non proident, sunt in culpa qui officia deserunt mollit anim id est laborum.</p>','EN - Lorem ipsum dolor sit amet, consectetur adipiscing elit, sed do eiusmod tempor incididunt ut labore et dolore magna aliqua. Ut enim ad minim veniam, quis nostrud exercitation ullamco laboris nisi ut aliquip ex ea commodo consequat. Duis aute irure dolor in reprehenderit in voluptate velit esse cillum dolore eu fugiat nulla pariatur. Excepteur sint occaecat cupidatat non proident, sunt in culpa qui officia deserunt mollit anim id est laborum.','<p>EN- Duis aute irure dolor in reprehenderit in voluptate velit esse cillum dolore eu fugiat nulla pariatur. Excepteur sint occaecat cupidatat non proident, sunt in culpa qui officia deserunt mollit anim id est laborum.</p>',NULL,NULL,NULL,NULL,'{\"meta_og_url\": null, \"meta_og_type\": null, \"meta_og_image\": null, \"meta_og_local\": null, \"meta_og_title\": null, \"meta_page_title\": \"Breakfast at Tiffany\'s\", \"meta_name_robots\": \"index, follow\", \"meta_og_description\": null, \"meta_name_description\": \"EN- Duis aute irure dolor in reprehenderit in voluptate velit esse cillum dolore eu fugiat nulla pariatur. Excepteur sint occaecat cupidatat non proident, sunt in culpa qui officia deserunt mollit anim id est laborum.\"}','{\"extra_field_1\": \"Breakfast at Tiffany\'s\", \"extra_field_2\": null, \"extra_field_3\": null, \"extra_field_4\": null, \"extra_field_5\": null, \"extra_field_6\": null, \"extra_field_7\": null, \"extra_field_8\": null, \"extra_field_9\": null, \"extra_field_10\": null}','2022-11-21 07:07:33','2022-12-08 07:56:39'),(21,1,'App\\Models\\Post','fr','Petit déjeuner chez Tiffany',NULL,'petit-dejeuner-chez-tiffany','<p>FR - Lorem ipsum dolor sit amet, consectetur adipiscing elit, sed do eiusmod tempor incididunt ut labore et dolore magna aliqua. Ut enim ad minim veniam, quis nostrud exercitation ullamco laboris nisi ut aliquip ex ea commodo consequat. Duis aute irure dolor in reprehenderit in voluptate velit esse cillum dolore eu fugiat nulla pariatur. Excepteur sint occaecat cupidatat non proident, sunt in culpa qui officia deserunt mollit anim id est laborum.</p>','FR - Lorem ipsum dolor sit amet, consectetur adipiscing elit, sed do eiusmod tempor incididunt ut labore et dolore magna aliqua. Ut enim ad minim veniam, quis nostrud exercitation ullamco laboris nisi ut aliquip ex ea commodo consequat. Duis aute irure dolor in reprehenderit in voluptate velit esse cillum dolore eu fugiat nulla pariatur. Excepteur sint occaecat cupidatat non proident, sunt in culpa qui officia deserunt mollit anim id est laborum.','<p>FR - Duis aute irure dolor in reprehenderit in voluptate velit esse cillum dolore eu fugiat nulla pariatur. Excepteur sint occaecat cupidatat non proident, sunt in culpa qui officia deserunt mollit anim id est laborum.</p>',NULL,NULL,NULL,NULL,'{\"meta_og_url\": null, \"meta_og_type\": null, \"meta_og_image\": null, \"meta_og_local\": null, \"meta_og_title\": null, \"meta_page_title\": \"Petit déjeuner chez Tiffany\", \"meta_name_robots\": null, \"meta_og_description\": null, \"meta_name_description\": null}','{\"extra_field_1\": \"Petit déjeuner chez Tiffany\", \"extra_field_2\": null, \"extra_field_3\": null, \"extra_field_4\": null, \"extra_field_5\": null, \"extra_field_6\": null, \"extra_field_7\": null, \"extra_field_8\": null, \"extra_field_9\": null, \"extra_field_10\": null}','2022-11-21 07:10:22','2022-11-21 07:10:22'),(22,2,'App\\Models\\Post','en','The Planet of the Apes',NULL,'the-planet-of-the-apes','<p>EN - Lorem ipsum dolor sit amet, consectetur adipiscing elit, sed do eiusmod tempor incididunt ut labore et dolore magna aliqua. Ut enim ad minim veniam, quis nostrud exercitation ullamco laboris nisi ut aliquip ex ea commodo consequat. Duis aute irure dolor in reprehenderit in voluptate velit esse cillum dolore eu fugiat nulla pariatur. Excepteur sint occaecat cupidatat non proident, sunt in coulpa qui officia deserunt mollit anim id est laborum.</p>','  ','<p>EN- Duis aute irure dolor in reprehenderit in voluptate velit esse cillum dolore eu fugiat nulla pariatur. Excepteur sint occaecat cupidatat non proident, sunt in culpa qui officia deserunt mollit anim id est laborum.</p>',NULL,NULL,NULL,'EN - sed do eiusmod tempor incididunt ut labore et dolore magna aliqua','{\"meta_og_url\": null, \"meta_og_type\": null, \"meta_og_image\": null, \"meta_og_local\": null, \"meta_og_title\": null, \"meta_page_title\": \"The Planet of the Apes\", \"meta_name_robots\": null, \"meta_og_description\": null, \"meta_name_description\": null}','{\"extra_field_1\": \"The Planet of the Apes\", \"extra_field_2\": null, \"extra_field_3\": null, \"extra_field_4\": null, \"extra_field_5\": null, \"extra_field_6\": null, \"extra_field_7\": null, \"extra_field_8\": null, \"extra_field_9\": null, \"extra_field_10\": null}','2022-11-21 07:36:49','2022-12-08 07:56:08'),(23,2,'App\\Models\\Post','fr','La planète des singes',NULL,'la-planete-des-singes','<p>FR - Lorem ipsum dolor sit amet, consectetur adipiscing elit, sed do eiusmod tempor incididunt ut labore et dolore magna aliqua. Ut enim ad minim veniam, quis nostrud exercitation ullamco laboris nisi ut aliquip ex ea commodo consequat. Duis aute irure dolor in reprehenderit in voluptate velit esse cillum dolore eu fugiat nulla pariatur. Excepteur sint occaecat cupidatat non proident, sunt in culpa qui officia deserunt mollit anim id est laborum.</p>','  ','<p>FR - Duis aute irure dolor in reprehenderit in voluptate velit esse cillum dolore eu fugiat nulla pariatur. Excepteur sint occaecat cupidatat non proident, sunt in culpa qui officia deserunt mollit anim id est laborum.</p>',NULL,NULL,NULL,'FR - Excepteur sint occaecat cupidatat non proident, sunt in culpa qui officia deserunt mollit anim id est laboru.','{\"meta_og_url\": null, \"meta_og_type\": null, \"meta_og_image\": null, \"meta_og_local\": null, \"meta_og_title\": null, \"meta_page_title\": \"La planète des singes\", \"meta_name_robots\": null, \"meta_og_description\": null, \"meta_name_description\": null}','{\"extra_field_1\": \"La planète des singes\", \"extra_field_2\": null, \"extra_field_3\": null, \"extra_field_4\": null, \"extra_field_5\": null, \"extra_field_6\": null, \"extra_field_7\": null, \"extra_field_8\": null, \"extra_field_9\": null, \"extra_field_10\": null}','2022-11-21 07:38:40','2022-11-25 05:36:29'),(24,4,'App\\Models\\Post\\Category','en',NULL,'Science fiction','science-fiction',NULL,NULL,NULL,'<p>EN - Duis aute irure dolor in reprehenderit in voluptate velit esse cillum dolore eu fugiat nulla pariatur. Excepteur sint occaecat cupidatat non proident, sunt in culpa qui officia deserunt mollit anim id est laboorum.</p>',NULL,NULL,NULL,'{\"meta_og_url\": null, \"meta_og_type\": null, \"meta_og_image\": null, \"meta_og_local\": null, \"meta_og_title\": null, \"meta_page_title\": \"Science fiction\", \"meta_name_robots\": null, \"meta_og_description\": null, \"meta_name_description\": null}','{\"extra_field_1\": \"Science fiction\", \"extra_field_2\": null, \"extra_field_3\": null, \"extra_field_4\": null, \"extra_field_5\": null, \"extra_field_6\": null, \"extra_field_7\": null, \"extra_field_8\": null, \"extra_field_9\": null, \"extra_field_10\": null}','2022-11-21 07:39:55','2022-11-21 09:18:32'),(25,4,'App\\Models\\Post\\Category','fr',NULL,'Science fiction','science-fiction',NULL,NULL,NULL,'<p>FR - Duis aute irure dolor in reprehenderit in voluptate velit esse cillum dolore eu fugiat nulla pariatur. Excepteur sint occaecat cupidatat non proident, sunt in culpa qui officia deserunt mollit anim id est laborum.</p>',NULL,NULL,NULL,'{\"meta_og_url\": null, \"meta_og_type\": null, \"meta_og_image\": null, \"meta_og_local\": null, \"meta_og_title\": null, \"meta_page_title\": \"Science fiction\", \"meta_name_robots\": null, \"meta_og_description\": null, \"meta_name_description\": null}','{\"extra_field_1\": \"Science fiction\", \"extra_field_2\": null, \"extra_field_3\": null, \"extra_field_4\": null, \"extra_field_5\": null, \"extra_field_6\": null, \"extra_field_7\": null, \"extra_field_8\": null, \"extra_field_9\": null, \"extra_field_10\": null}','2022-11-21 09:21:32','2022-11-21 09:21:32'),(26,2,'App\\Models\\LayoutItem','en',NULL,NULL,NULL,NULL,NULL,NULL,NULL,'The Planet of the Apes',NULL,NULL,NULL,NULL,'2022-11-24 09:50:52','2022-11-24 09:50:52'),(27,3,'App\\Models\\LayoutItem','en',NULL,NULL,NULL,NULL,NULL,NULL,NULL,'<p>EN - Lorem ipsum dolor sit amet, consectetur adipiscing elit, sed do eiusmod tempor incididunt ut labore et dolore magna aliqua. Ut enim ad minim veniam, quis nostrud exercitation ullamco laboris nisi ut aliquip ex ea commodo consequat. Duis aute irure dolor in reprehenderit in voluptate velit esse cillum dolore eu fugiat nulla pariatur. Excepteur sint occaecat cupidatat non proident, sunt in coulpa qui officia deserunt mollit anim id est laborum.</p>',NULL,NULL,NULL,NULL,'2022-11-24 09:50:52','2022-11-24 09:50:52'),(28,2,'App\\Models\\LayoutItem','fr',NULL,NULL,NULL,NULL,NULL,NULL,NULL,'La planète des singes',NULL,NULL,NULL,NULL,'2022-11-24 12:25:23','2022-11-24 12:25:23'),(29,3,'App\\Models\\LayoutItem','fr',NULL,NULL,NULL,NULL,NULL,NULL,NULL,'<p>FR - Duis aute irure dolor in reprehenderit in voluptate velit esse cillum dolore eu fugiat nulla pariatur. Excepteur sint occaecat cupidatat non proident, sunt in culpa qui officia deserunt mollit anim id est laborum.</p>',NULL,NULL,NULL,NULL,'2022-11-24 12:25:23','2022-11-24 12:25:23'),(30,7,'App\\Models\\LayoutItem','fr',NULL,NULL,NULL,NULL,NULL,NULL,NULL,'texte alternatif en français',NULL,NULL,NULL,NULL,'2022-11-25 05:36:29','2022-11-25 05:36:29'),(31,7,'App\\Models\\LayoutItem','en',NULL,NULL,NULL,NULL,NULL,NULL,NULL,'my reminders table uses polymorphism',NULL,NULL,NULL,NULL,'2022-11-25 05:37:45','2022-11-25 05:37:45'),(32,9,'App\\Models\\LayoutItem','en',NULL,NULL,NULL,NULL,NULL,NULL,NULL,'<p>EN - Lorem ipsum dolor sit amet, consectetur adipiscing elit, sed do eiusmod tempor incididunt ut labore et dolore magna aliqua. Ut enim ad minim veniam, quis nostrud exercitation ullamco laboris nisi ut aliquip ex ea commodo consequat. Duis aute irure dolor in reprehenderit in voluptate velit esse cillum dolore eu fugiat nulla pariatur. Excepteur sint occaecat cupidatat non proident, sunt in culpa qui officia deserunt mollit anim id est laborum.</p>',NULL,NULL,NULL,NULL,'2022-11-25 05:46:07','2022-11-25 05:46:07'),(33,16,'App\\Models\\LayoutItem','en',NULL,NULL,NULL,NULL,NULL,NULL,NULL,'<p>EN - Lorem ipsum dolor sit amet, consectetur adipiscing elit, sed do eiusmod tempor incididunt ut labore et dolore magna aliqua. Ut enim ad minim veniam, quis nostrud exercitation ullamco laboris nisi ut aliquip ex ea commodo consequat. Duis aute irure dolor in reprehenderit in voluptate velit esse cillum dolore eu fugiat nulla pariatur. Excepteur sint occaecat cupidatat non proident, sunt in culpa qui officia deserunt mollit anim id est laborum.</p>',NULL,NULL,NULL,NULL,'2022-11-25 05:46:07','2022-11-25 05:46:08'),(34,18,'App\\Models\\LayoutItem','en',NULL,NULL,NULL,NULL,NULL,NULL,NULL,'In general, you should strongly refer to global variables',NULL,NULL,NULL,NULL,'2022-11-25 05:46:08','2022-11-25 05:46:08'),(35,19,'App\\Models\\LayoutItem','en',NULL,NULL,NULL,NULL,NULL,NULL,NULL,'In general, you should strongly refer to global variables',NULL,NULL,NULL,NULL,'2022-11-25 05:46:08','2022-11-25 05:46:08'),(36,3,'App\\Models\\Post','en','In Cold Blood',NULL,'in-cold-blood',NULL,'  ','<p>EN - Duis aute irure dolor in reprehenderit in voluptate velit esse cillum dolore eu fugiat nulla pariatur. Excepteur sint occaecat cupidatat non proident, sunt in culpa qui officia deserunt mollit anim id est laborum.</p>',NULL,NULL,NULL,'Excepteur sint occaecat cupidatat non proident, sunt in culpa qui officia deserunt mollit anim id est laboru.','{\"meta_og_url\": null, \"meta_og_type\": null, \"meta_og_image\": null, \"meta_og_local\": null, \"meta_og_title\": null, \"meta_page_title\": \"In Cold Blood\", \"meta_name_robots\": \"index, follow\", \"meta_og_description\": null, \"meta_name_description\": \"EN - Lorem ipsum dolor sit amet, consectetur adipiscing elit, sed do eiusmod tempor incididunt ut\"}','{\"extra_field_1\": \"In Cold Blood\", \"extra_field_2\": null, \"extra_field_3\": null, \"extra_field_4\": null, \"extra_field_5\": null, \"extra_field_6\": null, \"extra_field_7\": null, \"extra_field_8\": null, \"extra_field_9\": null, \"extra_field_10\": null}','2022-11-25 05:46:08','2022-12-08 07:57:04'),(37,9,'App\\Models\\LayoutItem','fr',NULL,NULL,NULL,NULL,NULL,NULL,NULL,'<p>FR - Lorem ipsum dolor sit amet, consectetur adipiscing elit, sed do eiusmod tempor incididunt ut labore et dolore magna aliqua. Ut enim ad minim veniam, quis nostrud exercitation ullamco laboris nisi ut aliquip ex ea commodo consequat. Duis aute irure dolor in reprehenderit in voluptate velit esse cillum dolore eu fugiat nulla pariatur. Excepteur sint occaecat cupidatat non proident, sunt in culpa qui officia deserunt mollit anim id est laborum.</p>',NULL,NULL,NULL,NULL,'2022-11-25 05:51:11','2022-11-25 05:51:11'),(38,18,'App\\Models\\LayoutItem','fr',NULL,NULL,NULL,NULL,NULL,NULL,NULL,'Rimbaud et son frère Frédéric en communiants',NULL,NULL,NULL,NULL,'2022-11-25 05:51:11','2022-11-25 05:51:11'),(39,19,'App\\Models\\LayoutItem','fr',NULL,NULL,NULL,NULL,NULL,NULL,NULL,'Dessin de Verlaine représentant Rimbaud dévalisé par un cocher',NULL,NULL,NULL,NULL,'2022-11-25 05:51:11','2022-11-25 05:51:11'),(40,16,'App\\Models\\LayoutItem','fr',NULL,NULL,NULL,NULL,NULL,NULL,NULL,'<p>FR - Lorem ipsum dolor sit amet, consectetur adipiscing elit, sed do eiusmod tempor incididunt ut labore et dolore magna aliqua. Ut enim ad minim veniam, quis nostrud exercitation ullamco laboris nisi ut aliquip ex ea commodo consequat. Duis aute irure dolor in reprehenderit in voluptate velit esse cillum dolore eu fugiat nulla pariatur. Excepteur sint occaecat cupidatat non proident, sunt in culpa qui officia deserunt mollit anim id est laborum.</p>',NULL,NULL,NULL,NULL,'2022-11-25 05:51:12','2022-11-25 05:51:14'),(41,3,'App\\Models\\Post','fr','De sang froid',NULL,'de-sang-froid',NULL,'  ','<p>FR - Duis aute irure dolor in reprehenderit in voluptate velit esse cillum dolore eu fugiat nulla pariatur. Excepteur sint occaecat cupidatat non proident, sunt in culpa qui officia deserunt mollit anim id est laborum.</p>',NULL,NULL,NULL,'Horizon maritime avec reflets de soleil','{\"meta_og_url\": null, \"meta_og_type\": null, \"meta_og_image\": null, \"meta_og_local\": null, \"meta_og_title\": null, \"meta_page_title\": \"De sang froid\", \"meta_name_robots\": null, \"meta_og_description\": null, \"meta_name_description\": null}','{\"extra_field_1\": \"De sang froid\", \"extra_field_2\": null, \"extra_field_3\": null, \"extra_field_4\": null, \"extra_field_5\": null, \"extra_field_6\": null, \"extra_field_7\": null, \"extra_field_8\": null, \"extra_field_9\": null, \"extra_field_10\": null}','2022-11-25 05:51:14','2022-11-25 05:51:14'),(42,5,'App\\Models\\Post\\Category','en',NULL,'Authors','authors',NULL,NULL,NULL,NULL,NULL,NULL,NULL,'{\"meta_og_url\": null, \"meta_og_type\": null, \"meta_og_image\": null, \"meta_og_local\": null, \"meta_og_title\": null, \"meta_page_title\": null, \"meta_name_robots\": null, \"meta_og_description\": null, \"meta_name_description\": null}','{\"extra_field_1\": null, \"extra_field_2\": null, \"extra_field_3\": null, \"extra_field_4\": null, \"extra_field_5\": null, \"extra_field_6\": null, \"extra_field_7\": null, \"extra_field_8\": null, \"extra_field_9\": null, \"extra_field_10\": null}','2022-12-02 09:28:35','2022-12-02 09:28:35'),(43,4,'App\\Models\\Post','en','The Catcher in the Rye',NULL,'the-catcher-in-the-rye','<p>EN - The Catcher in the Rye Lorem ipsum dolor sit amet, consectetur adipiscing elit, sed do eiusmod tempor incididunt ut labore et dolore magna aliqua. Ut enim ad minim veniam, quis nostrud exercitation ullamco laboris nisi ut aliquip ex ea commodo consequat. Duis aute irure dolor in reprehenderit in voluptate velit esse cillum dolore eu fugiat nulla pariatur. Excepteur sint occaecat cupidatat non proident, sunt in culpa qui officia deserunt mollit anim id est laborum.</p>','EN - The Catcher in the Rye Lorem ipsum dolor sit amet, consectetur adipiscing elit, sed do eiusmod tempor incididunt ut labore et dolore magna aliqua. Ut enim ad minim veniam, quis nostrud exercitation ullamco laboris nisi ut aliquip ex ea commodo consequat. Duis aute irure dolor in reprehenderit in voluptate velit esse cillum dolore eu fugiat nulla pariatur. Excepteur sint occaecat cupidatat non proident, sunt in culpa qui officia deserunt mollit anim id est laborum.','<p>EN - Duis aute irure dolor in reprehenderit in voluptate velit esse cillum dolore eu fugiat nulla pariatur. Excepteur sint occaecat cupidatat non proident, sunt in culpa qui officia deserunt mollit anim id est laborum.</p>',NULL,NULL,NULL,'en - sed do eiusmod tempor incididunt ut labore et dolore magna aliqua','{\"meta_og_url\": null, \"meta_og_type\": null, \"meta_og_image\": null, \"meta_og_local\": null, \"meta_og_title\": null, \"meta_page_title\": \"The Catcher in the Rye\", \"meta_name_robots\": \"index, follow\", \"meta_og_description\": null, \"meta_name_description\": \"EN - Duis aute irure dolor in reprehenderit in voluptate velit esse cillum dolore eu fugiat nulla pariatur. Excepteur sint occaecat cupidatat non proident, sunt in culpa qui officia deserunt mollit anim id est laborum.\"}','{\"extra_field_1\": null, \"extra_field_2\": null, \"extra_field_3\": null, \"extra_field_4\": null, \"extra_field_5\": null, \"extra_field_6\": null, \"extra_field_7\": null, \"extra_field_8\": null, \"extra_field_9\": null, \"extra_field_10\": null}','2022-12-03 10:16:48','2022-12-09 09:03:28'),(44,6,'App\\Models\\Post\\Category','en',NULL,'History','history',NULL,NULL,NULL,'<p>EN - Duis aute irure dolor in reprehenderit in voluptate velit esse cillum dolore eu fugiat nulla pariatur. Excepteur sint occaecat cupidatat non proident, sunt in culpa qui officia deserunt mollit anim id est laborum.</p>',NULL,NULL,NULL,'{\"meta_og_url\": null, \"meta_og_type\": null, \"meta_og_image\": null, \"meta_og_local\": null, \"meta_og_title\": null, \"meta_page_title\": \"History\", \"meta_name_robots\": \"index, follow\", \"meta_og_description\": null, \"meta_name_description\": \"EN - Duis aute irure dolor in reprehenderit in voluptate velit esse cillum dolore eu fugiat nulla pariatur. Excepteur sint occaecat cupidatat non proident, sunt in culpa qui officia deserunt mollit anim id est laborum.\"}','{\"extra_field_1\": null, \"extra_field_2\": null, \"extra_field_3\": null, \"extra_field_4\": null, \"extra_field_5\": null, \"extra_field_6\": null, \"extra_field_7\": null, \"extra_field_8\": null, \"extra_field_9\": null, \"extra_field_10\": null}','2022-12-03 10:35:12','2022-12-07 06:53:51'),(45,9,'App\\Models\\Menu\\Item','en','Book of the month',NULL,NULL,NULL,NULL,NULL,NULL,NULL,'/{post}/4/the-catcher-in-the-rye',NULL,NULL,NULL,'2022-12-03 12:12:32','2022-12-03 12:12:32'),(46,21,'App\\Models\\LayoutItem','en',NULL,NULL,NULL,NULL,NULL,NULL,NULL,'Alice in Wonderland',NULL,NULL,NULL,NULL,'2022-12-05 05:49:58','2022-12-05 05:49:58'),(47,22,'App\\Models\\LayoutItem','en',NULL,NULL,NULL,NULL,NULL,NULL,NULL,'<p>EN - Lorem ipsum dolor sit amet, consectetur adipiscing elit, sed do eiusmod tempor incididunt ut labore et dolore magna aliqua. Ut enim ad minim veniam, quis nostrud exercitation ullamco laboris nisi ut aliquip ex ea commodo consequat. Duis aute irure dolor in reprehenderit in voluptate velit esse cillum dolore eu fugiat nulla pariatur. Excepteur sint occaecat cupidatat non proident, sunt in culpa qui officia deserunt mollit anim id est laborum.</p>',NULL,NULL,NULL,NULL,'2022-12-05 05:49:58','2022-12-05 05:49:58'),(48,26,'App\\Models\\LayoutItem','en',NULL,NULL,NULL,NULL,NULL,NULL,NULL,'my reminders table uses polymorphism',NULL,NULL,NULL,NULL,'2022-12-05 05:49:58','2022-12-05 05:49:58'),(49,5,'App\\Models\\Post','en','Alice in Wonderland',NULL,'alice-in-wonderland',NULL,'  ','<p>EN - Duis aute irure dolor in reprehenderit in voluptate velit esse cillum dolore eu fugiat nulla pariatur. Excepteur sint occaecat cupidatat non proident, sunt in culpa qui officia deserunt mollit anim id est laborum.</p>',NULL,NULL,NULL,'en - sed do eiusmod tempor incididunt ut labore et dolore magna aliqua','{\"meta_og_url\": null, \"meta_og_type\": null, \"meta_og_image\": null, \"meta_og_local\": null, \"meta_og_title\": null, \"meta_page_title\": \"Alice in Wonderland\", \"meta_name_robots\": null, \"meta_og_description\": null, \"meta_name_description\": \"EN - Duis aute irure dolor in reprehenderit in voluptate velit esse cillum dolore eu fugiat nulla pariatur. Excepteur sint occaecat cupidatat non proident, sunt in culpa qui officia deserunt mollit anim id est laborum.\"}','{\"extra_field_1\": null, \"extra_field_2\": null, \"extra_field_3\": null, \"extra_field_4\": null, \"extra_field_5\": null, \"extra_field_6\": null, \"extra_field_7\": null, \"extra_field_8\": null, \"extra_field_9\": null, \"extra_field_10\": null}','2022-12-05 05:49:58','2022-12-08 07:57:24');


