--
-- Host: localhost    Database: initea
-- ------------------------------------------------------


--
-- Table structure for table `categories`
--

CREATE TABLE `categories` (
  `id` bigint unsigned NOT NULL AUTO_INCREMENT,
  `name` varchar(80) COLLATE utf8mb4_unicode_ci NOT NULL,
  `slug` varchar(80) COLLATE utf8mb4_unicode_ci NOT NULL,
  `code` varchar(30) COLLATE utf8mb4_unicode_ci DEFAULT NULL,
  `description` text COLLATE utf8mb4_unicode_ci,
  `alt_img` varchar(250) COLLATE utf8mb4_unicode_ci DEFAULT NULL,
  `status` char(12) COLLATE utf8mb4_unicode_ci NOT NULL,
  `access_level` char(10) COLLATE utf8mb4_unicode_ci NOT NULL,
  `extra_fields` json DEFAULT NULL,
  `meta_data` json NOT NULL,
  `settings` json NOT NULL,
  `collection_type` varchar(30) COLLATE utf8mb4_unicode_ci DEFAULT NULL,
  `_lft` int unsigned NOT NULL DEFAULT '0',
  `_rgt` int unsigned NOT NULL DEFAULT '0',
  `parent_id` int unsigned DEFAULT NULL,
  `checked_out` bigint unsigned DEFAULT NULL,
  `checked_out_time` timestamp NULL DEFAULT NULL,
  `owned_by` bigint unsigned NOT NULL,
  `updated_by` bigint unsigned DEFAULT NULL,
  `created_at` timestamp NULL DEFAULT NULL,
  `updated_at` timestamp NULL DEFAULT NULL,
  PRIMARY KEY (`id`),
  KEY `categories__lft__rgt_parent_id_index` (`_lft`,`_rgt`,`parent_id`)
) ENGINE=InnoDB AUTO_INCREMENT=8 DEFAULT CHARSET=utf8mb4 COLLATE=utf8mb4_unicode_ci;

--
-- Dumping data for table `categories`
--

INSERT INTO `categories` VALUES (1,'Home','home',NULL,'<p>Accompagner la mise en oeuvre de solutions en faveur de la transition écologique.</p>',NULL,'published','public_ro','{\"extra_field_1\": \"Solutions solidaires\", \"extra_field_2\": \"L\'association\", \"extra_field_3\": \"News\", \"extra_field_4\": null, \"extra_field_5\": null, \"extra_field_6\": null, \"extra_field_7\": null, \"extra_field_8\": null, \"extra_field_9\": null, \"extra_field_10\": null}','{\"meta_og_url\": null, \"meta_og_type\": null, \"meta_og_image\": null, \"meta_og_local\": null, \"meta_og_title\": null, \"canonical_link\": null, \"meta_page_title\": null, \"structured_data\": null, \"meta_name_robots\": null, \"meta_og_description\": null, \"meta_name_description\": null}','{\"show_name\": \"1\", \"show_image\": \"1\", \"show_search\": \"1\", \"post_ordering\": \"no_ordering\", \"show_post_image\": \"1\", \"show_description\": \"1\", \"show_post_excerpt\": \"1\", \"show_subcategories\": \"1\", \"show_post_categories\": \"1\"}','post',1,4,NULL,NULL,NULL,1,1,'2024-01-30 15:02:41','2024-03-25 09:59:55'),(2,'Qui sommes nous ?','qui-sommes-nous',NULL,NULL,NULL,'published','public_ro','{\"extra_field_1\": null, \"extra_field_2\": null, \"extra_field_3\": null, \"extra_field_4\": null, \"extra_field_5\": null, \"extra_field_6\": null, \"extra_field_7\": null, \"extra_field_8\": null, \"extra_field_9\": null, \"extra_field_10\": null}','{\"meta_og_url\": null, \"meta_og_type\": null, \"meta_og_image\": null, \"meta_og_local\": null, \"meta_og_title\": null, \"canonical_link\": null, \"meta_page_title\": null, \"structured_data\": null, \"meta_name_robots\": null, \"meta_og_description\": null, \"meta_name_description\": null}','{\"show_name\": \"1\", \"show_image\": \"1\", \"show_search\": \"1\", \"post_ordering\": \"no_ordering\", \"posts_per_page\": null, \"show_post_image\": \"1\", \"show_description\": \"1\", \"show_post_excerpt\": \"1\", \"show_subcategories\": \"1\", \"show_post_categories\": \"1\", \"customized_posts_per_page\": null}','post',5,6,NULL,NULL,NULL,1,1,'2024-01-30 15:03:44','2024-09-25 08:04:58'),(3,'Nos actions','nos-actions',NULL,NULL,NULL,'published','public_ro','{\"extra_field_1\": null, \"extra_field_2\": null, \"extra_field_3\": null, \"extra_field_4\": null, \"extra_field_5\": null, \"extra_field_6\": null, \"extra_field_7\": null, \"extra_field_8\": null, \"extra_field_9\": null, \"extra_field_10\": null}','{\"meta_og_url\": null, \"meta_og_type\": null, \"meta_og_image\": null, \"meta_og_local\": null, \"meta_og_title\": null, \"canonical_link\": null, \"meta_page_title\": null, \"structured_data\": null, \"meta_name_robots\": null, \"meta_og_description\": null, \"meta_name_description\": null}','{\"show_name\": \"1\", \"show_image\": \"1\", \"show_search\": \"1\", \"post_ordering\": \"no_ordering\", \"show_post_image\": \"1\", \"show_description\": \"1\", \"show_post_excerpt\": \"1\", \"show_subcategories\": \"1\", \"show_post_categories\": \"1\"}','post',11,14,NULL,NULL,NULL,1,NULL,'2024-01-30 15:04:20','2024-01-30 15:04:20'),(4,'Nos solutions','nos-solutions',NULL,NULL,NULL,'published','public_ro','{\"extra_field_1\": null, \"extra_field_2\": null, \"extra_field_3\": null, \"extra_field_4\": null, \"extra_field_5\": null, \"extra_field_6\": null, \"extra_field_7\": null, \"extra_field_8\": null, \"extra_field_9\": null, \"extra_field_10\": null}','{\"meta_og_url\": null, \"meta_og_type\": null, \"meta_og_image\": null, \"meta_og_local\": null, \"meta_og_title\": null, \"canonical_link\": null, \"meta_page_title\": null, \"structured_data\": null, \"meta_name_robots\": null, \"meta_og_description\": null, \"meta_name_description\": null}','{\"show_name\": \"1\", \"show_image\": \"1\", \"show_search\": \"1\", \"post_ordering\": \"no_ordering\", \"show_post_image\": \"1\", \"show_description\": \"1\", \"show_post_excerpt\": \"1\", \"show_subcategories\": \"1\", \"show_post_categories\": \"1\"}','post',12,13,3,NULL,NULL,1,NULL,'2024-01-31 05:23:02','2024-01-31 05:23:02'),(5,'News','news',NULL,NULL,NULL,'published','public_ro','{\"extra_field_1\": null, \"extra_field_2\": null, \"extra_field_3\": null, \"extra_field_4\": null, \"extra_field_5\": null, \"extra_field_6\": null, \"extra_field_7\": null, \"extra_field_8\": null, \"extra_field_9\": null, \"extra_field_10\": null}','{\"meta_og_url\": null, \"meta_og_type\": null, \"meta_og_image\": null, \"meta_og_local\": null, \"meta_og_title\": null, \"canonical_link\": null, \"meta_page_title\": null, \"structured_data\": null, \"meta_name_robots\": null, \"meta_og_description\": null, \"meta_name_description\": null}','{\"show_name\": \"1\", \"show_image\": \"1\", \"show_search\": \"1\", \"post_ordering\": \"no_ordering\", \"show_post_image\": \"1\", \"show_description\": \"1\", \"show_post_excerpt\": \"1\", \"show_subcategories\": \"1\", \"show_post_categories\": \"1\"}','post',2,3,1,NULL,NULL,1,NULL,'2024-01-31 07:01:17','2024-01-31 07:01:17'),(6,'Sensibiliser','sensibiliser',NULL,NULL,NULL,'published','public_ro','{\"extra_field_1\": null, \"extra_field_2\": null, \"extra_field_3\": null, \"extra_field_4\": null, \"extra_field_5\": null, \"extra_field_6\": null, \"extra_field_7\": null, \"extra_field_8\": null, \"extra_field_9\": null, \"extra_field_10\": null}','{\"meta_og_url\": null, \"meta_og_type\": null, \"meta_og_image\": null, \"meta_og_local\": null, \"meta_og_title\": null, \"canonical_link\": null, \"meta_page_title\": null, \"structured_data\": null, \"meta_name_robots\": null, \"meta_og_description\": null, \"meta_name_description\": null}','{\"show_name\": \"1\", \"show_image\": \"1\", \"show_search\": \"1\", \"post_ordering\": \"no_ordering\", \"posts_per_page\": null, \"show_post_image\": \"1\", \"show_description\": \"1\", \"show_post_excerpt\": \"1\", \"show_subcategories\": \"1\", \"show_post_categories\": \"1\", \"customized_posts_per_page\": null}','post',7,8,NULL,NULL,NULL,1,NULL,'2024-10-04 09:29:22','2024-10-04 09:29:28'),(7,'Accompagner','accompagner',NULL,NULL,NULL,'published','public_ro','{\"extra_field_1\": null, \"extra_field_2\": null, \"extra_field_3\": null, \"extra_field_4\": null, \"extra_field_5\": null, \"extra_field_6\": null, \"extra_field_7\": null, \"extra_field_8\": null, \"extra_field_9\": null, \"extra_field_10\": null}','{\"meta_og_url\": null, \"meta_og_type\": null, \"meta_og_image\": null, \"meta_og_local\": null, \"meta_og_title\": null, \"canonical_link\": null, \"meta_page_title\": null, \"structured_data\": null, \"meta_name_robots\": null, \"meta_og_description\": null, \"meta_name_description\": null}','{\"show_name\": \"1\", \"show_image\": \"1\", \"show_search\": \"1\", \"post_ordering\": \"no_ordering\", \"posts_per_page\": null, \"show_post_image\": \"1\", \"show_description\": \"1\", \"show_post_excerpt\": \"1\", \"show_subcategories\": \"1\", \"show_post_categories\": \"1\", \"customized_posts_per_page\": null}','post',9,10,NULL,NULL,NULL,1,NULL,'2024-10-06 05:27:43','2024-10-06 05:27:48');

--
-- Table structure for table `categorizables`
--

CREATE TABLE `categorizables` (
  `category_id` int unsigned DEFAULT NULL,
  `categorizable_id` int unsigned DEFAULT NULL,
  `categorizable_type` varchar(255) COLLATE utf8mb4_unicode_ci DEFAULT NULL
) ENGINE=InnoDB DEFAULT CHARSET=utf8mb4 COLLATE=utf8mb4_unicode_ci;

--
-- Dumping data for table `categorizables`
--

INSERT INTO `categorizables` VALUES (1,1,'App\\Models\\Post'),(2,1,'App\\Models\\Post'),(1,2,'App\\Models\\Post'),(4,2,'App\\Models\\Post'),(1,3,'App\\Models\\Post'),(4,3,'App\\Models\\Post'),(1,4,'App\\Models\\Post'),(4,4,'App\\Models\\Post'),(1,5,'App\\Models\\Post'),(5,5,'App\\Models\\Post'),(1,6,'App\\Models\\Post'),(5,6,'App\\Models\\Post'),(1,7,'App\\Models\\Post'),(5,7,'App\\Models\\Post'),(2,8,'App\\Models\\Post'),(2,9,'App\\Models\\Post'),(6,10,'App\\Models\\Post'),(6,11,'App\\Models\\Post'),(6,12,'App\\Models\\Post'),(7,13,'App\\Models\\Post'),(7,14,'App\\Models\\Post');

--
-- Table structure for table `category_group`
--

CREATE TABLE `category_group` (
  `category_id` bigint unsigned NOT NULL,
  `group_id` bigint unsigned NOT NULL,
  KEY `category_group_category_id_foreign` (`category_id`),
  KEY `category_group_group_id_foreign` (`group_id`),
  CONSTRAINT `category_group_category_id_foreign` FOREIGN KEY (`category_id`) REFERENCES `categories` (`id`),
  CONSTRAINT `category_group_group_id_foreign` FOREIGN KEY (`group_id`) REFERENCES `groups` (`id`)
) ENGINE=InnoDB DEFAULT CHARSET=utf8mb4 COLLATE=utf8mb4_unicode_ci;

--
-- Dumping data for table `category_group`
--


--
-- Table structure for table `comments`
--

CREATE TABLE `comments` (
  `id` bigint unsigned NOT NULL AUTO_INCREMENT,
  `text` text COLLATE utf8mb4_unicode_ci,
  `owned_by` bigint unsigned NOT NULL,
  `commentable_id` int unsigned DEFAULT NULL,
  `commentable_type` varchar(255) COLLATE utf8mb4_unicode_ci DEFAULT NULL,
  `created_at` timestamp NULL DEFAULT NULL,
  `updated_at` timestamp NULL DEFAULT NULL,
  PRIMARY KEY (`id`)
) ENGINE=InnoDB AUTO_INCREMENT=2 DEFAULT CHARSET=utf8mb4 COLLATE=utf8mb4_unicode_ci;

--
-- Dumping data for table `comments`
--

INSERT INTO `comments` VALUES (1,'<p>Les populations les plus défavorisées sont les premières impactées par les crises écologiques. Si de nombreuses initiatives citoyennes voient le jour dans les pays développés, il convient de favoriser leur émergence dans les pays les moins avancés et de les accompagner. Une « Initiative de Transition Citoyenne » :</p>',1,8,'App\\Models\\Post','2024-10-02 05:26:30','2024-10-02 05:26:30');

--
-- Table structure for table `contacts`
--

CREATE TABLE `contacts` (
  `id` bigint unsigned NOT NULL AUTO_INCREMENT,
  `name` varchar(255) COLLATE utf8mb4_unicode_ci NOT NULL,
  `email` varchar(255) COLLATE utf8mb4_unicode_ci NOT NULL,
  `phone` varchar(20) COLLATE utf8mb4_unicode_ci DEFAULT NULL,
  `object` tinytext COLLATE utf8mb4_unicode_ci NOT NULL,
  `message` text COLLATE utf8mb4_unicode_ci NOT NULL,
  `status` char(12) COLLATE utf8mb4_unicode_ci DEFAULT NULL,
  `created_at` timestamp NULL DEFAULT NULL,
  `updated_at` timestamp NULL DEFAULT NULL,
  PRIMARY KEY (`id`)
) ENGINE=InnoDB DEFAULT CHARSET=utf8mb4 COLLATE=utf8mb4_unicode_ci;

--
-- Dumping data for table `contacts`
--


--
-- Table structure for table `documents`
--

CREATE TABLE `documents` (
  `id` bigint unsigned NOT NULL AUTO_INCREMENT,
  `disk_name` varchar(255) COLLATE utf8mb4_unicode_ci DEFAULT NULL,
  `file_name` varchar(255) COLLATE utf8mb4_unicode_ci DEFAULT NULL,
  `file_size` int unsigned DEFAULT NULL,
  `content_type` varchar(255) COLLATE utf8mb4_unicode_ci DEFAULT NULL,
  `field` varchar(30) COLLATE utf8mb4_unicode_ci DEFAULT NULL,
  `documentable_id` int unsigned DEFAULT NULL,
  `documentable_type` varchar(255) COLLATE utf8mb4_unicode_ci DEFAULT NULL,
  `is_public` tinyint(1) DEFAULT NULL,
  `created_at` timestamp NULL DEFAULT NULL,
  `updated_at` timestamp NULL DEFAULT NULL,
  PRIMARY KEY (`id`)
) ENGINE=InnoDB AUTO_INCREMENT=11 DEFAULT CHARSET=utf8mb4 COLLATE=utf8mb4_unicode_ci;

--
-- Dumping data for table `documents`
--

INSERT INTO `documents` VALUES (1,'73a77797e22d44c6a9e48f7616df5967.jpg','association-team.jpg',224867,'image/jpeg','image',1,'App\\Models\\Post',1,'2024-01-31 05:33:38','2024-01-31 05:33:38'),(2,'bb83ba2e8217b04fb1c78e4c9d828d54.jpg','water-project.jpg',147846,'image/jpeg','image',2,'App\\Models\\Post',1,'2024-01-31 05:36:59','2024-01-31 05:36:59'),(3,'acf30576ab074eefe709a268e6ac3fc6.jpg','water-project.jpg',147846,'image/jpeg','image',3,'App\\Models\\Post',1,'2024-01-31 05:44:26','2024-01-31 05:44:26'),(4,'cc124c622b1c914c80da4f29edcc8814.jpg','water-project.jpg',147846,'image/jpeg','image',4,'App\\Models\\Post',1,'2024-01-31 05:45:19','2024-01-31 05:45:19'),(5,'57b88bc72205a0b63853897b84fc511a.jpg','news-1.jpg',57913,'image/jpeg','image',5,'App\\Models\\Post',1,'2024-01-31 07:09:13','2024-01-31 07:09:13'),(6,'48d629317a476cda232d6a72f4a4dcba.jpg','news-2.jpg',59799,'image/jpeg','image',6,'App\\Models\\Post',1,'2024-01-31 07:10:29','2024-01-31 07:10:29'),(7,'5c3905cf1b0a35474a8d701e6205642b.jpg','news-3.jpg',53851,'image/jpeg','image',7,'App\\Models\\Post',1,'2024-01-31 07:14:35','2024-01-31 07:14:35'),(8,'3fc0096f890214c722e8b8cf1767f075.jpg','doughnut-660x660.jpg',97429,'image/jpeg','image',36,'App\\Models\\Cms\\LayoutItem',1,'2024-10-05 06:02:40','2024-10-05 06:02:40'),(10,'b41a7fc33ca00ebe1ee9f29b70fd0513.png','schema.png',98961,'image/png','image',107,'App\\Models\\Cms\\LayoutItem',1,'2024-10-06 05:37:59','2024-10-06 05:37:59');

--
-- Table structure for table `emails`
--

CREATE TABLE `emails` (
  `id` bigint unsigned NOT NULL AUTO_INCREMENT,
  `code` varchar(40) COLLATE utf8mb4_unicode_ci NOT NULL,
  `subject` varchar(255) COLLATE utf8mb4_unicode_ci NOT NULL,
  `body_html` text COLLATE utf8mb4_unicode_ci,
  `body_text` text COLLATE utf8mb4_unicode_ci,
  `description` varchar(255) COLLATE utf8mb4_unicode_ci DEFAULT NULL,
  `plain_text` tinyint(1) DEFAULT NULL,
  `checked_out` bigint unsigned DEFAULT NULL,
  `checked_out_time` timestamp NULL DEFAULT NULL,
  `updated_by` bigint unsigned DEFAULT NULL,
  `created_at` timestamp NULL DEFAULT NULL,
  `updated_at` timestamp NULL DEFAULT NULL,
  PRIMARY KEY (`id`),
  UNIQUE KEY `emails_code_unique` (`code`)
) ENGINE=InnoDB AUTO_INCREMENT=4 DEFAULT CHARSET=utf8mb4 COLLATE=utf8mb4_unicode_ci;

--
-- Dumping data for table `emails`
--

INSERT INTO `emails` VALUES (1,'user-registration','Welcome {{ $data->name }}','<p>Hello {{ $data->name }}</p><p>Welcome to Starter CMS !<br />A user account has been created for you.</p><p>login: {{ $data->email }}<br />Please use the password you chose during your registration.</p><p>Best regard,<br />The Starter CMS team.</p>',NULL,NULL,0,NULL,NULL,NULL,'2024-01-30 06:11:04','2024-01-30 06:11:04'),(2,'new-message','New message','<p>Hello administrator<br /><br />A user has sent a message.<br />Name: {{ $data->name }}<br />Email: {{ $data->email }}<br />Object: {{ $data->object }}<br />Message: {{ $data->message }}<br /><br />Best regard, <br />The Starter CMS team.</p>',NULL,NULL,0,NULL,NULL,NULL,'2024-01-30 06:11:04','2024-01-30 06:11:04'),(3,'comment-alert','Comment alert','<p>Hello {{ $data->post_author }}<br /><br />The user {{ $data->comment_author }} has left a comment regarding your post {{ $data->title }}.<br />You can check it out here: {{ $data->post_url }}<br /><br />Best regard, <br />The Starter CMS team.</p>',NULL,NULL,0,NULL,NULL,NULL,'2024-01-30 06:11:05','2024-01-30 06:11:05');

--
-- Table structure for table `failed_jobs`
--

CREATE TABLE `failed_jobs` (
  `id` bigint unsigned NOT NULL AUTO_INCREMENT,
  `uuid` varchar(255) COLLATE utf8mb4_unicode_ci NOT NULL,
  `connection` text COLLATE utf8mb4_unicode_ci NOT NULL,
  `queue` text COLLATE utf8mb4_unicode_ci NOT NULL,
  `payload` longtext COLLATE utf8mb4_unicode_ci NOT NULL,
  `exception` longtext COLLATE utf8mb4_unicode_ci NOT NULL,
  `failed_at` timestamp NOT NULL DEFAULT CURRENT_TIMESTAMP,
  PRIMARY KEY (`id`),
  UNIQUE KEY `failed_jobs_uuid_unique` (`uuid`)
) ENGINE=InnoDB DEFAULT CHARSET=utf8mb4 COLLATE=utf8mb4_unicode_ci;

--
-- Dumping data for table `failed_jobs`
--


--
-- Table structure for table `group_menu`
--

CREATE TABLE `group_menu` (
  `group_id` bigint unsigned NOT NULL,
  `menu_id` bigint unsigned NOT NULL,
  KEY `group_menu_group_id_foreign` (`group_id`),
  KEY `group_menu_menu_id_foreign` (`menu_id`),
  CONSTRAINT `group_menu_group_id_foreign` FOREIGN KEY (`group_id`) REFERENCES `groups` (`id`),
  CONSTRAINT `group_menu_menu_id_foreign` FOREIGN KEY (`menu_id`) REFERENCES `menus` (`id`)
) ENGINE=InnoDB DEFAULT CHARSET=utf8mb4 COLLATE=utf8mb4_unicode_ci;

--
-- Dumping data for table `group_menu`
--


--
-- Table structure for table `group_post`
--

CREATE TABLE `group_post` (
  `group_id` bigint unsigned NOT NULL,
  `post_id` bigint unsigned NOT NULL,
  KEY `group_post_group_id_foreign` (`group_id`),
  KEY `group_post_post_id_foreign` (`post_id`),
  CONSTRAINT `group_post_group_id_foreign` FOREIGN KEY (`group_id`) REFERENCES `groups` (`id`),
  CONSTRAINT `group_post_post_id_foreign` FOREIGN KEY (`post_id`) REFERENCES `posts` (`id`)
) ENGINE=InnoDB DEFAULT CHARSET=utf8mb4 COLLATE=utf8mb4_unicode_ci;

--
-- Dumping data for table `group_post`
--


--
-- Table structure for table `group_user`
--

CREATE TABLE `group_user` (
  `group_id` bigint unsigned NOT NULL,
  `user_id` bigint unsigned NOT NULL,
  KEY `group_user_group_id_foreign` (`group_id`),
  KEY `group_user_user_id_foreign` (`user_id`),
  CONSTRAINT `group_user_group_id_foreign` FOREIGN KEY (`group_id`) REFERENCES `groups` (`id`),
  CONSTRAINT `group_user_user_id_foreign` FOREIGN KEY (`user_id`) REFERENCES `users` (`id`)
) ENGINE=InnoDB DEFAULT CHARSET=utf8mb4 COLLATE=utf8mb4_unicode_ci;

--
-- Dumping data for table `group_user`
--


--
-- Table structure for table `groups`
--

CREATE TABLE `groups` (
  `id` bigint unsigned NOT NULL AUTO_INCREMENT,
  `name` varchar(80) COLLATE utf8mb4_unicode_ci NOT NULL,
  `description` tinytext COLLATE utf8mb4_unicode_ci,
  `access_level` char(10) COLLATE utf8mb4_unicode_ci NOT NULL,
  `permission` char(10) COLLATE utf8mb4_unicode_ci NOT NULL,
  `checked_out` bigint unsigned DEFAULT NULL,
  `checked_out_time` timestamp NULL DEFAULT NULL,
  `owned_by` bigint unsigned NOT NULL,
  `updated_by` bigint unsigned DEFAULT NULL,
  `created_at` timestamp NULL DEFAULT NULL,
  `updated_at` timestamp NULL DEFAULT NULL,
  PRIMARY KEY (`id`)
) ENGINE=InnoDB DEFAULT CHARSET=utf8mb4 COLLATE=utf8mb4_unicode_ci;

--
-- Dumping data for table `groups`
--


--
-- Table structure for table `layout_items`
--

CREATE TABLE `layout_items` (
  `id` bigint unsigned NOT NULL AUTO_INCREMENT,
  `layout_itemable_id` bigint unsigned DEFAULT NULL,
  `layout_itemable_type` varchar(255) COLLATE utf8mb4_unicode_ci DEFAULT NULL,
  `id_nb` smallint unsigned NOT NULL,
  `type` varchar(50) COLLATE utf8mb4_unicode_ci NOT NULL,
  `text` text COLLATE utf8mb4_unicode_ci,
  `data` json DEFAULT NULL,
  `order` tinyint unsigned DEFAULT NULL,
  PRIMARY KEY (`id`)
) ENGINE=InnoDB AUTO_INCREMENT=111 DEFAULT CHARSET=utf8mb4 COLLATE=utf8mb4_unicode_ci;

--
-- Dumping data for table `layout_items`
--

INSERT INTO `layout_items` VALUES (1,8,'App\\Models\\Post',1,'text_block','<p>Alors que notre planète fait face à des défis sans précédent, tels que le changement climatique, la perte de biodiversité et les inégalités sociales croissantes, il est urgent d’engager une transformation profonde de nos modèles et modes de vie, de manière universelle et équitable, alliant durabilité, justice et solidarité. Pour parvenir à un avenir désirable pour toutes les générations et tous les territoires, nous croyons en l\'importance de l\'entraide entre nations et peuples. Notre mission est donc d’éveiller les consciences, d’inspirer et soutenir l’action solidaire en adoptant l’approche suivante :</p>',NULL,2),(2,8,'App\\Models\\Post',2,'title','Éducation et Sensibilisation',NULL,5),(3,8,'App\\Models\\Post',3,'text_block','<p>Nous croyons fermement que l\'éducation et la sensibilisation des communautés sont essentielles. Nous visons ainsi à renforcer la compréhension des enjeux écologiques et sociaux, incitant ainsi chacun à agir en conscience, à travers</p>\r\n<ol>\r\n<li>Nos Ateliers Collaboratifs pour une Transition Universelle et Solidaire : les \"ACTUS\".</li>\r\n<li>Des campagnes de sensibilisation en milieu scolaire et universitaire.</li>\r\n<li>Des campagnes de sensibilisation communautaire.</li>\r\n</ol>',NULL,6),(4,8,'App\\Models\\Post',4,'title','Partenariats et Échanges',NULL,9),(5,8,'App\\Models\\Post',5,'text_block','<p>Nous encourageons les échanges culturels et de pratiques, le partage d’expérience, et tous partenariats éducatifs entre territoires et communautés pour favoriser la compréhension mutuelle et la solidarité.</p>',NULL,10),(6,8,'App\\Models\\Post',6,'title','Soutien aux Initiatives de Transition Citoyenne et à la mise en œuvre de solutions',NULL,13),(7,8,'App\\Models\\Post',7,'text_block','<p>Les populations les plus défavorisées sont les premières impactées par les crises écologiques. Si de nombreuses initiatives citoyennes voient le jour dans les pays développés, il convient de favoriser leur émergence dans les pays les moins avancés et de les accompagner. Une « Initiative de Transition Citoyenne » :</p>\r\n<ol>\r\n<li>Est un processus par lequel des citoyens prennent l\'initiative de proposer ou sont amenés à proposer des idées, des projets ou des changements pour répondre aux préoccupations ou besoins de leur communauté.</li>\r\n<li>Vise à réinventer leur territoire et leur manière de vivre, ainsi qu\'à reconsidérer le commun.</li>\r\n<li>Est un acte de remise en question collective, mais également individuelle.</li>\r\n</ol>',NULL,14),(8,8,'App\\Models\\Post',8,'group_start',NULL,'{\"class\": \"col-12 initea-layout\", \"groups_in_row\": \"\"}',1),(9,8,'App\\Models\\Post',9,'group_end',NULL,'{\"parent_id\": \"8\"}',3),(10,8,'App\\Models\\Post',10,'group_start',NULL,'{\"class\": \"col-12 initea-layout\", \"groups_in_row\": \"\"}',4),(11,8,'App\\Models\\Post',11,'group_end',NULL,'{\"parent_id\": \"10\"}',7),(12,8,'App\\Models\\Post',12,'group_start',NULL,'{\"class\": \"col-12 initea-layout\", \"groups_in_row\": \"\"}',8),(13,8,'App\\Models\\Post',13,'group_end',NULL,'{\"parent_id\": \"12\"}',11),(14,8,'App\\Models\\Post',14,'group_start',NULL,'{\"class\": \"col-12 initea-layout\", \"groups_in_row\": \"\"}',12),(15,8,'App\\Models\\Post',15,'group_end',NULL,'{\"parent_id\": \"14\"}',15),(16,9,'App\\Models\\Post',3,'group_start',NULL,'{\"class\": \"col-12 initea-layout\", \"groups_in_row\": \"\"}',1),(17,9,'App\\Models\\Post',1,'title','La Solidarité Universelle',NULL,2),(18,9,'App\\Models\\Post',2,'text_block','<p>Le concept de \"solidarité universelle\" décrit un engagement collectif à l\'échelle mondiale en faveur du bien-être de l\'humanité et de la protection de la planète. Il englobe l\'idée que les défis auxquels nous faisons face, tels que le changement climatique, la pauvreté, les inégalités et les crises humanitaires, nécessitent une action coordonnée et un soutien mutuel entre les pays et les peuples. Elle implique plusieurs aspects :</p>\r\n<ol>\r\n<li>Interconnexion : Les actions d\'un pays, d’un territoire, d’une communauté, peuvent avoir des répercussions environnementales et sociales sur d\'autres, ce qui nécessite d’adopter une approche collaborative afin de résoudre des problèmes communs.</li>\r\n<li>Responsabilité partagée : L’ensemble de l’humanité a une responsabilité dans la lutte contre les défis mondiaux, en alignant ses efforts sur les Objectifs de Développement Durable des Nations Unies. Cela inclut la réduction des émissions de gaz à effet de serre (ODD 13), la protection et la restauration de la biodiversité (ODD 15), l\'élimination de la faim (ODD 2), la lutte contre la pauvreté (ODD 1), la promotion des droits de l\'homme (ODD 16) et le soutien au développement durable dans toutes ses dimensions.</li>\r\n<li>Partenariats : La solidarité universelle implique la création de partenariats entre pays, organisations de la société civiles, collectivités territoriales, entreprises et citoyens pour mettre en œuvre des solutions durables et inclusives. Cet aspect primordial répond à l’ODD 17 des Nations Unis « Renforcer les partenariats mondiaux pour le développement durable » notamment dans ses dimensions de mobilisation des ressources financières, de transfert de technologie et de renforcement des capacités.</li>\r\n<li>Équité : La solidarité universelle implique également un engagement à garantir que les pays et les communautés les plus vulnérables reçoivent le soutien nécessaire pour faire face aux défis mondiaux, en tenant compte des inégalités existantes. En somme, la solidarité universelle est un concept qui souligne l\'importance de l\'unité et de la coopération internationale pour relever les défis communs et construire un avenir durable et équitable pour tous.</li>\r\n</ol>',NULL,3),(19,9,'App\\Models\\Post',4,'group_end',NULL,'{\"parent_id\": \"3\"}',4),(20,9,'App\\Models\\Post',7,'group_start',NULL,'{\"class\": \"col-12 initea-layout\", \"groups_in_row\": \"\"}',5),(21,9,'App\\Models\\Post',5,'title','La sobriété heureuse',NULL,6),(22,9,'App\\Models\\Post',6,'text_block','<p>Une sobriété heureuse est une sobriété non subie et non punitive. Il s’agit de se tourner vers un mode de vie moins consumériste, qui met l\'accent sur le bien-être, les relations humaines, l’épanouissement personnel et collectif. Nous prônons ainsi une consommation responsable et consciente, en :</p>\r\n<ol>\r\n<li>Valorisant les ressources locales</li>\r\n<li>Favorisant la transmission des savoir-faire locaux et ancestraux</li>\r\n<li>Promouvant des modèles d\'économie circulaire</li>\r\n<li>Optimisant l\'utilisation des ressources par le partage ou la mutualisation Contribuant ainsi, à réduire l’empreinte écologique tout en soutenant l\'économie locale.</li>\r\n</ol>',NULL,7),(23,9,'App\\Models\\Post',8,'group_end',NULL,'{\"parent_id\": \"7\"}',8),(24,9,'App\\Models\\Post',11,'group_start',NULL,'{\"class\": \"col-12 initea-layout\", \"groups_in_row\": \"\"}',9),(25,9,'App\\Models\\Post',9,'title','L’innovation Sociale',NULL,10),(26,9,'App\\Models\\Post',10,'text_block','<p>Nous soutenons le développement de nouvelles idées, pratiques ou solutions qui répondent aux défis environnementaux et sociaux, et qui cherchent à améliorer le bien-être des individus et des communautés. L\'accent est ainsi mis sur :</p>\r\n<ol>\r\n<li>La satisfaction des besoins humains</li>\r\n<li>La cohésion et la justice sociale</li>\r\n<li>La participation.</li>\r\n</ol>\r\n<p>En favorisant des valeurs de coopération, de solidarité et de responsabilité, l’Économie Sociale et Solidaire, offre un cadre propice à l’expérimentation et à l’innovation.</p>',NULL,11),(27,9,'App\\Models\\Post',12,'group_end',NULL,'{\"parent_id\": \"11\"}',12),(28,9,'App\\Models\\Post',15,'group_start',NULL,'{\"class\": \"col-12 initea-layout\", \"groups_in_row\": \"\"}',13),(29,9,'App\\Models\\Post',13,'title','La collaboration multi-acteurs au niveau local et international',NULL,14),(30,9,'App\\Models\\Post',14,'text_block','<p>Nous mettons un accent particulier sur la collaboration multi-acteurs -organisations de la société civile, collectivités territoriales, entreprises, … - tant au niveau national et international, afin de garantir un soutien structurel et financier. Cette approche vise notamment à :</p>\r\n<ol>\r\n<li>Créer des synergies efficaces et durables</li>\r\n<li>Mobiliser les ressources et expertises nécessaires</li>\r\n<li>Partager les meilleures pratiques et solutions</li>\r\n</ol>',NULL,15),(31,9,'App\\Models\\Post',16,'group_end',NULL,'{\"parent_id\": \"15\"}',16),(32,10,'App\\Models\\Post',1,'group_start',NULL,'{\"class\": \"initea-layout col-10\", \"groups_in_row\": \"2\"}',1),(33,10,'App\\Models\\Post',3,'title','Les Actus, qu’est-ce que c’est ?',NULL,2),(34,10,'App\\Models\\Post',4,'text_block','<p>Les ACTUS - Ateliers Collaboratifs pour une Transition Universelle et Solidaire - visent à sensibiliser les participants aux interconnexions entre les enjeux environnementaux, sociaux, territoriaux et communautaires de la transition.</p>\r\n<p>Se référant à la théorie du Donut développée par l’économiste britannique Kate Raworth, l\'objectif est de trouver un équilibre entre les besoins humains et les limites planétaires. À l’issue d’un atelier, les participants sont à même de retenir des stratégies concrètes à mettre en œuvre dans leurs actions quotidiennes.</p>',NULL,3),(35,10,'App\\Models\\Post',2,'group_end',NULL,'{\"parent_id\": \"1\"}',4),(36,10,'App\\Models\\Post',5,'image','Illustration de la théorie du donut','{\"url\": \"/storage/3fc0096f890214c722e8b8cf1767f075.jpg\", \"thumbnail\": \"/storage/thumbnails/3fc0096f890214c722e8b8cf1767f075.jpg\"}',6),(37,10,'App\\Models\\Post',6,'group_start',NULL,'{\"class\": \"initea-layout col-2\", \"groups_in_row\": \"2\"}',5),(38,10,'App\\Models\\Post',7,'group_end',NULL,'{\"parent_id\": \"6\"}',7),(39,10,'App\\Models\\Post',8,'group_start',NULL,'{\"class\": \"col-12 initea-layout\", \"groups_in_row\": \"\"}',8),(40,10,'App\\Models\\Post',10,'title','L’universalité et la Solidarité Internationale pour relever des défis globaux',NULL,9),(41,10,'App\\Models\\Post',11,'text_block','<p>L\'universalité et la solidarité internationale y sont essentielles, car elles permettent de reconnaître que les défis globaux, tels que le changement climatique, la perte de biodiversité, les inégalités sociales et les crises humanitaires, transcendent les frontières et nécessitent une action collective et solidaire.</p>',NULL,10),(42,10,'App\\Models\\Post',9,'group_end',NULL,'{\"parent_id\": \"8\"}',11),(43,10,'App\\Models\\Post',12,'group_start',NULL,'{\"class\": \"col-12 initea-layout\", \"groups_in_row\": \"\"}',12),(44,10,'App\\Models\\Post',14,'title','Une approche systémique et dynamique',NULL,13),(45,10,'App\\Models\\Post',15,'text_block','<p>Les ACTUS incluent des présentations sur les concepts clés, des discussions en petits groupes et des activités interactives. À travers une approche systémique, ils permettent d\'identifier des solutions intégrées, comme en matière d’agroécologie, de reforestation, de biodiversité urbaine ou encore de recyclage, qui renforcent la résilience des communautés et des écosystèmes. Cela aide les participants à visualiser comment les concepts abordés peuvent être appliqués dans leur propre contexte, tout en garantissant des conditions de vie dignes et harmonieuses pour les générations futures.</p>',NULL,14),(46,10,'App\\Models\\Post',13,'group_end',NULL,'{\"parent_id\": \"12\"}',15),(47,10,'App\\Models\\Post',16,'group_start',NULL,'{\"class\": \"col-12 initea-layout\", \"groups_in_row\": \"\"}',16),(48,10,'App\\Models\\Post',18,'title','Un processus de suivi/évaluation et de capitalisation pour un engagement durable',NULL,17),(49,10,'App\\Models\\Post',19,'text_block','<p>Un suivi/évaluation mesure impact des ateliers sur l’activité à 6 mois des groupes et organismes qui les ont suivis et encourage un engagement durable, notamment dans le cadre des Initiative de Transition que nous appuyons. Ces évaluations incluent des indicateurs de succès, des retours d\'expérience et des études de cas démontrant la mise en œuvre des stratégies discutées. De plus, un processus de capitalisation recueille, analyse et valorise les enseignements tirés des ateliers, afin d\'enrichir les pratiques futures. Des opportunités de suivi post-atelier, telles que notre plateforme d\'échange de solutions et de bonnes pratiques et des groupes de travail y participent et permettent de maintenir et renforcer l\'engagement des participants sur le long terme.</p>',NULL,18),(50,10,'App\\Models\\Post',17,'group_end',NULL,'{\"parent_id\": \"16\"}',19),(51,10,'App\\Models\\Post',20,'group_start',NULL,'{\"class\": \"col-12 initea-layout\", \"groups_in_row\": \"\"}',20),(52,10,'App\\Models\\Post',22,'title','A qui nous adressons-nous ?',NULL,21),(53,10,'App\\Models\\Post',23,'text_block','<p>Les ACTUS s’adressent à des groupes structurés. Leur durée est d’une journée (6 heures). Elle peut cependant être adaptée en fonctions des objectifs spécifiques poursuivis. De même, tel aspect environnemental ou social peut-être mis en avant.</p>',NULL,22),(54,10,'App\\Models\\Post',21,'group_end',NULL,'{\"parent_id\": \"20\"}',23),(55,10,'App\\Models\\Post',24,'group_start',NULL,'{\"class\": \"col-12 initea-layout\", \"groups_in_row\": \"\"}',24),(56,10,'App\\Models\\Post',26,'title','Acteurs de la Solidarité Internationale',NULL,25),(57,10,'App\\Models\\Post',27,'text_block','<p>Ils sont nos cibles prioritaires. Outre ONG, associations, fondations et collectivités territoriales, des entreprises et des collectifs citoyens peuvent être concernées. A ces acteurs spécifiques, les ACTUS offrent plusieurs avantages clés. Ils permettent de renforcer la compréhension des interconnexions entre les enjeux environnementaux, sociaux, et territoriaux, essentiels pour aborder les problèmes complexes auxquels ils sont confrontés. En s\'appuyant sur la théorie du Donut, les ateliers fournissent un cadre conceptuel reconnu et solide et les aident à élaborer des stratégies concrètes applicables à leurs projets.</p>\r\n<p>Les ACTUS favorisent également la collaboration entre différents acteurs, renforçant les réseaux nécessaires pour relever les défis globaux. Enfin, le suivi et l\'évaluation des ateliers assurent un impact mesurable et soutiennent l\'engagement à long terme, permettant une amélioration continue des pratiques de solidarité internationale.</p>',NULL,26),(58,10,'App\\Models\\Post',25,'group_end',NULL,'{\"parent_id\": \"24\"}',27),(59,10,'App\\Models\\Post',28,'group_start',NULL,'{\"class\": \"col-12 initea-layout\", \"groups_in_row\": \"\"}',28),(60,10,'App\\Models\\Post',30,'title','Défenseurs de l’Environnement',NULL,29),(61,10,'App\\Models\\Post',31,'text_block','<p>Par son approche systémique, les ACTUS aident les défenseurs de l’environnement à mieux cerner les liens entre enjeux environnementaux, sociaux et économiques et encouragent la création de solutions locales intégrées améliorant l\'impact social. En promouvant la solidarité internationale et la collaboration - essentielles pour répondre aux défis planétaires comme la perte de biodiversité - les ACTUS renforcent l\'efficacité globale des initiatives environnementales, avec un suivi et une évaluation pour un impact durable.</p>',NULL,30),(62,10,'App\\Models\\Post',29,'group_end',NULL,'{\"parent_id\": \"28\"}',31),(63,10,'App\\Models\\Post',32,'group_start',NULL,'{\"class\": \"col-12 initea-layout\", \"groups_in_row\": \"\"}',32),(64,10,'App\\Models\\Post',34,'title','Acteurs de l’Économie Sociale et Solidaire et autres Organisations de la Société Civile',NULL,33),(65,10,'App\\Models\\Post',35,'text_block','<p>Aux acteurs de l\'ESS, les ACTUS apportent une meilleure compréhension des liens entre enjeux socio-économiques et environnementaux, renforçant leur capacité à intégrer des pratiques durables et à élaborer des stratégies innovantes. En mettant l\'accent sur l\'inclusion et la justice sociale, ces ateliers permettent d\'améliorer l\'impact social et de répondre aux besoins des communautés sous-représentées.</p>\r\n<p>De plus, les ACTUS encouragent la collaboration et la solidarité internationale, facilitant la création de réseaux et de partenariats solides. Le suivi et l\'évaluation garantissent un impact durable et un engagement à long terme, soutenant l\'adaptation continue aux enjeux globaux.</p>',NULL,34),(66,10,'App\\Models\\Post',33,'group_end',NULL,'{\"parent_id\": \"32\"}',35),(67,10,'App\\Models\\Post',36,'group_start',NULL,'{\"class\": \"col-12 initea-layout\", \"groups_in_row\": \"\"}',36),(68,10,'App\\Models\\Post',38,'title','Les Collectifs Citoyens',NULL,37),(69,10,'App\\Models\\Post',39,'text_block','<p>Les ACTUS Citoyens éveillent les consciences en sensibilisant aux enjeux sociaux et environnementaux ainsi qu\'à leurs interconnexions. En renforçant le lien d\'appartenance à un territoire et à une communauté, ils encouragent la solidarité, la collaboration et l\'engagement civique des participants qui se rassemblent souvent autour d\'intérêts, de préoccupations ou de valeurs communes. Ils cherchent à réinventer leur territoire, à promouvoir le changement social et à répondre aux défis environnementaux.</p>',NULL,38),(70,10,'App\\Models\\Post',37,'group_end',NULL,'{\"parent_id\": \"36\"}',39),(71,10,'App\\Models\\Post',40,'group_start',NULL,'{\"class\": \"col-12 initea-layout\", \"groups_in_row\": \"\"}',40),(72,10,'App\\Models\\Post',42,'title','Les Entreprises',NULL,41),(73,10,'App\\Models\\Post',43,'text_block','<p>Les ACTUS s\'intègrent parfaitement dans la démarche de Responsabilité Sociétale des Entreprises (RSE). Ils encouragent l\'engagement, l\'innovation et la collaboration des employés en faveur de l\'intégration de pratiques durables au sein de l\'entreprise, tout en les aidant à se conformer aux normes réglementaires en matière de durabilité. Ces ateliers permettent également aux entreprises de s\'ouvrir sur l\'extérieur et de faciliter l\'engagement citoyen de leurs salariés. Cela renforce leur motivation et leur satisfaction au travail, contribuant ainsi à la fidélisation des talents. INITEA offre aux entreprises et à leurs salariés l\'opportunité de s\'impliquer dans des projets de mécénat alignés avec leur mission et leurs orientations.</p>\r\n<p>En adoptant cette approche proactive, les entreprises améliorent leur image de marque et contribuent activement à des changements positifs dans la société et l\'environnement, répondant ainsi aux attentes croissantes des consommateurs en matière de responsabilité sociale.</p>',NULL,42),(74,10,'App\\Models\\Post',41,'group_end',NULL,'{\"parent_id\": \"40\"}',43),(75,10,'App\\Models\\Post',44,'group_start',NULL,'{\"class\": \"col-12 initea-layout\", \"groups_in_row\": \"\"}',44),(76,10,'App\\Models\\Post',46,'title','Les Étudiants',NULL,45),(77,10,'App\\Models\\Post',47,'text_block','<p>L\'engagement des étudiants en faveur d’une Transition Universelle et Solidaire est essentielle. Par son approche systémique et la présentation interactive des enjeux auxquels l’humanité est confrontée, les ACTUS facilitent cet engagement, que ce soit au travers des associations étudiantes ou des établissements en lien avec leur démarche de Responsabilité Sociétale des Universités (RSU), préparant ainsi les étudiants à devenir des citoyens engagés et responsables.</p>\r\n<p>Les ACTUS peuvent également s’intégrer pleinement dans la pédagogie de projet, permettant aux étudiants de mettre en pratique leurs connaissances théoriques et d’éprouver leur savoir-être en adéquation avec les enjeux de la transition. INITEA leur offre l’opportunité de s’impliquer dans des projets de Solidarité Internationale.</p>',NULL,46),(78,10,'App\\Models\\Post',45,'group_end',NULL,'{\"parent_id\": \"44\"}',47),(79,10,'App\\Models\\Post',48,'group_start',NULL,'{\"class\": \"col-12 initea-layout\", \"groups_in_row\": \"\"}',48),(80,10,'App\\Models\\Post',50,'title','Les décideurs et futurs décideurs territoriaux',NULL,49),(81,10,'App\\Models\\Post',51,'text_block','<p>Pour les élus et agents des collectivités, agents de l’État, équipes municipales et candidats à de futures élections, les ACTUS peuvent être de formidables outils prospectifs contribuant à comprendre, anticiper et analyser les évolutions futures des territoires. En appréhendant les risques et opportunités sous un angle systémique, les ACTUS prennent en compte à la fois les aspects environnementaux et sociaux. Ils permettent d’échafauder divers scénarios et aident à la prise de décisions éclairées en faveur de la transition du territoire et de ses habitants.</p>\r\n<p>Parmi tous les autres domaines abordés, celui de la Coopération Décentralisée, qui va de pair avec l’Éducation à la Citoyenneté et à la Solidarité Internationale (ECSI), est particulièrement pertinent. Nous affirmons en effet l’universalité de la transition - écologique et sociale - qui ne se réalisera pas sans le rapprochement des peuples et des territoires, ainsi que la solidarité internationale.</p>',NULL,50),(82,10,'App\\Models\\Post',49,'group_end',NULL,'{\"parent_id\": \"48\"}',51),(83,11,'App\\Models\\Post',1,'group_start',NULL,'{\"class\": \"initea-layout col-12\", \"groups_in_row\": \"\"}',1),(84,11,'App\\Models\\Post',3,'text_block','<p><strong>Sensibiliser les acteurs clés de la SI et de la Société Civile en Afrique Francophone pour faire émerger et accompagner des Initiative de Transition Citoyenne :</strong></p>\r\n<p>Les Afric’Actus (ACTUS pour Ateliers Collaboratifs pour une Transition Universelle et Solidaire) sont des webinaires destinés aux ONG locales et internationales, aux organisations communautaires de base (groupements féminins, associations de jeunes, comités de gestion des ressources locales, etc.), aux entreprises sociales et aux organisations professionnelles opérant principalement en Afrique francophone.</p>\r\n<p>Favorisant l’échange et la réflexion, ces webinaires inclus des jeux de questions-réponses, des sondages et des partages d’expériences. Ils ont pour objectif de sensibiliser les participants aux interconnexions entre les enjeux environnementaux, sociaux, territoriaux et communautaires, et d\'encourager une prise de conscience profonde, ainsi que des actions concrètes en faveur de la transition économique et sociale.</p>\r\n<p>Sur un continent où l’urgence du développement entre en conflit avec les enjeux de durabilité, et où la gestion des ressources naturelles est cruciale pour préserver un héritage indispensable à la survie de l’humanité, il est essentiel de prendre en compte des facteurs spécifiques à l’Afrique, tels que la mauvaise gouvernance, l’instabilité chronique, l’extrême pauvreté, ainsi que la démographie et l’urbanisation galopantes.</p>\r\n<p>Bien que ces défis ajoutent de la complexité aux efforts pour instaurer des alternatives durables en faveur de la transition, ils contrastent avec les nombreux atouts du continent, tels que sa jeunesse, son dynamisme et son potentiel d’innovation, sur lesquels il est indispensable de capitaliser.</p>\r\n<p>Ce webinaire peut également être adapté pour des rencontres en présentiel</p>',NULL,2),(85,11,'App\\Models\\Post',2,'group_end',NULL,'{\"parent_id\": \"1\"}',3),(86,12,'App\\Models\\Post',1,'group_start',NULL,'{\"class\": \"initea-layout col-12\", \"groups_in_row\": \"\"}',1),(87,12,'App\\Models\\Post',3,'title','ACTUS \"Introduction aux Initiatives de Transition en Solidarité Internationale\"',NULL,2),(88,12,'App\\Models\\Post',4,'text_block','<p>Pour un acteur de la Solidarité Internationale, accompagner une Initiative de Transition consiste à s\'engager durablement sur un territoire ou auprès d’une communauté, dans une démarche à long terme mobilisant une pluralité d\'acteurs. Cela nécessite d\'adopter une vision systémique et intégrée du territoire, de promouvoir la coopération, de partager compétences et expertises, d\'expérimenter – et ainsi apprendre – puis de documenter ces apprentissages afin de les partager.</p>\r\n<p>Cet atelier met en lumière ces différents aspects, qui peuvent parfois remettre en question les pratiques établies, mais qui se révèlent enrichissants et essentiels pour mener à bien la Transition.</p>\r\n<p>S\'inscrivant dans la série des ACTUS (Ateliers Collaboratifs pour une Transition Universelle et Solidaire), cet atelier explore les défis et les opportunités qu’offre l’accompagnement des Initiatives de Transition pour les acteurs de la solidarité internationale. Il présente des pistes méthodologiques à suivre et clarifie le rôle que peut jouer INITEA dans cet accompagnement.</p>\r\n<p>Les participants seront informés des quatre étapes principales identifiées par INITEA dans le cadre des Initiatives de Transition :</p>\r\n<ol>\r\n<li><strong>Émergence : </strong>Mobiliser un groupe « Initiateurs » autour d’objectifs communs, ces derniers devenant les garants de l’Initiative.</li>\r\n<li><strong>Lancement :</strong> Approfondir la connaissance du territoire via une approche systémique et sensibiliser/mobiliser la communauté.</li>\r\n<li><strong>Concrétisation :</strong> Structurer l’Initiative à la fois en interne et avec les partenaires, et lancer les premières activités.</li>\r\n<li><strong>Développement :</strong> Mettre en œuvre les solutions retenues, tout en instaurant un processus continu d’apprentissage et de partage. Ces étapes seront illustrées par des exemples concrets, facilitant la compréhension de leur application pratique.</li>\r\n</ol>',NULL,3),(89,12,'App\\Models\\Post',2,'group_end',NULL,'{\"parent_id\": \"1\"}',4),(90,12,'App\\Models\\Post',5,'group_start',NULL,'{\"class\": \"initea-layout col-12\", \"groups_in_row\": \"\"}',5),(91,12,'App\\Models\\Post',7,'title','La Fresque de la Renaissance Ecologique',NULL,6),(92,12,'App\\Models\\Post',8,'text_block','<p>Nous privilégions des outils qui, à l’instar des ACTUS que nous développons, adoptent une approche systémique, nous projettent dans l’action et génèrent de l\'enthousiasme. Cette approche invite les participants à réfléchir et à travailler sur des solutions concrètes et locales en tenant compte de différents horizons temporels. Cela permet d\'adapter les solutions aux besoins urgents tout en planifiant pour une vision durable, et en prenant compte des multiples interactions et ramifications.</p>\r\n<p>C’est dans cette optique que nous pouvons nous appuyer sur la Fresque de la Renaissance Écologique.</p>\r\n<p>Cet outil pédagogique et collaboratif s’inspire de l’allégorie médiévale des Effets du Bon Gouvernement peinte par Ambrogio Lorenzetti à Sienne en 1338. Dans sa version contemporaine, Julien Dossier, son concepteur, la décline en 24 chantiers qui symbolisent les composantes sociales et environnementales indispensables pour imaginer un territoire durable et résilient ayant réussi sa transition.</p>',NULL,7),(93,12,'App\\Models\\Post',6,'group_end',NULL,'{\"parent_id\": \"5\"}',8),(94,13,'App\\Models\\Post',1,'group_start',NULL,'{\"class\": \"initea-layout col-12\", \"groups_in_row\": \"\"}',1),(95,13,'App\\Models\\Post',3,'title','Une Initiative de Transition Citoyenne, qu’est-ce que c’est ?',NULL,2),(96,13,'App\\Models\\Post',4,'text_block','<p>Une « Initiative de Transition citoyenne » est un projet collectif qui vise à mobiliser les citoyens autour de solutions durables et innovantes pour répondre aux enjeux environnementaux et sociaux de leur communauté.</p>\r\n<p>Plus précisément, une Initiative de Transition Citoyenne est un processus par lequel des citoyens éclairés prennent l\'initiative de proposer, ou sont amenés à proposer, des idées, des projets ou des changements, que nous appelons « solutions », pour répondre aux préoccupations ou besoins de leur communauté. Elle vise à réinventer leur territoire et leur manière d’y vivre, à reconsidérer le commun.</p>\r\n<p>Si la mise en œuvre d’une Initiative de Transition et de ses solutions est basée sur les ressources disponibles localement : savoirs, expériences, culture, … elle doit intégrer des connaissances et pratiques extérieures en termes d’expertise, de méthodologie, d’outils, de réseaux, de recherche de financements, d’échanges de pratiques, …. Les acteurs de la Solidarité Internationale, ont donc ici, un rôle important à jouer.</p>',NULL,3),(97,13,'App\\Models\\Post',2,'group_end',NULL,'{\"parent_id\": \"1\"}',4),(98,13,'App\\Models\\Post',5,'group_start',NULL,'{\"class\": \"initea-layout col-12\", \"groups_in_row\": \"\"}',5),(99,13,'App\\Models\\Post',7,'title','Ingénierie de projet, recherche de financements, partenariats et mise en réseau',NULL,6),(100,13,'App\\Models\\Post',8,'text_block','<p>L’accompagnement d’INITEA, par ses compétences réunies en interne ou en faisant appel à son réseau, peut intervenir dans les différentes phases de l’Initiative de Transition présentées dans le schéma suivant :</p>',NULL,7),(101,13,'App\\Models\\Post',6,'group_end',NULL,'{\"parent_id\": \"5\"}',8),(102,13,'App\\Models\\Post',9,'group_start',NULL,'{\"class\": \"initea-layout col-12\", \"groups_in_row\": \"\"}',9),(103,13,'App\\Models\\Post',10,'group_end',NULL,'{\"parent_id\": \"9\"}',11),(104,13,'App\\Models\\Post',12,'group_start',NULL,'{\"class\": \"col-12 initea-layout\", \"groups_in_row\": \"\"}',12),(105,13,'App\\Models\\Post',14,'text_block','<p>Nous y incluons la recherche de financements et de partenaires techniques ou de mise en œuvre, locaux, nationaux ou internationaux.</p>\r\n<p>Notre atelier « Introduction aux Initiative de Transition en Solidarité Internationale »  présente plus en détail cette approche méthodologique et le rôle que peut jouer INITEA dans son accompagnement.</p>',NULL,13),(106,13,'App\\Models\\Post',13,'group_end',NULL,'{\"parent_id\": \"12\"}',14),(107,13,'App\\Models\\Post',11,'image','Schéma des phases de l’Initiative de Transition','{\"url\": \"/storage/b41a7fc33ca00ebe1ee9f29b70fd0513.png\", \"thumbnail\": \"/storage/thumbnails/b41a7fc33ca00ebe1ee9f29b70fd0513.png\"}',10),(108,14,'App\\Models\\Post',1,'group_start',NULL,'{\"class\": \"initea-layout col-12\", \"groups_in_row\": \"\"}',1),(109,14,'App\\Models\\Post',3,'text_block','<p>Cet accompagnement s’adresse aux acteurs s’engageant dans une Initiative de Transition Citoyenne et à leurs partenaires, ainsi qu’a tous porteurs de projets de la Solidarité Internationale. Sur la base de diagnostics et par un accompagnement personnalisé et des outils adaptés, nous contribuons :</p>\r\n<ol>\r\n<li>Au développement des compétences, notamment en gestion de projet</li>\r\n<li>À l’optimisation de leurs ressources financières, humaines et logistiques, y compris en passant par la création de synergie avec d’autres organisation</li>\r\n<li>À l’amélioration de leur organisation de leur gouvernance</li>\r\n<li>...</li>\r\n</ol>',NULL,2),(110,14,'App\\Models\\Post',2,'group_end',NULL,'{\"parent_id\": \"1\"}',3);

--
-- Table structure for table `menu_items`
--

CREATE TABLE `menu_items` (
  `id` bigint unsigned NOT NULL AUTO_INCREMENT,
  `title` varchar(80) COLLATE utf8mb4_unicode_ci NOT NULL,
  `menu_code` varchar(30) COLLATE utf8mb4_unicode_ci DEFAULT NULL,
  `url` varchar(255) COLLATE utf8mb4_unicode_ci NOT NULL,
  `model_name` varchar(100) COLLATE utf8mb4_unicode_ci DEFAULT NULL,
  `class` varchar(100) COLLATE utf8mb4_unicode_ci DEFAULT NULL,
  `anchor` varchar(100) COLLATE utf8mb4_unicode_ci DEFAULT NULL,
  `status` char(12) COLLATE utf8mb4_unicode_ci NOT NULL,
  `_lft` int unsigned NOT NULL DEFAULT '0',
  `_rgt` int unsigned NOT NULL DEFAULT '0',
  `parent_id` int unsigned DEFAULT NULL,
  `checked_out` bigint unsigned DEFAULT NULL,
  `checked_out_time` timestamp NULL DEFAULT NULL,
  `updated_by` bigint unsigned DEFAULT NULL,
  `created_at` timestamp NULL DEFAULT NULL,
  `updated_at` timestamp NULL DEFAULT NULL,
  PRIMARY KEY (`id`),
  KEY `menu_items__lft__rgt_parent_id_index` (`_lft`,`_rgt`,`parent_id`)
) ENGINE=InnoDB AUTO_INCREMENT=15 DEFAULT CHARSET=utf8mb4 COLLATE=utf8mb4_unicode_ci;

--
-- Dumping data for table `menu_items`
--

INSERT INTO `menu_items` VALUES (1,'Root','root','root',NULL,NULL,NULL,'published',1,28,NULL,NULL,NULL,NULL,'2024-01-30 06:11:04','2024-01-30 06:11:04'),(2,'Accueil','main-menu','/',NULL,NULL,NULL,'published',2,3,1,NULL,NULL,1,'2024-01-30 06:11:04','2024-01-30 08:58:37'),(3,'Qui sommes nous ?','main-menu','/',NULL,'no-opening','#','published',4,11,1,NULL,NULL,1,'2024-01-30 15:05:38','2024-09-27 13:39:49'),(4,'Nos actions','main-menu','/',NULL,'no-opening','#','published',26,27,1,NULL,NULL,1,'2024-01-30 15:06:03','2024-09-27 13:55:05'),(5,'Accompagner','main-menu','/',NULL,'no-opening','#','published',20,25,1,NULL,NULL,1,'2024-01-30 16:01:53','2024-09-27 13:54:59'),(6,'Sensibiliser','main-menu','/',NULL,'no-opening','#','published',12,19,1,NULL,NULL,1,'2024-01-31 07:21:20','2024-09-27 13:54:52'),(7,'Mission et approche','main-menu','qui-sommes-nous/8/mission-et-approche',NULL,NULL,NULL,'published',5,6,3,NULL,NULL,1,'2024-09-26 05:07:42','2024-09-26 08:14:35'),(8,'Dans notre ADN','main-menu','qui-sommes-nous/9/dans-notre-adn',NULL,NULL,NULL,'published',7,8,3,NULL,NULL,1,'2024-09-26 05:08:33','2024-09-26 12:12:55'),(9,'Notre équipe','main-menu','/',NULL,NULL,NULL,'published',9,10,3,NULL,NULL,NULL,'2024-09-26 05:11:20','2024-09-26 05:11:20'),(10,'Les ACTUS','main-menu','sensibiliser/10/les-actus',NULL,NULL,NULL,'published',13,14,6,NULL,NULL,1,'2024-09-27 13:57:24','2024-10-05 06:04:51'),(11,'Les Afric\'ACTUS','main-menu','sensibiliser/11/les-africactus',NULL,NULL,NULL,'published',15,16,6,NULL,NULL,NULL,'2024-10-05 07:31:48','2024-10-05 07:31:48'),(12,'Autres ateliers et fresques','main-menu','sensibiliser/12/autres-ateliers-et-fresques',NULL,NULL,NULL,'published',17,18,6,NULL,NULL,NULL,'2024-10-05 07:47:27','2024-10-05 07:47:27'),(13,'Initiatives de transition citoyennes','main-menu','accompagner/13/initiatives-de-transition-citoyennes',NULL,NULL,NULL,'published',21,22,5,NULL,NULL,NULL,'2024-10-06 05:39:00','2024-10-06 05:39:00'),(14,'Renforcement des capacités','main-menu','accompagner/14/renforcement-des-capacites',NULL,NULL,NULL,'published',23,24,5,NULL,NULL,NULL,'2024-10-06 05:45:37','2024-10-06 05:45:37');

--
-- Table structure for table `menus`
--

CREATE TABLE `menus` (
  `id` bigint unsigned NOT NULL AUTO_INCREMENT,
  `title` varchar(50) COLLATE utf8mb4_unicode_ci NOT NULL,
  `code` varchar(30) COLLATE utf8mb4_unicode_ci NOT NULL,
  `status` char(12) COLLATE utf8mb4_unicode_ci NOT NULL,
  `access_level` char(10) COLLATE utf8mb4_unicode_ci NOT NULL,
  `checked_out` bigint unsigned DEFAULT NULL,
  `checked_out_time` timestamp NULL DEFAULT NULL,
  `owned_by` bigint unsigned NOT NULL,
  `updated_by` bigint unsigned DEFAULT NULL,
  `created_at` timestamp NULL DEFAULT NULL,
  `updated_at` timestamp NULL DEFAULT NULL,
  PRIMARY KEY (`id`)
) ENGINE=InnoDB AUTO_INCREMENT=2 DEFAULT CHARSET=utf8mb4 COLLATE=utf8mb4_unicode_ci;

--
-- Dumping data for table `menus`
--

INSERT INTO `menus` VALUES (1,'Main menu','main-menu','published','public_rw',NULL,NULL,1,NULL,'2024-01-30 06:11:04','2024-01-30 06:11:04');

--
-- Table structure for table `migrations`
--

CREATE TABLE `migrations` (
  `id` int unsigned NOT NULL AUTO_INCREMENT,
  `migration` varchar(255) COLLATE utf8mb4_unicode_ci NOT NULL,
  `batch` int NOT NULL,
  PRIMARY KEY (`id`)
) ENGINE=InnoDB AUTO_INCREMENT=28 DEFAULT CHARSET=utf8mb4 COLLATE=utf8mb4_unicode_ci;

--
-- Dumping data for table `migrations`
--

INSERT INTO `migrations` VALUES (1,'2014_10_12_000000_create_users_table',1),(2,'2014_10_12_100000_create_password_resets_table',1),(3,'2019_08_19_000000_create_failed_jobs_table',1),(4,'2019_12_14_000001_create_personal_access_tokens_table',1),(5,'2020_05_05_060229_create_permission_tables',1),(6,'2021_05_30_051729_create_groups_table',1),(7,'2021_05_31_051829_create_group_user_table',1),(8,'2021_06_16_045540_create_settings_table',1),(9,'2021_06_24_151612_create_documents_table',1),(10,'2021_07_05_091208_create_emails_table',1),(11,'2021_08_01_115731_update_roles_table',1),(12,'2021_08_25_075701_create_posts_table',1),(13,'2021_09_04_063252_create_group_post_table',1),(14,'2021_09_25_083336_create_menus_table',1),(15,'2021_09_25_083350_create_menu_items_table',1),(16,'2021_09_26_073254_create_group_menu_table',1),(17,'2021_10_29_050634_create_post_settings_table',1),(18,'2021_11_12_084927_update_users_table',1),(19,'2021_11_27_062746_api_token_users_table',1),(20,'2022_04_04_140355_add_login_fields_to_users_table',1),(21,'2022_06_24_152055_create_contacts_table',1),(22,'2022_10_07_091428_create_layout_items_table',1),(23,'2023_08_25_073024_create_comments_table',1),(24,'2023_08_26_150803_create_categories_table',1),(25,'2023_08_26_150950_create_categorizables_table',1),(26,'2023_08_26_152956_create_category_group_table',1),(27,'2023_08_27_043244_create_orders_table',1);

--
-- Table structure for table `model_has_permissions`
--

CREATE TABLE `model_has_permissions` (
  `permission_id` bigint unsigned NOT NULL,
  `model_type` varchar(255) COLLATE utf8mb4_unicode_ci NOT NULL,
  `model_id` bigint unsigned NOT NULL,
  PRIMARY KEY (`permission_id`,`model_id`,`model_type`),
  KEY `model_has_permissions_model_id_model_type_index` (`model_id`,`model_type`),
  CONSTRAINT `model_has_permissions_permission_id_foreign` FOREIGN KEY (`permission_id`) REFERENCES `permissions` (`id`) ON DELETE CASCADE
) ENGINE=InnoDB DEFAULT CHARSET=utf8mb4 COLLATE=utf8mb4_unicode_ci;

--
-- Dumping data for table `model_has_permissions`
--


--
-- Table structure for table `model_has_roles`
--

CREATE TABLE `model_has_roles` (
  `role_id` bigint unsigned NOT NULL,
  `model_type` varchar(255) COLLATE utf8mb4_unicode_ci NOT NULL,
  `model_id` bigint unsigned NOT NULL,
  PRIMARY KEY (`role_id`,`model_id`,`model_type`),
  KEY `model_has_roles_model_id_model_type_index` (`model_id`,`model_type`),
  CONSTRAINT `model_has_roles_role_id_foreign` FOREIGN KEY (`role_id`) REFERENCES `roles` (`id`) ON DELETE CASCADE
) ENGINE=InnoDB DEFAULT CHARSET=utf8mb4 COLLATE=utf8mb4_unicode_ci;

--
-- Dumping data for table `model_has_roles`
--

INSERT INTO `model_has_roles` VALUES (1,'App\\Models\\User',1);

--
-- Table structure for table `orders`
--

CREATE TABLE `orders` (
  `id` bigint unsigned NOT NULL AUTO_INCREMENT,
  `category_id` bigint unsigned NOT NULL,
  `orderable_id` int unsigned DEFAULT NULL,
  `orderable_type` varchar(255) COLLATE utf8mb4_unicode_ci DEFAULT NULL,
  `name` varchar(255) COLLATE utf8mb4_unicode_ci DEFAULT NULL,
  `item_order` bigint unsigned DEFAULT NULL,
  PRIMARY KEY (`id`)
) ENGINE=InnoDB AUTO_INCREMENT=22 DEFAULT CHARSET=utf8mb4 COLLATE=utf8mb4_unicode_ci;

--
-- Dumping data for table `orders`
--

INSERT INTO `orders` VALUES (1,1,1,'App\\Models\\Post','L\'association',1),(2,2,1,'App\\Models\\Post','L\'association',1),(3,1,2,'App\\Models\\Post','Un accès à l\'eau potable',2),(4,4,2,'App\\Models\\Post','Un accès à l\'eau potable',1),(5,1,3,'App\\Models\\Post','L\'éducation dans les villages',3),(6,4,3,'App\\Models\\Post','L\'éducation dans les villages',2),(7,1,4,'App\\Models\\Post','Des réseaux de transport',4),(8,4,4,'App\\Models\\Post','Des réseaux de transport',3),(9,1,5,'App\\Models\\Post','INITEA agit pour le changement',5),(10,5,5,'App\\Models\\Post','INITEA agit pour le changement',1),(11,1,6,'App\\Models\\Post','Un nouveau projet éducatif',6),(12,5,6,'App\\Models\\Post','Un nouveau projet éducatif',2),(13,1,7,'App\\Models\\Post','De nouvelles actions',7),(14,5,7,'App\\Models\\Post','De nouvelles actions',3),(15,2,8,'App\\Models\\Post','Mission et Approche',2),(16,2,9,'App\\Models\\Post','Dans notre ADN',3),(17,6,10,'App\\Models\\Post','Les ACTUS',1),(18,6,11,'App\\Models\\Post','Les Afric’ACTUS',2),(19,6,12,'App\\Models\\Post','Autres ateliers et fresques',3),(20,7,13,'App\\Models\\Post','Initiatives de Transition Citoyennes',1),(21,7,14,'App\\Models\\Post','Renforcement des capacités',2);

--
-- Table structure for table `permissions`
--

CREATE TABLE `permissions` (
  `id` bigint unsigned NOT NULL AUTO_INCREMENT,
  `name` varchar(255) COLLATE utf8mb4_unicode_ci NOT NULL,
  `guard_name` varchar(255) COLLATE utf8mb4_unicode_ci NOT NULL,
  `created_at` timestamp NULL DEFAULT NULL,
  `updated_at` timestamp NULL DEFAULT NULL,
  PRIMARY KEY (`id`),
  UNIQUE KEY `permissions_name_guard_name_unique` (`name`,`guard_name`)
) ENGINE=InnoDB AUTO_INCREMENT=23 DEFAULT CHARSET=utf8mb4 COLLATE=utf8mb4_unicode_ci;

--
-- Dumping data for table `permissions`
--

INSERT INTO `permissions` VALUES (1,'create-users','web','2024-01-30 06:11:06','2024-01-30 06:11:06'),(2,'update-users','web','2024-01-30 06:11:06','2024-01-30 06:11:06'),(3,'delete-users','web','2024-01-30 06:11:06','2024-01-30 06:11:06'),(4,'create-user-groups','web','2024-01-30 06:11:07','2024-01-30 06:11:07'),(5,'update-user-groups','web','2024-01-30 06:11:07','2024-01-30 06:11:07'),(6,'delete-user-groups','web','2024-01-30 06:11:07','2024-01-30 06:11:07'),(7,'create-user-roles','web','2024-01-30 06:11:07','2024-01-30 06:11:07'),(8,'update-user-roles','web','2024-01-30 06:11:07','2024-01-30 06:11:07'),(9,'delete-user-roles','web','2024-01-30 06:11:07','2024-01-30 06:11:07'),(10,'create-menus','web','2024-01-30 06:11:08','2024-01-30 06:11:08'),(11,'update-menus','web','2024-01-30 06:11:08','2024-01-30 06:11:08'),(12,'delete-menus','web','2024-01-30 06:11:08','2024-01-30 06:11:08'),(13,'create-posts','web','2024-01-30 06:11:08','2024-01-30 06:11:08'),(14,'update-posts','web','2024-01-30 06:11:08','2024-01-30 06:11:08'),(15,'delete-posts','web','2024-01-30 06:11:08','2024-01-30 06:11:08'),(16,'create-post-categories','web','2024-01-30 06:11:08','2024-01-30 06:11:08'),(17,'update-post-categories','web','2024-01-30 06:11:08','2024-01-30 06:11:08'),(18,'delete-post-categories','web','2024-01-30 06:11:08','2024-01-30 06:11:08'),(19,'global-settings','web','2024-01-30 06:11:08','2024-01-30 06:11:08'),(20,'post-settings','web','2024-01-30 06:11:08','2024-01-30 06:11:08'),(21,'update-emails','web','2024-01-30 06:11:08','2024-01-30 06:11:08'),(22,'access-dashboard','web','2024-01-30 06:11:08','2024-01-30 06:11:08');

--
-- Table structure for table `posts`
--

CREATE TABLE `posts` (
  `id` bigint unsigned NOT NULL AUTO_INCREMENT,
  `title` varchar(100) COLLATE utf8mb4_unicode_ci NOT NULL,
  `slug` varchar(100) COLLATE utf8mb4_unicode_ci NOT NULL,
  `content` text COLLATE utf8mb4_unicode_ci,
  `raw_content` text COLLATE utf8mb4_unicode_ci,
  `excerpt` text COLLATE utf8mb4_unicode_ci,
  `status` char(12) COLLATE utf8mb4_unicode_ci NOT NULL,
  `main_cat_id` bigint unsigned DEFAULT NULL,
  `access_level` char(10) COLLATE utf8mb4_unicode_ci NOT NULL,
  `alt_img` varchar(250) COLLATE utf8mb4_unicode_ci DEFAULT NULL,
  `page` varchar(30) COLLATE utf8mb4_unicode_ci DEFAULT NULL,
  `extra_fields` json DEFAULT NULL,
  `meta_data` json DEFAULT NULL,
  `settings` json NOT NULL,
  `checked_out` bigint unsigned DEFAULT NULL,
  `checked_out_time` timestamp NULL DEFAULT NULL,
  `owned_by` bigint unsigned NOT NULL,
  `updated_by` bigint unsigned DEFAULT NULL,
  `created_at` timestamp NULL DEFAULT NULL,
  `updated_at` timestamp NULL DEFAULT NULL,
  PRIMARY KEY (`id`)
) ENGINE=InnoDB AUTO_INCREMENT=15 DEFAULT CHARSET=utf8mb4 COLLATE=utf8mb4_unicode_ci;

--
-- Dumping data for table `posts`
--

INSERT INTO `posts` VALUES (1,'L\'association','lassociation','<p>Lorem ipsum dolor sit amet, consectetur adipiscing elit, sed do eiusmod tempor incididunt ut labore et dolore magna aliqua. Ut enim ad minim veniam, quis nostrud exercitation ullamco laboris nisi ut aliquip ex ea commodo consequat. Duis aute irure dolor in reprehenderit in voluptate velit esse cillum dolore eu fugiat nulla pariatur. Excepteur sint occaecat cupidatat non proident, sunt in culpa qui officia deserunt mollit anim id est laborum.</p>\r\n<p>Lorem ipsum dolor sit amet, consectetur adipiscing elit, sed do eiusmod tempor incididunt ut labore et dolore magna aliqua. Ut enim ad minim veniam, quis nostrud exercitation ullamco laboris nisi ut aliquip ex ea commodo consequat. Duis aute irure dolor in reprehenderit in voluptate velit esse cillum dolore eu fugiat nulla pariatur. Excepteur sint occaecat cupidatat non proident, sunt in culpa qui officia deserunt mollit anim id est laborum.</p>\r\n<p>Lorem ipsum dolor sit amet, consectetur adipiscing elit, sed do eiusmod tempor incididunt ut labore et dolore magna aliqua. Ut enim ad minim veniam, quis nostrud exercitation ullamco laboris nisi ut aliquip ex ea commodo consequat. Duis aute irure dolor in reprehenderit in voluptate velit esse cillum dolore eu fugiat nulla pariatur. Excepteur sint occaecat cupidatat non proident, sunt in culpa qui officia deserunt mollit anim id est laborum.</p>','Lorem ipsum dolor sit amet, consectetur adipiscing elit, sed do eiusmod tempor incididunt ut labore et dolore magna aliqua. Ut enim ad minim veniam, quis nostrud exercitation ullamco laboris nisi ut aliquip ex ea commodo consequat. Duis aute irure dolor in reprehenderit in voluptate velit esse cillum dolore eu fugiat nulla pariatur. Excepteur sint occaecat cupidatat non proident, sunt in culpa qui officia deserunt mollit anim id est laborum.\r\nLorem ipsum dolor sit amet, consectetur adipiscing elit, sed do eiusmod tempor incididunt ut labore et dolore magna aliqua. Ut enim ad minim veniam, quis nostrud exercitation ullamco laboris nisi ut aliquip ex ea commodo consequat. Duis aute irure dolor in reprehenderit in voluptate velit esse cillum dolore eu fugiat nulla pariatur. Excepteur sint occaecat cupidatat non proident, sunt in culpa qui officia deserunt mollit anim id est laborum.\r\nLorem ipsum dolor sit amet, consectetur adipiscing elit, sed do eiusmod tempor incididunt ut labore et dolore magna aliqua. Ut enim ad minim veniam, quis nostrud exercitation ullamco laboris nisi ut aliquip ex ea commodo consequat. Duis aute irure dolor in reprehenderit in voluptate velit esse cillum dolore eu fugiat nulla pariatur. Excepteur sint occaecat cupidatat non proident, sunt in culpa qui officia deserunt mollit anim id est laborum.',NULL,'published',1,'public_ro','voluptate velit esse cillum dolore eu fugiat nulla pariatur.',NULL,'{\"extra_field_1\": null, \"extra_field_2\": null, \"extra_field_3\": null, \"extra_field_4\": null, \"extra_field_5\": null, \"extra_field_6\": null, \"extra_field_7\": null, \"extra_field_8\": null, \"extra_field_9\": null, \"extra_field_10\": null}','{\"meta_og_url\": null, \"meta_og_type\": null, \"meta_og_image\": null, \"meta_og_local\": null, \"meta_og_title\": null, \"canonical_link\": null, \"meta_page_title\": null, \"structured_data\": null, \"meta_name_robots\": null, \"meta_og_description\": null, \"meta_name_description\": null}','{\"show_image\": \"1\", \"show_owner\": \"1\", \"show_excerpt\": \"1\", \"comment_alert\": \"1\", \"allow_comments\": \"1\", \"show_categories\": \"1\", \"show_created_at\": \"1\"}',NULL,NULL,1,1,'2024-01-31 05:33:37','2024-01-31 05:57:17'),(2,'Un accès à l\'eau potable','un-acces-a-leau-potable','<p>Lorem ipsum dolor sit amet, consectetur adipiscing elit, sed do eiusmod tempor incididunt ut labore et dolore magna aliqua. Ut enim ad minim veniam, quis nostrud exercitation ullamco laboris nisi ut aliquip ex ea commodo consequat. Duis aute irure dolor in reprehenderit in voluptate velit esse cillum dolore eu fugiat nulla pariatur. Excepteur sint occaecat cupidatat non proident, sunt in culpa qui officia deserunt mollit anim id est laborum.</p>','Lorem ipsum dolor sit amet, consectetur adipiscing elit, sed do eiusmod tempor incididunt ut labore et dolore magna aliqua. Ut enim ad minim veniam, quis nostrud exercitation ullamco laboris nisi ut aliquip ex ea commodo consequat. Duis aute irure dolor in reprehenderit in voluptate velit esse cillum dolore eu fugiat nulla pariatur. Excepteur sint occaecat cupidatat non proident, sunt in culpa qui officia deserunt mollit anim id est laborum.','<p>Lorem ipsum dolor sit amet, consectetur adipiscing elit, sed do eiusmod tempor incididunt ut labore et dolore magna aliqua. Ut enim ad minim veniam, quis nostrud exercitation ullamco laboris nisi ut aliquip ex ea commodo consequat.</p>','published',1,'public_ro','voluptate velit esse cillum dolore eu fugiat nulla pariatur.',NULL,'{\"extra_field_1\": null, \"extra_field_2\": null, \"extra_field_3\": null, \"extra_field_4\": null, \"extra_field_5\": null, \"extra_field_6\": null, \"extra_field_7\": null, \"extra_field_8\": null, \"extra_field_9\": null, \"extra_field_10\": null}','{\"meta_og_url\": null, \"meta_og_type\": null, \"meta_og_image\": null, \"meta_og_local\": null, \"meta_og_title\": null, \"canonical_link\": null, \"meta_page_title\": null, \"structured_data\": null, \"meta_name_robots\": null, \"meta_og_description\": null, \"meta_name_description\": null}','{\"show_image\": \"1\", \"show_owner\": \"1\", \"show_excerpt\": \"1\", \"comment_alert\": \"1\", \"allow_comments\": \"1\", \"show_categories\": \"1\", \"show_created_at\": \"1\"}',NULL,NULL,1,1,'2024-01-31 05:36:59','2024-01-31 06:50:45'),(3,'L\'éducation dans les villages','leducation-dans-les-villages','<p>Lorem ipsum dolor sit amet, consectetur adipiscing elit, sed do eiusmod tempor incididunt ut labore et dolore magna aliqua. Ut enim ad minim veniam, quis nostrud exercitation ullamco laboris nisi ut aliquip ex ea commodo consequat. Duis aute irure dolor in reprehenderit in voluptate velit esse cillum dolore eu fugiat nulla pariatur. Excepteur sint occaecat cupidatat non proident, sunt in culpa qui officia deserunt mollit anim id est laborum.</p>','Lorem ipsum dolor sit amet, consectetur adipiscing elit, sed do eiusmod tempor incididunt ut labore et dolore magna aliqua. Ut enim ad minim veniam, quis nostrud exercitation ullamco laboris nisi ut aliquip ex ea commodo consequat. Duis aute irure dolor in reprehenderit in voluptate velit esse cillum dolore eu fugiat nulla pariatur. Excepteur sint occaecat cupidatat non proident, sunt in culpa qui officia deserunt mollit anim id est laborum.','<p>Lorem ipsum dolor sit amet, consectetur adipiscing elit, sed do eiusmod tempor incididunt ut labore et dolore magna aliqua. Ut enim ad minim veniam, quis nostrud exercitation ullamco laboris nisi ut aliquip ex ea commodo consequat.</p>','published',1,'public_ro','voluptate velit esse cillum dolore eu fugiat nulla pariatur.',NULL,'{\"extra_field_1\": null, \"extra_field_2\": null, \"extra_field_3\": null, \"extra_field_4\": null, \"extra_field_5\": null, \"extra_field_6\": null, \"extra_field_7\": null, \"extra_field_8\": null, \"extra_field_9\": null, \"extra_field_10\": null}','{\"meta_og_url\": null, \"meta_og_type\": null, \"meta_og_image\": null, \"meta_og_local\": null, \"meta_og_title\": null, \"canonical_link\": null, \"meta_page_title\": null, \"structured_data\": null, \"meta_name_robots\": null, \"meta_og_description\": null, \"meta_name_description\": null}','{\"show_image\": \"1\", \"show_owner\": \"1\", \"show_excerpt\": \"1\", \"comment_alert\": \"1\", \"allow_comments\": \"1\", \"show_categories\": \"1\", \"show_created_at\": \"1\"}',NULL,NULL,1,1,'2024-01-31 05:44:26','2024-01-31 06:51:12'),(4,'Des réseaux de transport','des-reseaux-de-transport','<p>Lorem ipsum dolor sit amet, consectetur adipiscing elit, sed do eiusmod tempor incididunt ut labore et dolore magna aliqua. Ut enim ad minim veniam, quis nostrud exercitation ullamco laboris nisi ut aliquip ex ea commodo consequat. Duis aute irure dolor in reprehenderit in voluptate velit esse cillum dolore eu fugiat nulla pariatur. Excepteur sint occaecat cupidatat non proident, sunt in culpa qui officia deserunt mollit anim id est laborum.</p>','Lorem ipsum dolor sit amet, consectetur adipiscing elit, sed do eiusmod tempor incididunt ut labore et dolore magna aliqua. Ut enim ad minim veniam, quis nostrud exercitation ullamco laboris nisi ut aliquip ex ea commodo consequat. Duis aute irure dolor in reprehenderit in voluptate velit esse cillum dolore eu fugiat nulla pariatur. Excepteur sint occaecat cupidatat non proident, sunt in culpa qui officia deserunt mollit anim id est laborum.','<p>Lorem ipsum dolor sit amet, consectetur adipiscing elit, sed do eiusmod tempor incididunt ut labore et dolore magna aliqua. Ut enim ad minim veniam, quis nostrud exercitation ullamco laboris nisi ut aliquip ex ea commodo consequat.</p>','published',1,'public_ro','voluptate velit esse cillum dolore eu fugiat nulla pariatur.',NULL,'{\"extra_field_1\": null, \"extra_field_2\": null, \"extra_field_3\": null, \"extra_field_4\": null, \"extra_field_5\": null, \"extra_field_6\": null, \"extra_field_7\": null, \"extra_field_8\": null, \"extra_field_9\": null, \"extra_field_10\": null}','{\"meta_og_url\": null, \"meta_og_type\": null, \"meta_og_image\": null, \"meta_og_local\": null, \"meta_og_title\": null, \"canonical_link\": null, \"meta_page_title\": null, \"structured_data\": null, \"meta_name_robots\": null, \"meta_og_description\": null, \"meta_name_description\": null}','{\"show_image\": \"1\", \"show_owner\": \"1\", \"show_excerpt\": \"1\", \"comment_alert\": \"1\", \"allow_comments\": \"1\", \"show_categories\": \"1\", \"show_created_at\": \"1\"}',NULL,NULL,1,1,'2024-01-31 05:45:19','2024-01-31 06:54:12'),(5,'Agir pour le changement','agir-pour-le-changement','<p>Lorem ipsum dolor sit amet, consectetur adipiscing elit, sed do eiusmod tempor incididunt ut labore et dolore magna aliqua. Ut enim ad minim veniam, quis nostrud exercitation ullamco laboris nisi ut aliquip ex ea commodo consequat. Duis aute irure dolor in reprehenderit in voluptate velit esse cillum dolore eu fugiat nulla pariatur. Excepteur sint occaecat cupidatat non proident, sunt in culpa qui officia deserunt mollit anim id est laborum.</p>','Lorem ipsum dolor sit amet, consectetur adipiscing elit, sed do eiusmod tempor incididunt ut labore et dolore magna aliqua. Ut enim ad minim veniam, quis nostrud exercitation ullamco laboris nisi ut aliquip ex ea commodo consequat. Duis aute irure dolor in reprehenderit in voluptate velit esse cillum dolore eu fugiat nulla pariatur. Excepteur sint occaecat cupidatat non proident, sunt in culpa qui officia deserunt mollit anim id est laborum.','<p>Lorem ipsum dolor sit amet, consectetur adipiscing elit, sed do eiusmod tempor incididunt ut labore et dolore magna aliqua. Ut enim ad minim veniam, quis nostrud exercitation ullamco laboris nisi ut aliquip ex ea commodo consequat.</p>','published',1,'public_ro','voluptate velit esse cillum dolore eu fugiat nulla pariatur.',NULL,'{\"extra_field_1\": null, \"extra_field_2\": null, \"extra_field_3\": null, \"extra_field_4\": null, \"extra_field_5\": null, \"extra_field_6\": null, \"extra_field_7\": null, \"extra_field_8\": null, \"extra_field_9\": null, \"extra_field_10\": null}','{\"meta_og_url\": null, \"meta_og_type\": null, \"meta_og_image\": null, \"meta_og_local\": null, \"meta_og_title\": null, \"canonical_link\": null, \"meta_page_title\": null, \"structured_data\": null, \"meta_name_robots\": null, \"meta_og_description\": null, \"meta_name_description\": null}','{\"show_image\": \"1\", \"show_owner\": \"1\", \"show_excerpt\": \"1\", \"comment_alert\": \"1\", \"allow_comments\": \"1\", \"show_categories\": \"1\", \"show_created_at\": \"1\"}',NULL,NULL,1,1,'2024-01-31 07:09:13','2024-01-31 07:20:38'),(6,'Un nouveau projet éducatif','un-nouveau-projet-educatif','<p>Lorem ipsum dolor sit amet, consectetur adipiscing elit, sed do eiusmod tempor incididunt ut labore et dolore magna aliqua. Ut enim ad minim veniam, quis nostrud exercitation ullamco laboris nisi ut aliquip ex ea commodo consequat. Duis aute irure dolor in reprehenderit in voluptate velit esse cillum dolore eu fugiat nulla pariatur. Excepteur sint occaecat cupidatat non proident, sunt in culpa qui officia deserunt mollit anim id est laborum.</p>','Lorem ipsum dolor sit amet, consectetur adipiscing elit, sed do eiusmod tempor incididunt ut labore et dolore magna aliqua. Ut enim ad minim veniam, quis nostrud exercitation ullamco laboris nisi ut aliquip ex ea commodo consequat. Duis aute irure dolor in reprehenderit in voluptate velit esse cillum dolore eu fugiat nulla pariatur. Excepteur sint occaecat cupidatat non proident, sunt in culpa qui officia deserunt mollit anim id est laborum.','<p>Lorem ipsum dolor sit amet, consectetur adipiscing elit, sed do eiusmod tempor incididunt ut labore et dolore magna aliqua. Ut enim ad minim veniam, quis nostrud exercitation ullamco laboris nisi ut aliquip ex ea commodo consequat.</p>','published',1,'public_ro','voluptate velit esse cillum dolore eu fugiat nulla pariatur.',NULL,'{\"extra_field_1\": null, \"extra_field_2\": null, \"extra_field_3\": null, \"extra_field_4\": null, \"extra_field_5\": null, \"extra_field_6\": null, \"extra_field_7\": null, \"extra_field_8\": null, \"extra_field_9\": null, \"extra_field_10\": null}','{\"meta_og_url\": null, \"meta_og_type\": null, \"meta_og_image\": null, \"meta_og_local\": null, \"meta_og_title\": null, \"canonical_link\": null, \"meta_page_title\": null, \"structured_data\": null, \"meta_name_robots\": null, \"meta_og_description\": null, \"meta_name_description\": null}','{\"show_image\": \"1\", \"show_owner\": \"1\", \"show_excerpt\": \"1\", \"comment_alert\": \"1\", \"allow_comments\": \"1\", \"show_categories\": \"1\", \"show_created_at\": \"1\"}',NULL,NULL,1,NULL,'2024-01-31 07:10:29','2024-01-31 07:10:29'),(7,'De nouvelles actions','de-nouvelles-actions','<p>Lorem ipsum dolor sit amet, consectetur adipiscing elit, sed do eiusmod tempor incididunt ut labore et dolore magna aliqua. Ut enim ad minim veniam, quis nostrud exercitation ullamco laboris nisi ut aliquip ex ea commodo consequat. Duis aute irure dolor in reprehenderit in voluptate velit esse cillum dolore eu fugiat nulla pariatur. Excepteur sint occaecat cupidatat non proident, sunt in culpa qui officia deserunt mollit anim id est laborum.</p>','Lorem ipsum dolor sit amet, consectetur adipiscing elit, sed do eiusmod tempor incididunt ut labore et dolore magna aliqua. Ut enim ad minim veniam, quis nostrud exercitation ullamco laboris nisi ut aliquip ex ea commodo consequat. Duis aute irure dolor in reprehenderit in voluptate velit esse cillum dolore eu fugiat nulla pariatur. Excepteur sint occaecat cupidatat non proident, sunt in culpa qui officia deserunt mollit anim id est laborum.','<p>Lorem ipsum dolor sit amet, consectetur adipiscing elit, sed do eiusmod tempor incididunt ut labore et dolore magna aliqua. Ut enim ad minim veniam, quis nostrud exercitation ullamco laboris nisi ut aliquip ex ea commodo consequat.</p>','published',1,'public_ro','voluptate velit esse cillum dolore eu fugiat nulla pariatur.',NULL,'{\"extra_field_1\": null, \"extra_field_2\": null, \"extra_field_3\": null, \"extra_field_4\": null, \"extra_field_5\": null, \"extra_field_6\": null, \"extra_field_7\": null, \"extra_field_8\": null, \"extra_field_9\": null, \"extra_field_10\": null}','{\"meta_og_url\": null, \"meta_og_type\": null, \"meta_og_image\": null, \"meta_og_local\": null, \"meta_og_title\": null, \"canonical_link\": null, \"meta_page_title\": null, \"structured_data\": null, \"meta_name_robots\": null, \"meta_og_description\": null, \"meta_name_description\": null}','{\"show_image\": \"1\", \"show_owner\": \"1\", \"show_excerpt\": \"1\", \"comment_alert\": \"1\", \"allow_comments\": \"1\", \"show_categories\": \"1\", \"show_created_at\": \"1\"}',NULL,NULL,1,NULL,'2024-01-31 07:14:35','2024-01-31 07:14:35'),(8,'Mission et Approche','mission-et-approche',NULL,'Alors que notre planète fait face à des défis sans précédent, tels que le changement climatique, la perte de biodiversité et les inégalités sociales croissantes, il est urgent d’engager une transformation profonde de nos modèles et modes de vie, de manière universelle et équitable, alliant durabilité, justice et solidarité. Pour parvenir à un avenir désirable pour toutes les générations et tous les territoires, nous croyons en l\'importance de l\'entraide entre nations et peuples. Notre mission est donc d’éveiller les consciences, d’inspirer et soutenir l’action solidaire en adoptant l’approche suivante : Éducation et Sensibilisation Nous croyons fermement que l\'éducation et la sensibilisation des communautés sont essentielles. Nous visons ainsi à renforcer la compréhension des enjeux écologiques et sociaux, incitant ainsi chacun à agir en conscience, à travers\r\n\r\nNos Ateliers Collaboratifs pour une Transition Universelle et Solidaire : les \"ACTUS\".\r\nDes campagnes de sensibilisation en milieu scolaire et universitaire.\r\nDes campagnes de sensibilisation communautaire.\r\n Partenariats et Échanges Nous encourageons les échanges culturels et de pratiques, le partage d’expérience, et tous partenariats éducatifs entre territoires et communautés pour favoriser la compréhension mutuelle et la solidarité. Soutien aux Initiatives de Transition Citoyenne et à la mise en œuvre de solutions Les populations les plus défavorisées sont les premières impactées par les crises écologiques. Si de nombreuses initiatives citoyennes voient le jour dans les pays développés, il convient de favoriser leur émergence dans les pays les moins avancés et de les accompagner. Une « Initiative de Transition Citoyenne » :\r\n\r\nEst un processus par lequel des citoyens prennent l\'initiative de proposer ou sont amenés à proposer des idées, des projets ou des changements pour répondre aux préoccupations ou besoins de leur communauté.\r\nVise à réinventer leur territoire et leur manière de vivre, ainsi qu\'à reconsidérer le commun.\r\nEst un acte de remise en question collective, mais également individuelle.\r\n ',NULL,'published',2,'public_ro',NULL,'initea-layout','{\"extra_field_1\": null, \"extra_field_2\": null, \"extra_field_3\": null, \"extra_field_4\": null, \"extra_field_5\": null, \"extra_field_6\": null, \"extra_field_7\": null, \"extra_field_8\": null, \"extra_field_9\": null, \"extra_field_10\": null}','{\"meta_og_url\": null, \"meta_og_type\": null, \"meta_og_image\": null, \"meta_og_local\": null, \"meta_og_title\": null, \"canonical_link\": null, \"meta_page_title\": null, \"structured_data\": null, \"meta_name_robots\": null, \"meta_og_description\": null, \"meta_name_description\": null}','{\"show_image\": \"1\", \"show_owner\": \"1\", \"show_excerpt\": \"1\", \"comment_alert\": \"1\", \"allow_comments\": \"global_setting\", \"show_categories\": \"global_setting\", \"show_created_at\": \"1\"}',NULL,NULL,1,1,'2024-09-26 07:44:49','2024-10-02 05:42:54'),(9,'Dans notre ADN','dans-notre-adn',NULL,'La Solidarité Universelle Le concept de \"solidarité universelle\" décrit un engagement collectif à l\'échelle mondiale en faveur du bien-être de l\'humanité et de la protection de la planète. Il englobe l\'idée que les défis auxquels nous faisons face, tels que le changement climatique, la pauvreté, les inégalités et les crises humanitaires, nécessitent une action coordonnée et un soutien mutuel entre les pays et les peuples. Elle implique plusieurs aspects :\r\n\r\nInterconnexion : Les actions d\'un pays, d’un territoire, d’une communauté, peuvent avoir des répercussions environnementales et sociales sur d\'autres, ce qui nécessite d’adopter une approche collaborative afin de résoudre des problèmes communs.\r\nResponsabilité partagée : L’ensemble de l’humanité a une responsabilité dans la lutte contre les défis mondiaux, en alignant ses efforts sur les Objectifs de Développement Durable des Nations Unies. Cela inclut la réduction des émissions de gaz à effet de serre (ODD 13), la protection et la restauration de la biodiversité (ODD 15), l\'élimination de la faim (ODD 2), la lutte contre la pauvreté (ODD 1), la promotion des droits de l\'homme (ODD 16) et le soutien au développement durable dans toutes ses dimensions.\r\nPartenariats : La solidarité universelle implique la création de partenariats entre pays, organisations de la société civiles, collectivités territoriales, entreprises et citoyens pour mettre en œuvre des solutions durables et inclusives. Cet aspect primordial répond à l’ODD 17 des Nations Unis « Renforcer les partenariats mondiaux pour le développement durable » notamment dans ses dimensions de mobilisation des ressources financières, de transfert de technologie et de renforcement des capacités.\r\nÉquité : La solidarité universelle implique également un engagement à garantir que les pays et les communautés les plus vulnérables reçoivent le soutien nécessaire pour faire face aux défis mondiaux, en tenant compte des inégalités existantes. En somme, la solidarité universelle est un concept qui souligne l\'importance de l\'unité et de la coopération internationale pour relever les défis communs et construire un avenir durable et équitable pour tous.\r\n La sobriété heureuse Une sobriété heureuse est une sobriété non subie et non punitive. Il s’agit de se tourner vers un mode de vie moins consumériste, qui met l\'accent sur le bien-être, les relations humaines, l’épanouissement personnel et collectif. Nous prônons ainsi une consommation responsable et consciente, en :\r\n\r\nValorisant les ressources locales\r\nFavorisant la transmission des savoir-faire locaux et ancestraux\r\nPromouvant des modèles d\'économie circulaire\r\nOptimisant l\'utilisation des ressources par le partage ou la mutualisation Contribuant ainsi, à réduire l’empreinte écologique tout en soutenant l\'économie locale.\r\n L’innovation Sociale Nous soutenons le développement de nouvelles idées, pratiques ou solutions qui répondent aux défis environnementaux et sociaux, et qui cherchent à améliorer le bien-être des individus et des communautés. L\'accent est ainsi mis sur :\r\n\r\nLa satisfaction des besoins humains\r\nLa cohésion et la justice sociale\r\nLa participation.\r\n\r\nEn favorisant des valeurs de coopération, de solidarité et de responsabilité, l’Économie Sociale et Solidaire, offre un cadre propice à l’expérimentation et à l’innovation. La collaboration multi-acteurs au niveau local et international Nous mettons un accent particulier sur la collaboration multi-acteurs -organisations de la société civile, collectivités territoriales, entreprises, … - tant au niveau national et international, afin de garantir un soutien structurel et financier. Cette approche vise notamment à :\r\n\r\nCréer des synergies efficaces et durables\r\nMobiliser les ressources et expertises nécessaires\r\nPartager les meilleures pratiques et solutions\r\n ',NULL,'published',2,'public_ro',NULL,'initea-layout','{\"extra_field_1\": null, \"extra_field_2\": null, \"extra_field_3\": null, \"extra_field_4\": null, \"extra_field_5\": null, \"extra_field_6\": null, \"extra_field_7\": null, \"extra_field_8\": null, \"extra_field_9\": null, \"extra_field_10\": null}','{\"meta_og_url\": null, \"meta_og_type\": null, \"meta_og_image\": null, \"meta_og_local\": null, \"meta_og_title\": null, \"canonical_link\": null, \"meta_page_title\": null, \"structured_data\": null, \"meta_name_robots\": null, \"meta_og_description\": null, \"meta_name_description\": null}','{\"show_image\": \"1\", \"show_owner\": \"1\", \"show_excerpt\": \"1\", \"comment_alert\": \"1\", \"allow_comments\": \"global_setting\", \"show_categories\": \"global_setting\", \"show_created_at\": \"1\"}',NULL,NULL,1,1,'2024-09-26 12:05:14','2024-10-02 05:43:03'),(10,'Les ACTUS','les-actus',NULL,'Les Actus, qu’est-ce que c’est ? Les ACTUS - Ateliers Collaboratifs pour une Transition Universelle et Solidaire - visent à sensibiliser les participants aux interconnexions entre les enjeux environnementaux, sociaux, territoriaux et communautaires de la transition.\r\nSe référant à la théorie du Donut développée par l’économiste britannique Kate Raworth, l\'objectif est de trouver un équilibre entre les besoins humains et les limites planétaires. À l’issue d’un atelier, les participants sont à même de retenir des stratégies concrètes à mettre en œuvre dans leurs actions quotidiennes. L’universalité et la Solidarité Internationale pour relever des défis globaux L\'universalité et la solidarité internationale y sont essentielles, car elles permettent de reconnaître que les défis globaux, tels que le changement climatique, la perte de biodiversité, les inégalités sociales et les crises humanitaires, transcendent les frontières et nécessitent une action collective et solidaire. Une approche systémique et dynamique Les ACTUS incluent des présentations sur les concepts clés, des discussions en petits groupes et des activités interactives. À travers une approche systémique, ils permettent d\'identifier des solutions intégrées, comme en matière d’agroécologie, de reforestation, de biodiversité urbaine ou encore de recyclage, qui renforcent la résilience des communautés et des écosystèmes. Cela aide les participants à visualiser comment les concepts abordés peuvent être appliqués dans leur propre contexte, tout en garantissant des conditions de vie dignes et harmonieuses pour les générations futures. Un processus de suivi/évaluation et de capitalisation pour un engagement durable Un suivi/évaluation mesure impact des ateliers sur l’activité à 6 mois des groupes et organismes qui les ont suivis et encourage un engagement durable, notamment dans le cadre des Initiative de Transition que nous appuyons. Ces évaluations incluent des indicateurs de succès, des retours d\'expérience et des études de cas démontrant la mise en œuvre des stratégies discutées. De plus, un processus de capitalisation recueille, analyse et valorise les enseignements tirés des ateliers, afin d\'enrichir les pratiques futures. Des opportunités de suivi post-atelier, telles que notre plateforme d\'échange de solutions et de bonnes pratiques et des groupes de travail y participent et permettent de maintenir et renforcer l\'engagement des participants sur le long terme. A qui nous adressons-nous ? Les ACTUS s’adressent à des groupes structurés. Leur durée est d’une journée (6 heures). Elle peut cependant être adaptée en fonctions des objectifs spécifiques poursuivis. De même, tel aspect environnemental ou social peut-être mis en avant. Acteurs de la Solidarité Internationale Ils sont nos cibles prioritaires. Outre ONG, associations, fondations et collectivités territoriales, des entreprises et des collectifs citoyens peuvent être concernées. A ces acteurs spécifiques, les ACTUS offrent plusieurs avantages clés. Ils permettent de renforcer la compréhension des interconnexions entre les enjeux environnementaux, sociaux, et territoriaux, essentiels pour aborder les problèmes complexes auxquels ils sont confrontés. En s\'appuyant sur la théorie du Donut, les ateliers fournissent un cadre conceptuel reconnu et solide et les aident à élaborer des stratégies concrètes applicables à leurs projets.\r\nLes ACTUS favorisent également la collaboration entre différents acteurs, renforçant les réseaux nécessaires pour relever les défis globaux. Enfin, le suivi et l\'évaluation des ateliers assurent un impact mesurable et soutiennent l\'engagement à long terme, permettant une amélioration continue des pratiques de solidarité internationale. Défenseurs de l’Environnement Par son approche systémique, les ACTUS aident les défenseurs de l’environnement à mieux cerner les liens entre enjeux environnementaux, sociaux et économiques et encouragent la création de solutions locales intégrées améliorant l\'impact social. En promouvant la solidarité internationale et la collaboration - essentielles pour répondre aux défis planétaires comme la perte de biodiversité - les ACTUS renforcent l\'efficacité globale des initiatives environnementales, avec un suivi et une évaluation pour un impact durable. Acteurs de l’Économie Sociale et Solidaire et autres Organisations de la Société Civile Aux acteurs de l\'ESS, les ACTUS apportent une meilleure compréhension des liens entre enjeux socio-économiques et environnementaux, renforçant leur capacité à intégrer des pratiques durables et à élaborer des stratégies innovantes. En mettant l\'accent sur l\'inclusion et la justice sociale, ces ateliers permettent d\'améliorer l\'impact social et de répondre aux besoins des communautés sous-représentées.\r\nDe plus, les ACTUS encouragent la collaboration et la solidarité internationale, facilitant la création de réseaux et de partenariats solides. Le suivi et l\'évaluation garantissent un impact durable et un engagement à long terme, soutenant l\'adaptation continue aux enjeux globaux. Les Collectifs Citoyens Les ACTUS Citoyens éveillent les consciences en sensibilisant aux enjeux sociaux et environnementaux ainsi qu\'à leurs interconnexions. En renforçant le lien d\'appartenance à un territoire et à une communauté, ils encouragent la solidarité, la collaboration et l\'engagement civique des participants qui se rassemblent souvent autour d\'intérêts, de préoccupations ou de valeurs communes. Ils cherchent à réinventer leur territoire, à promouvoir le changement social et à répondre aux défis environnementaux. Les Entreprises Les ACTUS s\'intègrent parfaitement dans la démarche de Responsabilité Sociétale des Entreprises (RSE). Ils encouragent l\'engagement, l\'innovation et la collaboration des employés en faveur de l\'intégration de pratiques durables au sein de l\'entreprise, tout en les aidant à se conformer aux normes réglementaires en matière de durabilité. Ces ateliers permettent également aux entreprises de s\'ouvrir sur l\'extérieur et de faciliter l\'engagement citoyen de leurs salariés. Cela renforce leur motivation et leur satisfaction au travail, contribuant ainsi à la fidélisation des talents. INITEA offre aux entreprises et à leurs salariés l\'opportunité de s\'impliquer dans des projets de mécénat alignés avec leur mission et leurs orientations.\r\nEn adoptant cette approche proactive, les entreprises améliorent leur image de marque et contribuent activement à des changements positifs dans la société et l\'environnement, répondant ainsi aux attentes croissantes des consommateurs en matière de responsabilité sociale. Les Étudiants L\'engagement des étudiants en faveur d’une Transition Universelle et Solidaire est essentielle. Par son approche systémique et la présentation interactive des enjeux auxquels l’humanité est confrontée, les ACTUS facilitent cet engagement, que ce soit au travers des associations étudiantes ou des établissements en lien avec leur démarche de Responsabilité Sociétale des Universités (RSU), préparant ainsi les étudiants à devenir des citoyens engagés et responsables.\r\nLes ACTUS peuvent également s’intégrer pleinement dans la pédagogie de projet, permettant aux étudiants de mettre en pratique leurs connaissances théoriques et d’éprouver leur savoir-être en adéquation avec les enjeux de la transition. INITEA leur offre l’opportunité de s’impliquer dans des projets de Solidarité Internationale. Les décideurs et futurs décideurs territoriaux Pour les élus et agents des collectivités, agents de l’État, équipes municipales et candidats à de futures élections, les ACTUS peuvent être de formidables outils prospectifs contribuant à comprendre, anticiper et analyser les évolutions futures des territoires. En appréhendant les risques et opportunités sous un angle systémique, les ACTUS prennent en compte à la fois les aspects environnementaux et sociaux. Ils permettent d’échafauder divers scénarios et aident à la prise de décisions éclairées en faveur de la transition du territoire et de ses habitants.\r\nParmi tous les autres domaines abordés, celui de la Coopération Décentralisée, qui va de pair avec l’Éducation à la Citoyenneté et à la Solidarité Internationale (ECSI), est particulièrement pertinent. Nous affirmons en effet l’universalité de la transition - écologique et sociale - qui ne se réalisera pas sans le rapprochement des peuples et des territoires, ainsi que la solidarité internationale. ',NULL,'published',6,'public_ro',NULL,'initea-layout','{\"extra_field_1\": null, \"extra_field_2\": null, \"extra_field_3\": null, \"extra_field_4\": null, \"extra_field_5\": null, \"extra_field_6\": null, \"extra_field_7\": null, \"extra_field_8\": null, \"extra_field_9\": null, \"extra_field_10\": null}','{\"meta_og_url\": null, \"meta_og_type\": null, \"meta_og_image\": null, \"meta_og_local\": null, \"meta_og_title\": null, \"canonical_link\": null, \"meta_page_title\": null, \"structured_data\": null, \"meta_name_robots\": null, \"meta_og_description\": null, \"meta_name_description\": null}','{\"show_image\": \"1\", \"show_owner\": \"1\", \"show_excerpt\": \"1\", \"comment_alert\": \"1\", \"allow_comments\": \"0\", \"show_categories\": \"0\", \"show_created_at\": \"1\"}',NULL,NULL,1,1,'2024-10-05 06:02:39','2024-10-05 07:27:13'),(11,'Les Afric’ACTUS','les-africactus',NULL,'Sensibiliser les acteurs clés de la SI et de la Société Civile en Afrique Francophone pour faire émerger et accompagner des Initiative de Transition Citoyenne :\r\nLes Afric’Actus (ACTUS pour Ateliers Collaboratifs pour une Transition Universelle et Solidaire) sont des webinaires destinés aux ONG locales et internationales, aux organisations communautaires de base (groupements féminins, associations de jeunes, comités de gestion des ressources locales, etc.), aux entreprises sociales et aux organisations professionnelles opérant principalement en Afrique francophone.\r\nFavorisant l’échange et la réflexion, ces webinaires inclus des jeux de questions-réponses, des sondages et des partages d’expériences. Ils ont pour objectif de sensibiliser les participants aux interconnexions entre les enjeux environnementaux, sociaux, territoriaux et communautaires, et d\'encourager une prise de conscience profonde, ainsi que des actions concrètes en faveur de la transition économique et sociale.\r\nSur un continent où l’urgence du développement entre en conflit avec les enjeux de durabilité, et où la gestion des ressources naturelles est cruciale pour préserver un héritage indispensable à la survie de l’humanité, il est essentiel de prendre en compte des facteurs spécifiques à l’Afrique, tels que la mauvaise gouvernance, l’instabilité chronique, l’extrême pauvreté, ainsi que la démographie et l’urbanisation galopantes.\r\nBien que ces défis ajoutent de la complexité aux efforts pour instaurer des alternatives durables en faveur de la transition, ils contrastent avec les nombreux atouts du continent, tels que sa jeunesse, son dynamisme et son potentiel d’innovation, sur lesquels il est indispensable de capitaliser.\r\nCe webinaire peut également être adapté pour des rencontres en présentiel ',NULL,'published',6,'public_ro',NULL,'initea-layout','{\"extra_field_1\": null, \"extra_field_2\": null, \"extra_field_3\": null, \"extra_field_4\": null, \"extra_field_5\": null, \"extra_field_6\": null, \"extra_field_7\": null, \"extra_field_8\": null, \"extra_field_9\": null, \"extra_field_10\": null}','{\"meta_og_url\": null, \"meta_og_type\": null, \"meta_og_image\": null, \"meta_og_local\": null, \"meta_og_title\": null, \"canonical_link\": null, \"meta_page_title\": null, \"structured_data\": null, \"meta_name_robots\": null, \"meta_og_description\": null, \"meta_name_description\": null}','{\"show_image\": \"1\", \"show_owner\": \"1\", \"show_excerpt\": \"1\", \"comment_alert\": \"1\", \"allow_comments\": \"0\", \"show_categories\": \"0\", \"show_created_at\": \"1\"}',NULL,NULL,1,1,'2024-10-05 07:30:22','2024-10-05 07:32:28'),(12,'Autres ateliers et fresques','autres-ateliers-et-fresques',NULL,'ACTUS \"Introduction aux Initiatives de Transition en Solidarité Internationale\" Pour un acteur de la Solidarité Internationale, accompagner une Initiative de Transition consiste à s\'engager durablement sur un territoire ou auprès d’une communauté, dans une démarche à long terme mobilisant une pluralité d\'acteurs. Cela nécessite d\'adopter une vision systémique et intégrée du territoire, de promouvoir la coopération, de partager compétences et expertises, d\'expérimenter – et ainsi apprendre – puis de documenter ces apprentissages afin de les partager.\r\nCet atelier met en lumière ces différents aspects, qui peuvent parfois remettre en question les pratiques établies, mais qui se révèlent enrichissants et essentiels pour mener à bien la Transition.\r\nS\'inscrivant dans la série des ACTUS (Ateliers Collaboratifs pour une Transition Universelle et Solidaire), cet atelier explore les défis et les opportunités qu’offre l’accompagnement des Initiatives de Transition pour les acteurs de la solidarité internationale. Il présente des pistes méthodologiques à suivre et clarifie le rôle que peut jouer INITEA dans cet accompagnement.\r\nLes participants seront informés des quatre étapes principales identifiées par INITEA dans le cadre des Initiatives de Transition :\r\n\r\nÉmergence : Mobiliser un groupe « Initiateurs » autour d’objectifs communs, ces derniers devenant les garants de l’Initiative.\r\nLancement : Approfondir la connaissance du territoire via une approche systémique et sensibiliser/mobiliser la communauté.\r\nConcrétisation : Structurer l’Initiative à la fois en interne et avec les partenaires, et lancer les premières activités.\r\nDéveloppement : Mettre en œuvre les solutions retenues, tout en instaurant un processus continu d’apprentissage et de partage. Ces étapes seront illustrées par des exemples concrets, facilitant la compréhension de leur application pratique.\r\n La Fresque de la Renaissance Ecologique Nous privilégions des outils qui, à l’instar des ACTUS que nous développons, adoptent une approche systémique, nous projettent dans l’action et génèrent de l\'enthousiasme. Cette approche invite les participants à réfléchir et à travailler sur des solutions concrètes et locales en tenant compte de différents horizons temporels. Cela permet d\'adapter les solutions aux besoins urgents tout en planifiant pour une vision durable, et en prenant compte des multiples interactions et ramifications.\r\nC’est dans cette optique que nous pouvons nous appuyer sur la Fresque de la Renaissance Écologique.\r\nCet outil pédagogique et collaboratif s’inspire de l’allégorie médiévale des Effets du Bon Gouvernement peinte par Ambrogio Lorenzetti à Sienne en 1338. Dans sa version contemporaine, Julien Dossier, son concepteur, la décline en 24 chantiers qui symbolisent les composantes sociales et environnementales indispensables pour imaginer un territoire durable et résilient ayant réussi sa transition. ',NULL,'published',6,'public_ro',NULL,'initea-layout','{\"extra_field_1\": null, \"extra_field_2\": null, \"extra_field_3\": null, \"extra_field_4\": null, \"extra_field_5\": null, \"extra_field_6\": null, \"extra_field_7\": null, \"extra_field_8\": null, \"extra_field_9\": null, \"extra_field_10\": null}','{\"meta_og_url\": null, \"meta_og_type\": null, \"meta_og_image\": null, \"meta_og_local\": null, \"meta_og_title\": null, \"canonical_link\": null, \"meta_page_title\": null, \"structured_data\": null, \"meta_name_robots\": null, \"meta_og_description\": null, \"meta_name_description\": null}','{\"show_image\": \"1\", \"show_owner\": \"1\", \"show_excerpt\": \"1\", \"comment_alert\": \"1\", \"allow_comments\": \"0\", \"show_categories\": \"0\", \"show_created_at\": \"1\"}',NULL,NULL,1,1,'2024-10-05 07:41:29','2024-10-05 07:47:59'),(13,'Initiatives de Transition Citoyennes','initiatives-de-transition-citoyennes',NULL,'Une Initiative de Transition Citoyenne, qu’est-ce que c’est ? Une « Initiative de Transition citoyenne » est un projet collectif qui vise à mobiliser les citoyens autour de solutions durables et innovantes pour répondre aux enjeux environnementaux et sociaux de leur communauté.\r\nPlus précisément, une Initiative de Transition Citoyenne est un processus par lequel des citoyens éclairés prennent l\'initiative de proposer, ou sont amenés à proposer, des idées, des projets ou des changements, que nous appelons « solutions », pour répondre aux préoccupations ou besoins de leur communauté. Elle vise à réinventer leur territoire et leur manière d’y vivre, à reconsidérer le commun.\r\nSi la mise en œuvre d’une Initiative de Transition et de ses solutions est basée sur les ressources disponibles localement : savoirs, expériences, culture, … elle doit intégrer des connaissances et pratiques extérieures en termes d’expertise, de méthodologie, d’outils, de réseaux, de recherche de financements, d’échanges de pratiques, …. Les acteurs de la Solidarité Internationale, ont donc ici, un rôle important à jouer. Ingénierie de projet, recherche de financements, partenariats et mise en réseau L’accompagnement d’INITEA, par ses compétences réunies en interne ou en faisant appel à son réseau, peut intervenir dans les différentes phases de l’Initiative de Transition présentées dans le schéma suivant : Nous y incluons la recherche de financements et de partenaires techniques ou de mise en œuvre, locaux, nationaux ou internationaux.\r\nNotre atelier « Introduction aux Initiative de Transition en Solidarité Internationale »  présente plus en détail cette approche méthodologique et le rôle que peut jouer INITEA dans son accompagnement. ',NULL,'published',7,'public_ro',NULL,'initea-layout','{\"extra_field_1\": null, \"extra_field_2\": null, \"extra_field_3\": null, \"extra_field_4\": null, \"extra_field_5\": null, \"extra_field_6\": null, \"extra_field_7\": null, \"extra_field_8\": null, \"extra_field_9\": null, \"extra_field_10\": null}','{\"meta_og_url\": null, \"meta_og_type\": null, \"meta_og_image\": null, \"meta_og_local\": null, \"meta_og_title\": null, \"canonical_link\": null, \"meta_page_title\": null, \"structured_data\": null, \"meta_name_robots\": null, \"meta_og_description\": null, \"meta_name_description\": null}','{\"show_image\": \"1\", \"show_owner\": \"1\", \"show_excerpt\": \"1\", \"comment_alert\": \"1\", \"allow_comments\": \"0\", \"show_categories\": \"0\", \"show_created_at\": \"1\"}',NULL,NULL,1,1,'2024-10-06 05:31:49','2024-10-06 05:37:59'),(14,'Renforcement des capacités','renforcement-des-capacites',NULL,'',NULL,'published',7,'public_ro',NULL,'initea-layout','{\"extra_field_1\": null, \"extra_field_2\": null, \"extra_field_3\": null, \"extra_field_4\": null, \"extra_field_5\": null, \"extra_field_6\": null, \"extra_field_7\": null, \"extra_field_8\": null, \"extra_field_9\": null, \"extra_field_10\": null}','{\"meta_og_url\": null, \"meta_og_type\": null, \"meta_og_image\": null, \"meta_og_local\": null, \"meta_og_title\": null, \"canonical_link\": null, \"meta_page_title\": null, \"structured_data\": null, \"meta_name_robots\": null, \"meta_og_description\": null, \"meta_name_description\": null}','{\"show_image\": \"1\", \"show_owner\": \"1\", \"show_excerpt\": \"1\", \"comment_alert\": \"1\", \"allow_comments\": \"0\", \"show_categories\": \"0\", \"show_created_at\": \"1\"}',NULL,NULL,1,NULL,'2024-10-06 05:44:45','2024-10-06 05:44:46');

--
-- Table structure for table `role_has_permissions`
--

CREATE TABLE `role_has_permissions` (
  `permission_id` bigint unsigned NOT NULL,
  `role_id` bigint unsigned NOT NULL,
  PRIMARY KEY (`permission_id`,`role_id`),
  KEY `role_has_permissions_role_id_foreign` (`role_id`),
  CONSTRAINT `role_has_permissions_permission_id_foreign` FOREIGN KEY (`permission_id`) REFERENCES `permissions` (`id`) ON DELETE CASCADE,
  CONSTRAINT `role_has_permissions_role_id_foreign` FOREIGN KEY (`role_id`) REFERENCES `roles` (`id`) ON DELETE CASCADE
) ENGINE=InnoDB DEFAULT CHARSET=utf8mb4 COLLATE=utf8mb4_unicode_ci;

--
-- Dumping data for table `role_has_permissions`
--

INSERT INTO `role_has_permissions` VALUES (1,2),(2,2),(3,2),(4,2),(5,2),(6,2),(7,2),(8,2),(9,2),(10,2),(11,2),(12,2),(13,2),(14,2),(15,2),(16,2),(17,2),(18,2),(22,2),(1,3),(2,3),(3,3),(4,3),(5,3),(6,3),(13,3),(14,3),(15,3),(22,3),(13,4),(14,4),(15,4),(22,4),(13,5),(14,5),(15,5);

--
-- Table structure for table `roles`
--

CREATE TABLE `roles` (
  `id` bigint unsigned NOT NULL AUTO_INCREMENT,
  `name` varchar(255) COLLATE utf8mb4_unicode_ci NOT NULL,
  `guard_name` varchar(255) COLLATE utf8mb4_unicode_ci NOT NULL,
  `access_level` char(10) COLLATE utf8mb4_unicode_ci DEFAULT NULL,
  `role_level` tinyint DEFAULT NULL,
  `role_type` char(11) COLLATE utf8mb4_unicode_ci DEFAULT NULL,
  `checked_out` bigint unsigned DEFAULT NULL,
  `checked_out_time` timestamp NULL DEFAULT NULL,
  `owned_by` bigint unsigned NOT NULL,
  `updated_by` bigint unsigned DEFAULT NULL,
  `created_at` timestamp NULL DEFAULT NULL,
  `updated_at` timestamp NULL DEFAULT NULL,
  PRIMARY KEY (`id`),
  UNIQUE KEY `roles_name_guard_name_unique` (`name`,`guard_name`)
) ENGINE=InnoDB AUTO_INCREMENT=6 DEFAULT CHARSET=utf8mb4 COLLATE=utf8mb4_unicode_ci;

--
-- Dumping data for table `roles`
--

INSERT INTO `roles` VALUES (1,'super-admin','web','public_ro',5,'super-admin',NULL,NULL,1,NULL,'2024-01-30 06:11:08','2024-01-30 06:11:08'),(2,'admin','web','public_ro',4,'admin',NULL,NULL,1,NULL,'2024-01-30 06:11:08','2024-01-30 06:11:08'),(3,'manager','web','public_ro',3,'manager',NULL,NULL,1,NULL,'2024-01-30 06:11:08','2024-01-30 06:11:08'),(4,'assistant','web','public_ro',2,'assistant',NULL,NULL,1,NULL,'2024-01-30 06:11:08','2024-01-30 06:11:08'),(5,'registered','web','public_ro',1,'registered',NULL,NULL,1,NULL,'2024-01-30 06:11:08','2024-01-30 06:11:08');


